{"id":974,"date":"2025-03-26T16:45:54","date_gmt":"2025-03-26T16:45:54","guid":{"rendered":"https:\/\/grupobraco.com.br\/conteudo\/vergalhao-direto-da-fabrica-em-itumbiara-a-escolha-certa-para-sua-obra\/"},"modified":"2025-03-26T16:45:54","modified_gmt":"2025-03-26T16:45:54","slug":"vergalhao-direto-da-fabrica-em-itumbiara-a-escolha-certa-para-sua-obra","status":"publish","type":"page","link":"https:\/\/grupobraco.com.br\/conteudo\/vergalhao-direto-da-fabrica-em-itumbiara-a-escolha-certa-para-sua-obra\/","title":{"rendered":"Vergalh\u00e3o Direto da F\u00e1brica em Itumbiara: A Escolha Certa para Sua Obra"},"content":{"rendered":"<p>Quando se trata de constru\u00e7\u00e3o civil, a escolha do material certo \u00e9 fundamental para garantir a qualidade e a seguran\u00e7a das estruturas. Se voc\u00ea est\u00e1 em busca de vergalh\u00e3o direto da f\u00e1brica em Itumbiara, a BR A\u00e7o \u00e9 a sua melhor op\u00e7\u00e3o. Oferecemos produtos fabricados com o mais alto padr\u00e3o de qualidade, assegurando que cada vergalh\u00e3o atenda \u00e0s normas t\u00e9cnicas e possui a resist\u00eancia necess\u00e1ria para suportar as exig\u00eancias do seu projeto. Nossa linha de vergalh\u00f5es \u00e9 ideal para obras de todos os portes, desde pequenas constru\u00e7\u00f5es residenciais at\u00e9 grandes edifica\u00e7\u00f5es comerciais. Com um estoque sempre dispon\u00edvel e uma equipe capacitada para atender suas necessidades, garantimos a entrega r\u00e1pida e eficiente. O vergalh\u00e3o direto da f\u00e1brica em Itumbiara n\u00e3o s\u00f3 assegura a qualidade dos materiais mas tamb\u00e9m proporciona economia, j\u00e1 que eliminamos intermedi\u00e1rios. Escolha a BR A\u00e7o e fa\u00e7a parte do nosso compromisso em oferecer sempre o melhor para a constru\u00e7\u00e3o civil.<\/p>\n","protected":false},"excerpt":{"rendered":"<p>Quando se trata de constru\u00e7\u00e3o civil, a escolha do material certo \u00e9 fundamental para garantir a qualidade e a seguran\u00e7a das estruturas. Se voc\u00ea est\u00e1 em busca de vergalh\u00e3o direto da f\u00e1brica em Itumbiara, a BR A\u00e7o \u00e9 a sua melhor op\u00e7\u00e3o. Oferecemos produtos fabricados com o mais alto padr\u00e3o de qualidade, assegurando que cada&hellip;&nbsp;<a href=\"https:\/\/grupobraco.com.br\/conteudo\/vergalhao-direto-da-fabrica-em-itumbiara-a-escolha-certa-para-sua-obra\/\" class=\"\" rel=\"bookmark\">Continue a ler &raquo;<span class=\"screen-reader-text\">Vergalh\u00e3o Direto da F\u00e1brica em Itumbiara: A Escolha Certa para Sua Obra<\/span><\/a><\/p>\n","protected":false},"author":3,"featured_media":0,"parent":0,"menu_order":0,"comment_status":"closed","ping_status":"closed","template":"","meta":{"_acf_changed":false,"_yoast_wpseo_focuskw":"vergalh\u00e3o direto da f\u00e1brica em Itumbiara","_yoast_wpseo_title":"Vergalh\u00e3o Direto da F\u00e1brica em Itumbiara: Qualidade e Efici\u00eancia com a BR A\u00e7o","_yoast_wpseo_metadesc":"Encontre os melhores vergalh\u00f5es direto da f\u00e1brica em Itumbiara com a BR A\u00e7o. Qualidade, entrega r\u00e1pida e servi\u00e7os especializados para sua obra.","neve_meta_sidebar":"","neve_meta_container":"","neve_meta_enable_content_width":"","neve_meta_content_width":0,"neve_meta_title_alignment":"","neve_meta_author_avatar":"","neve_post_elements_order":"","neve_meta_disable_header":"","neve_meta_disable_footer":"","neve_meta_disable_title":"","footnotes":""},"class_list":["post-974","page","type-page","status-publish","hentry"],"acf":{"introducao":"","conceitos_fundamentais":"","como_funciona":"","como_aplicar_no_dia_a_dia":"","principais_utilizacoes_e_beneficios":"","tipos_e_classificacoes":"","tecnologias_e_ferramentas_relacionadas":"","exemplos_e_casos_de_sucesso":"","mitos_e_verdades":"","perguntas_frequentes_faq":"","erros_comuns_e_como_evita-los":"","futuro_e_tendencias":"","conclusao":"","bloco1title":"Qualidade Superior","bloco1text":"Nosso vergalh\u00e3o direto da f\u00e1brica em Itumbiara \u00e9 produzido com a mais alta tecnologia, garantindo resist\u00eancia e durabilidade para sua obra.","bloco2title":"Entrega R\u00e1pida","bloco2text":"Com a BR A\u00e7o, voc\u00ea recebe o vergalh\u00e3o direto da f\u00e1brica em Itumbiara de forma r\u00e1pida e segura, sem atrasos.","bloco3title":"Corte e Dobra","bloco3text":"Oferecemos servi\u00e7os de corte e dobra do vergalh\u00e3o direto da f\u00e1brica em Itumbiara, permitindo solu\u00e7\u00f5es sob medida para sua constru\u00e7\u00e3o.","insightwidtitle":"Curiosidades sobre Vergalh\u00e3o","insightwidcontent":"Voc\u00ea sabia que a utiliza\u00e7\u00e3o de vergalh\u00f5es de a\u00e7o pode aumentar significativamente a resist\u00eancia de estruturas? Al\u00e9m disso, o vergalh\u00e3o deve ser escolhido de acordo com as especifica\u00e7\u00f5es do projeto, garantindo a m\u00e1xima efici\u00eancia e seguran\u00e7a na constru\u00e7\u00e3o. Na constru\u00e7\u00e3o civil, o uso de vergalh\u00e3o direto da f\u00e1brica em Itumbiara \u00e9 essencial para garantir a qualidade e a durabilidade das edifica\u00e7\u00f5es, salvaguardando a seguran\u00e7a de todos os usu\u00e1rios finais."},"yoast_head":"<!-- This site is optimized with the Yoast SEO plugin v23.4 - https:\/\/yoast.com\/wordpress\/plugins\/seo\/ -->\n<title>Vergalh\u00e3o Direto da F\u00e1brica em Itumbiara: Qualidade e Efici\u00eancia com a BR A\u00e7o<\/title>\n<meta name=\"description\" content=\"Encontre os melhores vergalh\u00f5es direto da f\u00e1brica em Itumbiara com a BR A\u00e7o. Qualidade, entrega r\u00e1pida e servi\u00e7os especializados para sua obra.\" \/>\n<meta name=\"robots\" content=\"index, follow, max-snippet:-1, max-image-preview:large, max-video-preview:-1\" \/>\n<link rel=\"canonical\" href=\"https:\/\/grupobraco.com.br\/conteudo\/vergalhao-direto-da-fabrica-em-itumbiara-a-escolha-certa-para-sua-obra\/\" \/>\n<meta property=\"og:locale\" content=\"pt_BR\" \/>\n<meta property=\"og:type\" content=\"article\" \/>\n<meta property=\"og:title\" content=\"Vergalh\u00e3o Direto da F\u00e1brica em Itumbiara: Qualidade e Efici\u00eancia com a BR A\u00e7o\" \/>\n<meta property=\"og:description\" content=\"Encontre os melhores vergalh\u00f5es direto da f\u00e1brica em Itumbiara com a BR A\u00e7o. Qualidade, entrega r\u00e1pida e servi\u00e7os especializados para sua obra.\" \/>\n<meta property=\"og:url\" content=\"https:\/\/grupobraco.com.br\/conteudo\/vergalhao-direto-da-fabrica-em-itumbiara-a-escolha-certa-para-sua-obra\/\" \/>\n<meta property=\"og:site_name\" content=\"Br A\u00e7o\" \/>\n<meta name=\"twitter:card\" content=\"summary_large_image\" \/>\n<meta name=\"twitter:label1\" content=\"Est. tempo de leitura\" \/>\n\t<meta name=\"twitter:data1\" content=\"1 minuto\" \/>\n<script type=\"application\/ld+json\" class=\"yoast-schema-graph\">{\"@context\":\"https:\/\/schema.org\",\"@graph\":[{\"@type\":\"WebPage\",\"@id\":\"https:\/\/grupobraco.com.br\/conteudo\/vergalhao-direto-da-fabrica-em-itumbiara-a-escolha-certa-para-sua-obra\/\",\"url\":\"https:\/\/grupobraco.com.br\/conteudo\/vergalhao-direto-da-fabrica-em-itumbiara-a-escolha-certa-para-sua-obra\/\",\"name\":\"Vergalh\u00e3o Direto da F\u00e1brica em Itumbiara: Qualidade e Efici\u00eancia com a BR A\u00e7o\",\"isPartOf\":{\"@id\":\"https:\/\/grupobraco.com.br\/conteudo\/#website\"},\"datePublished\":\"2025-03-26T16:45:54+00:00\",\"dateModified\":\"2025-03-26T16:45:54+00:00\",\"description\":\"Encontre os melhores vergalh\u00f5es direto da f\u00e1brica em Itumbiara com a BR A\u00e7o. Qualidade, entrega r\u00e1pida e servi\u00e7os especializados para sua obra.\",\"breadcrumb\":{\"@id\":\"https:\/\/grupobraco.com.br\/conteudo\/vergalhao-direto-da-fabrica-em-itumbiara-a-escolha-certa-para-sua-obra\/#breadcrumb\"},\"inLanguage\":\"pt-BR\",\"potentialAction\":[{\"@type\":\"ReadAction\",\"target\":[\"https:\/\/grupobraco.com.br\/conteudo\/vergalhao-direto-da-fabrica-em-itumbiara-a-escolha-certa-para-sua-obra\/\"]}]},{\"@type\":\"BreadcrumbList\",\"@id\":\"https:\/\/grupobraco.com.br\/conteudo\/vergalhao-direto-da-fabrica-em-itumbiara-a-escolha-certa-para-sua-obra\/#breadcrumb\",\"itemListElement\":[{\"@type\":\"ListItem\",\"position\":1,\"name\":\"Home\",\"item\":\"https:\/\/grupobraco.com.br\/conteudo\/\"},{\"@type\":\"ListItem\",\"position\":2,\"name\":\"Vergalh\u00e3o Direto da F\u00e1brica em Itumbiara: A Escolha Certa para Sua Obra\"}]},{\"@type\":\"WebSite\",\"@id\":\"https:\/\/grupobraco.com.br\/conteudo\/#website\",\"url\":\"https:\/\/grupobraco.com.br\/conteudo\/\",\"name\":\"Br A\u00e7o\",\"description\":\"Seus projetos na velocidade m\u00e1xima\",\"publisher\":{\"@id\":\"https:\/\/grupobraco.com.br\/conteudo\/#organization\"},\"potentialAction\":[{\"@type\":\"SearchAction\",\"target\":{\"@type\":\"EntryPoint\",\"urlTemplate\":\"https:\/\/grupobraco.com.br\/conteudo\/?s={search_term_string}\"},\"query-input\":{\"@type\":\"PropertyValueSpecification\",\"valueRequired\":true,\"valueName\":\"search_term_string\"}}],\"inLanguage\":\"pt-BR\"},{\"@type\":\"Organization\",\"@id\":\"https:\/\/grupobraco.com.br\/conteudo\/#organization\",\"name\":\"Br A\u00e7o\",\"url\":\"https:\/\/grupobraco.com.br\/conteudo\/\",\"logo\":{\"@type\":\"ImageObject\",\"inLanguage\":\"pt-BR\",\"@id\":\"https:\/\/grupobraco.com.br\/conteudo\/#\/schema\/logo\/image\/\",\"url\":\"https:\/\/grupobraco.com.br\/conteudo\/wp-content\/uploads\/2025\/04\/Z340-Logotipia-Reestruturacao-do-Branding.png\",\"contentUrl\":\"https:\/\/grupobraco.com.br\/conteudo\/wp-content\/uploads\/2025\/04\/Z340-Logotipia-Reestruturacao-do-Branding.png\",\"width\":1530,\"height\":1080,\"caption\":\"Br A\u00e7o\"},\"image\":{\"@id\":\"https:\/\/grupobraco.com.br\/conteudo\/#\/schema\/logo\/image\/\"}}]}<\/script>\n<!-- \/ Yoast SEO plugin. -->","yoast_head_json":{"title":"Vergalh\u00e3o Direto da F\u00e1brica em Itumbiara: Qualidade e Efici\u00eancia com a BR A\u00e7o","description":"Encontre os melhores vergalh\u00f5es direto da f\u00e1brica em Itumbiara com a BR A\u00e7o. Qualidade, entrega r\u00e1pida e servi\u00e7os especializados para sua obra.","robots":{"index":"index","follow":"follow","max-snippet":"max-snippet:-1","max-image-preview":"max-image-preview:large","max-video-preview":"max-video-preview:-1"},"canonical":"https:\/\/grupobraco.com.br\/conteudo\/vergalhao-direto-da-fabrica-em-itumbiara-a-escolha-certa-para-sua-obra\/","og_locale":"pt_BR","og_type":"article","og_title":"Vergalh\u00e3o Direto da F\u00e1brica em Itumbiara: Qualidade e Efici\u00eancia com a BR A\u00e7o","og_description":"Encontre os melhores vergalh\u00f5es direto da f\u00e1brica em Itumbiara com a BR A\u00e7o. Qualidade, entrega r\u00e1pida e servi\u00e7os especializados para sua obra.","og_url":"https:\/\/grupobraco.com.br\/conteudo\/vergalhao-direto-da-fabrica-em-itumbiara-a-escolha-certa-para-sua-obra\/","og_site_name":"Br A\u00e7o","twitter_card":"summary_large_image","twitter_misc":{"Est. tempo de leitura":"1 minuto"},"schema":{"@context":"https:\/\/schema.org","@graph":[{"@type":"WebPage","@id":"https:\/\/grupobraco.com.br\/conteudo\/vergalhao-direto-da-fabrica-em-itumbiara-a-escolha-certa-para-sua-obra\/","url":"https:\/\/grupobraco.com.br\/conteudo\/vergalhao-direto-da-fabrica-em-itumbiara-a-escolha-certa-para-sua-obra\/","name":"Vergalh\u00e3o Direto da F\u00e1brica em Itumbiara: Qualidade e Efici\u00eancia com a BR A\u00e7o","isPartOf":{"@id":"https:\/\/grupobraco.com.br\/conteudo\/#website"},"datePublished":"2025-03-26T16:45:54+00:00","dateModified":"2025-03-26T16:45:54+00:00","description":"Encontre os melhores vergalh\u00f5es direto da f\u00e1brica em Itumbiara com a BR A\u00e7o. Qualidade, entrega r\u00e1pida e servi\u00e7os especializados para sua obra.","breadcrumb":{"@id":"https:\/\/grupobraco.com.br\/conteudo\/vergalhao-direto-da-fabrica-em-itumbiara-a-escolha-certa-para-sua-obra\/#breadcrumb"},"inLanguage":"pt-BR","potentialAction":[{"@type":"ReadAction","target":["https:\/\/grupobraco.com.br\/conteudo\/vergalhao-direto-da-fabrica-em-itumbiara-a-escolha-certa-para-sua-obra\/"]}]},{"@type":"BreadcrumbList","@id":"https:\/\/grupobraco.com.br\/conteudo\/vergalhao-direto-da-fabrica-em-itumbiara-a-escolha-certa-para-sua-obra\/#breadcrumb","itemListElement":[{"@type":"ListItem","position":1,"name":"Home","item":"https:\/\/grupobraco.com.br\/conteudo\/"},{"@type":"ListItem","position":2,"name":"Vergalh\u00e3o Direto da F\u00e1brica em Itumbiara: A Escolha Certa para Sua Obra"}]},{"@type":"WebSite","@id":"https:\/\/grupobraco.com.br\/conteudo\/#website","url":"https:\/\/grupobraco.com.br\/conteudo\/","name":"Br A\u00e7o","description":"Seus projetos na velocidade m\u00e1xima","publisher":{"@id":"https:\/\/grupobraco.com.br\/conteudo\/#organization"},"potentialAction":[{"@type":"SearchAction","target":{"@type":"EntryPoint","urlTemplate":"https:\/\/grupobraco.com.br\/conteudo\/?s={search_term_string}"},"query-input":{"@type":"PropertyValueSpecification","valueRequired":true,"valueName":"search_term_string"}}],"inLanguage":"pt-BR"},{"@type":"Organization","@id":"https:\/\/grupobraco.com.br\/conteudo\/#organization","name":"Br A\u00e7o","url":"https:\/\/grupobraco.com.br\/conteudo\/","logo":{"@type":"ImageObject","inLanguage":"pt-BR","@id":"https:\/\/grupobraco.com.br\/conteudo\/#\/schema\/logo\/image\/","url":"https:\/\/grupobraco.com.br\/conteudo\/wp-content\/uploads\/2025\/04\/Z340-Logotipia-Reestruturacao-do-Branding.png","contentUrl":"https:\/\/grupobraco.com.br\/conteudo\/wp-content\/uploads\/2025\/04\/Z340-Logotipia-Reestruturacao-do-Branding.png","width":1530,"height":1080,"caption":"Br A\u00e7o"},"image":{"@id":"https:\/\/grupobraco.com.br\/conteudo\/#\/schema\/logo\/image\/"}}]}},"_links":{"self":[{"href":"https:\/\/grupobraco.com.br\/conteudo\/wp-json\/wp\/v2\/pages\/974","targetHints":{"allow":["GET"]}}],"collection":[{"href":"https:\/\/grupobraco.com.br\/conteudo\/wp-json\/wp\/v2\/pages"}],"about":[{"href":"https:\/\/grupobraco.com.br\/conteudo\/wp-json\/wp\/v2\/types\/page"}],"author":[{"embeddable":true,"href":"https:\/\/grupobraco.com.br\/conteudo\/wp-json\/wp\/v2\/users\/3"}],"replies":[{"embeddable":true,"href":"https:\/\/grupobraco.com.br\/conteudo\/wp-json\/wp\/v2\/comments?post=974"}],"version-history":[{"count":0,"href":"https:\/\/grupobraco.com.br\/conteudo\/wp-json\/wp\/v2\/pages\/974\/revisions"}],"wp:attachment":[{"href":"https:\/\/grupobraco.com.br\/conteudo\/wp-json\/wp\/v2\/media?parent=974"}],"curies":[{"name":"wp","href":"https:\/\/api.w.org\/{rel}","templated":true}]}}