{"id":9562,"date":"2025-05-13T04:45:56","date_gmt":"2025-05-13T04:45:56","guid":{"rendered":"https:\/\/grupobraco.com.br\/conteudo\/vergalhao-direto-da-fabrica-em-itumbiara-a-solucao-ideal-para-seus-projetos-de-construcao-2\/"},"modified":"2025-05-13T04:45:56","modified_gmt":"2025-05-13T04:45:56","slug":"vergalhao-direto-da-fabrica-em-itumbiara-a-solucao-ideal-para-seus-projetos-de-construcao-2","status":"publish","type":"page","link":"https:\/\/grupobraco.com.br\/conteudo\/vergalhao-direto-da-fabrica-em-itumbiara-a-solucao-ideal-para-seus-projetos-de-construcao-2\/","title":{"rendered":"Vergalh\u00e3o Direto da F\u00e1brica em Itumbiara: A Solu\u00e7\u00e3o Ideal para Seus Projetos de Constru\u00e7\u00e3o"},"content":{"rendered":"<p>Se voc\u00ea est\u00e1 em busca de vergalh\u00e3o direto da f\u00e1brica em Itumbiara, voc\u00ea veio ao lugar certo. Na BR A\u00e7o, oferecemos uma ampla variedade de vergalh\u00f5es de alta qualidade, produzidos com os melhores insumos e tecnologia de ponta. O vergalh\u00e3o \u00e9 um componente essencial para a constru\u00e7\u00e3o civil, proporcionando resist\u00eancia e suportabilidade \u00e0s estruturas de concreto. Neste artigo, vamos explorar os benef\u00edcios de adquirir vergalh\u00e3o direto da f\u00e1brica em Itumbiara, destacando a qualidade, agilidade e confiabilidade que a nossa empresa oferece. Com uma equipe experiente e comprometida, a BR A\u00e7o se posiciona como uma refer\u00eancia no setor, sempre pronta para entregar os melhores produtos com a velocidade que seus projetos precisam. A localiza\u00e7\u00e3o estrat\u00e9gica da nossa f\u00e1brica em Itumbiara nos permite atender rapidamente as demandas dos nossos clientes, garantindo que o vergalh\u00e3o chegue at\u00e9 voc\u00ea no menor tempo poss\u00edvel. Al\u00e9m disso, comprando direto da f\u00e1brica, voc\u00ea elimina intermedi\u00e1rios e reduz custos, aumentando a efici\u00eancia da sua obra. Portanto, se voc\u00ea precisa de vergalh\u00e3o direto da f\u00e1brica em Itumbiara, conte com a BR A\u00e7o para fornecer o que h\u00e1 de melhor no mercado para garantir a solidez e seguran\u00e7a das suas constru\u00e7\u00f5es.<\/p>\n","protected":false},"excerpt":{"rendered":"<p>Se voc\u00ea est\u00e1 em busca de vergalh\u00e3o direto da f\u00e1brica em Itumbiara, voc\u00ea veio ao lugar certo. Na BR A\u00e7o, oferecemos uma ampla variedade de vergalh\u00f5es de alta qualidade, produzidos com os melhores insumos e tecnologia de ponta. O vergalh\u00e3o \u00e9 um componente essencial para a constru\u00e7\u00e3o civil, proporcionando resist\u00eancia e suportabilidade \u00e0s estruturas de&hellip;&nbsp;<a href=\"https:\/\/grupobraco.com.br\/conteudo\/vergalhao-direto-da-fabrica-em-itumbiara-a-solucao-ideal-para-seus-projetos-de-construcao-2\/\" class=\"\" rel=\"bookmark\">Continue a ler &raquo;<span class=\"screen-reader-text\">Vergalh\u00e3o Direto da F\u00e1brica em Itumbiara: A Solu\u00e7\u00e3o Ideal para Seus Projetos de Constru\u00e7\u00e3o<\/span><\/a><\/p>\n","protected":false},"author":3,"featured_media":0,"parent":0,"menu_order":0,"comment_status":"closed","ping_status":"closed","template":"","meta":{"_acf_changed":false,"_yoast_wpseo_focuskw":"vergalh\u00e3o direto da f\u00e1brica em Itumbiara","_yoast_wpseo_title":"Vergalh\u00e3o Direto da F\u00e1brica em Itumbiara: Qualidade e Agilidade para Suas Obras","_yoast_wpseo_metadesc":"Encontre o melhor vergalh\u00e3o direto da f\u00e1brica em Itumbiara com a BR A\u00e7o. Produtos de qualidade, entrega r\u00e1pida e pre\u00e7os competitivos para sua constru\u00e7\u00e3o.","neve_meta_sidebar":"","neve_meta_container":"","neve_meta_enable_content_width":"","neve_meta_content_width":0,"neve_meta_title_alignment":"","neve_meta_author_avatar":"","neve_post_elements_order":"","neve_meta_disable_header":"","neve_meta_disable_footer":"","neve_meta_disable_title":"","footnotes":""},"class_list":["post-9562","page","type-page","status-publish","hentry"],"acf":{"introducao":"","conceitos_fundamentais":"","como_funciona":"","como_aplicar_no_dia_a_dia":"","principais_utilizacoes_e_beneficios":"","tipos_e_classificacoes":"","tecnologias_e_ferramentas_relacionadas":"","exemplos_e_casos_de_sucesso":"","mitos_e_verdades":"","perguntas_frequentes_faq":"","erros_comuns_e_como_evita-los":"","futuro_e_tendencias":"","conclusao":"","bloco1title":"Qualidade Superior","bloco1text":"Nosso vergalh\u00e3o \u00e9 fabricado conforme as normas t\u00e9cnicas, garantindo resist\u00eancia e durabilidade para todos os tipos de obras.","bloco2title":"Entrega R\u00e1pida","bloco2text":"A localiza\u00e7\u00e3o em Itumbiara permite que realizemos entregas r\u00e1pidas e eficazes em toda a regi\u00e3o de Goi\u00e1s.","bloco3title":"Sustentabilidade","bloco3text":"Na BR A\u00e7o, respeitamos o meio ambiente com processos sustent\u00e1veis e eficientes na produ\u00e7\u00e3o de vergalh\u00e3o direto da f\u00e1brica em Itumbiara.","insightwidtitle":"Curiosidades sobre Vergalh\u00e3o","insightwidcontent":"Voc\u00ea sabia que o vergalh\u00e3o utilizado na constru\u00e7\u00e3o civil \u00e9 um dos elementos que mais garante a seguran\u00e7a estrutural de uma edifica\u00e7\u00e3o? Ele \u00e9 respons\u00e1vel por absorver e redistribuir as tens\u00f5es do concreto, proporcionando maior estabilidade ao projeto. Comprar vergalh\u00e3o direto da f\u00e1brica em Itumbiara garante n\u00e3o apenas um produto de qualidade, mas tamb\u00e9m uma entrega r\u00e1pida, essencial para o sucesso do seu projeto."},"yoast_head":"<!-- This site is optimized with the Yoast SEO plugin v23.4 - https:\/\/yoast.com\/wordpress\/plugins\/seo\/ -->\n<title>Vergalh\u00e3o Direto da F\u00e1brica em Itumbiara: Qualidade e Agilidade para Suas Obras<\/title>\n<meta name=\"description\" content=\"Encontre o melhor vergalh\u00e3o direto da f\u00e1brica em Itumbiara com a BR A\u00e7o. Produtos de qualidade, entrega r\u00e1pida e pre\u00e7os competitivos para sua constru\u00e7\u00e3o.\" \/>\n<meta name=\"robots\" content=\"index, follow, max-snippet:-1, max-image-preview:large, max-video-preview:-1\" \/>\n<link rel=\"canonical\" href=\"https:\/\/grupobraco.com.br\/conteudo\/vergalhao-direto-da-fabrica-em-itumbiara-a-solucao-ideal-para-seus-projetos-de-construcao-2\/\" \/>\n<meta property=\"og:locale\" content=\"pt_BR\" \/>\n<meta property=\"og:type\" content=\"article\" \/>\n<meta property=\"og:title\" content=\"Vergalh\u00e3o Direto da F\u00e1brica em Itumbiara: Qualidade e Agilidade para Suas Obras\" \/>\n<meta property=\"og:description\" content=\"Encontre o melhor vergalh\u00e3o direto da f\u00e1brica em Itumbiara com a BR A\u00e7o. Produtos de qualidade, entrega r\u00e1pida e pre\u00e7os competitivos para sua constru\u00e7\u00e3o.\" \/>\n<meta property=\"og:url\" content=\"https:\/\/grupobraco.com.br\/conteudo\/vergalhao-direto-da-fabrica-em-itumbiara-a-solucao-ideal-para-seus-projetos-de-construcao-2\/\" \/>\n<meta property=\"og:site_name\" content=\"Br A\u00e7o\" \/>\n<meta name=\"twitter:card\" content=\"summary_large_image\" \/>\n<meta name=\"twitter:label1\" content=\"Est. tempo de leitura\" \/>\n\t<meta name=\"twitter:data1\" content=\"1 minuto\" \/>\n<script type=\"application\/ld+json\" class=\"yoast-schema-graph\">{\"@context\":\"https:\/\/schema.org\",\"@graph\":[{\"@type\":\"WebPage\",\"@id\":\"https:\/\/grupobraco.com.br\/conteudo\/vergalhao-direto-da-fabrica-em-itumbiara-a-solucao-ideal-para-seus-projetos-de-construcao-2\/\",\"url\":\"https:\/\/grupobraco.com.br\/conteudo\/vergalhao-direto-da-fabrica-em-itumbiara-a-solucao-ideal-para-seus-projetos-de-construcao-2\/\",\"name\":\"Vergalh\u00e3o Direto da F\u00e1brica em Itumbiara: Qualidade e Agilidade para Suas Obras\",\"isPartOf\":{\"@id\":\"https:\/\/grupobraco.com.br\/conteudo\/#website\"},\"datePublished\":\"2025-05-13T04:45:56+00:00\",\"dateModified\":\"2025-05-13T04:45:56+00:00\",\"description\":\"Encontre o melhor vergalh\u00e3o direto da f\u00e1brica em Itumbiara com a BR A\u00e7o. Produtos de qualidade, entrega r\u00e1pida e pre\u00e7os competitivos para sua constru\u00e7\u00e3o.\",\"breadcrumb\":{\"@id\":\"https:\/\/grupobraco.com.br\/conteudo\/vergalhao-direto-da-fabrica-em-itumbiara-a-solucao-ideal-para-seus-projetos-de-construcao-2\/#breadcrumb\"},\"inLanguage\":\"pt-BR\",\"potentialAction\":[{\"@type\":\"ReadAction\",\"target\":[\"https:\/\/grupobraco.com.br\/conteudo\/vergalhao-direto-da-fabrica-em-itumbiara-a-solucao-ideal-para-seus-projetos-de-construcao-2\/\"]}]},{\"@type\":\"BreadcrumbList\",\"@id\":\"https:\/\/grupobraco.com.br\/conteudo\/vergalhao-direto-da-fabrica-em-itumbiara-a-solucao-ideal-para-seus-projetos-de-construcao-2\/#breadcrumb\",\"itemListElement\":[{\"@type\":\"ListItem\",\"position\":1,\"name\":\"Home\",\"item\":\"https:\/\/grupobraco.com.br\/conteudo\/\"},{\"@type\":\"ListItem\",\"position\":2,\"name\":\"Vergalh\u00e3o Direto da F\u00e1brica em Itumbiara: A Solu\u00e7\u00e3o Ideal para Seus Projetos de Constru\u00e7\u00e3o\"}]},{\"@type\":\"WebSite\",\"@id\":\"https:\/\/grupobraco.com.br\/conteudo\/#website\",\"url\":\"https:\/\/grupobraco.com.br\/conteudo\/\",\"name\":\"Br A\u00e7o\",\"description\":\"Seus projetos na velocidade m\u00e1xima\",\"publisher\":{\"@id\":\"https:\/\/grupobraco.com.br\/conteudo\/#organization\"},\"potentialAction\":[{\"@type\":\"SearchAction\",\"target\":{\"@type\":\"EntryPoint\",\"urlTemplate\":\"https:\/\/grupobraco.com.br\/conteudo\/?s={search_term_string}\"},\"query-input\":{\"@type\":\"PropertyValueSpecification\",\"valueRequired\":true,\"valueName\":\"search_term_string\"}}],\"inLanguage\":\"pt-BR\"},{\"@type\":\"Organization\",\"@id\":\"https:\/\/grupobraco.com.br\/conteudo\/#organization\",\"name\":\"Br A\u00e7o\",\"url\":\"https:\/\/grupobraco.com.br\/conteudo\/\",\"logo\":{\"@type\":\"ImageObject\",\"inLanguage\":\"pt-BR\",\"@id\":\"https:\/\/grupobraco.com.br\/conteudo\/#\/schema\/logo\/image\/\",\"url\":\"https:\/\/grupobraco.com.br\/conteudo\/wp-content\/uploads\/2025\/04\/Z340-Logotipia-Reestruturacao-do-Branding.png\",\"contentUrl\":\"https:\/\/grupobraco.com.br\/conteudo\/wp-content\/uploads\/2025\/04\/Z340-Logotipia-Reestruturacao-do-Branding.png\",\"width\":1530,\"height\":1080,\"caption\":\"Br A\u00e7o\"},\"image\":{\"@id\":\"https:\/\/grupobraco.com.br\/conteudo\/#\/schema\/logo\/image\/\"}}]}<\/script>\n<!-- \/ Yoast SEO plugin. -->","yoast_head_json":{"title":"Vergalh\u00e3o Direto da F\u00e1brica em Itumbiara: Qualidade e Agilidade para Suas Obras","description":"Encontre o melhor vergalh\u00e3o direto da f\u00e1brica em Itumbiara com a BR A\u00e7o. Produtos de qualidade, entrega r\u00e1pida e pre\u00e7os competitivos para sua constru\u00e7\u00e3o.","robots":{"index":"index","follow":"follow","max-snippet":"max-snippet:-1","max-image-preview":"max-image-preview:large","max-video-preview":"max-video-preview:-1"},"canonical":"https:\/\/grupobraco.com.br\/conteudo\/vergalhao-direto-da-fabrica-em-itumbiara-a-solucao-ideal-para-seus-projetos-de-construcao-2\/","og_locale":"pt_BR","og_type":"article","og_title":"Vergalh\u00e3o Direto da F\u00e1brica em Itumbiara: Qualidade e Agilidade para Suas Obras","og_description":"Encontre o melhor vergalh\u00e3o direto da f\u00e1brica em Itumbiara com a BR A\u00e7o. Produtos de qualidade, entrega r\u00e1pida e pre\u00e7os competitivos para sua constru\u00e7\u00e3o.","og_url":"https:\/\/grupobraco.com.br\/conteudo\/vergalhao-direto-da-fabrica-em-itumbiara-a-solucao-ideal-para-seus-projetos-de-construcao-2\/","og_site_name":"Br A\u00e7o","twitter_card":"summary_large_image","twitter_misc":{"Est. tempo de leitura":"1 minuto"},"schema":{"@context":"https:\/\/schema.org","@graph":[{"@type":"WebPage","@id":"https:\/\/grupobraco.com.br\/conteudo\/vergalhao-direto-da-fabrica-em-itumbiara-a-solucao-ideal-para-seus-projetos-de-construcao-2\/","url":"https:\/\/grupobraco.com.br\/conteudo\/vergalhao-direto-da-fabrica-em-itumbiara-a-solucao-ideal-para-seus-projetos-de-construcao-2\/","name":"Vergalh\u00e3o Direto da F\u00e1brica em Itumbiara: Qualidade e Agilidade para Suas Obras","isPartOf":{"@id":"https:\/\/grupobraco.com.br\/conteudo\/#website"},"datePublished":"2025-05-13T04:45:56+00:00","dateModified":"2025-05-13T04:45:56+00:00","description":"Encontre o melhor vergalh\u00e3o direto da f\u00e1brica em Itumbiara com a BR A\u00e7o. Produtos de qualidade, entrega r\u00e1pida e pre\u00e7os competitivos para sua constru\u00e7\u00e3o.","breadcrumb":{"@id":"https:\/\/grupobraco.com.br\/conteudo\/vergalhao-direto-da-fabrica-em-itumbiara-a-solucao-ideal-para-seus-projetos-de-construcao-2\/#breadcrumb"},"inLanguage":"pt-BR","potentialAction":[{"@type":"ReadAction","target":["https:\/\/grupobraco.com.br\/conteudo\/vergalhao-direto-da-fabrica-em-itumbiara-a-solucao-ideal-para-seus-projetos-de-construcao-2\/"]}]},{"@type":"BreadcrumbList","@id":"https:\/\/grupobraco.com.br\/conteudo\/vergalhao-direto-da-fabrica-em-itumbiara-a-solucao-ideal-para-seus-projetos-de-construcao-2\/#breadcrumb","itemListElement":[{"@type":"ListItem","position":1,"name":"Home","item":"https:\/\/grupobraco.com.br\/conteudo\/"},{"@type":"ListItem","position":2,"name":"Vergalh\u00e3o Direto da F\u00e1brica em Itumbiara: A Solu\u00e7\u00e3o Ideal para Seus Projetos de Constru\u00e7\u00e3o"}]},{"@type":"WebSite","@id":"https:\/\/grupobraco.com.br\/conteudo\/#website","url":"https:\/\/grupobraco.com.br\/conteudo\/","name":"Br A\u00e7o","description":"Seus projetos na velocidade m\u00e1xima","publisher":{"@id":"https:\/\/grupobraco.com.br\/conteudo\/#organization"},"potentialAction":[{"@type":"SearchAction","target":{"@type":"EntryPoint","urlTemplate":"https:\/\/grupobraco.com.br\/conteudo\/?s={search_term_string}"},"query-input":{"@type":"PropertyValueSpecification","valueRequired":true,"valueName":"search_term_string"}}],"inLanguage":"pt-BR"},{"@type":"Organization","@id":"https:\/\/grupobraco.com.br\/conteudo\/#organization","name":"Br A\u00e7o","url":"https:\/\/grupobraco.com.br\/conteudo\/","logo":{"@type":"ImageObject","inLanguage":"pt-BR","@id":"https:\/\/grupobraco.com.br\/conteudo\/#\/schema\/logo\/image\/","url":"https:\/\/grupobraco.com.br\/conteudo\/wp-content\/uploads\/2025\/04\/Z340-Logotipia-Reestruturacao-do-Branding.png","contentUrl":"https:\/\/grupobraco.com.br\/conteudo\/wp-content\/uploads\/2025\/04\/Z340-Logotipia-Reestruturacao-do-Branding.png","width":1530,"height":1080,"caption":"Br A\u00e7o"},"image":{"@id":"https:\/\/grupobraco.com.br\/conteudo\/#\/schema\/logo\/image\/"}}]}},"_links":{"self":[{"href":"https:\/\/grupobraco.com.br\/conteudo\/wp-json\/wp\/v2\/pages\/9562","targetHints":{"allow":["GET"]}}],"collection":[{"href":"https:\/\/grupobraco.com.br\/conteudo\/wp-json\/wp\/v2\/pages"}],"about":[{"href":"https:\/\/grupobraco.com.br\/conteudo\/wp-json\/wp\/v2\/types\/page"}],"author":[{"embeddable":true,"href":"https:\/\/grupobraco.com.br\/conteudo\/wp-json\/wp\/v2\/users\/3"}],"replies":[{"embeddable":true,"href":"https:\/\/grupobraco.com.br\/conteudo\/wp-json\/wp\/v2\/comments?post=9562"}],"version-history":[{"count":0,"href":"https:\/\/grupobraco.com.br\/conteudo\/wp-json\/wp\/v2\/pages\/9562\/revisions"}],"wp:attachment":[{"href":"https:\/\/grupobraco.com.br\/conteudo\/wp-json\/wp\/v2\/media?parent=9562"}],"curies":[{"name":"wp","href":"https:\/\/api.w.org\/{rel}","templated":true}]}}