{"id":9240,"date":"2025-05-11T12:00:59","date_gmt":"2025-05-11T12:00:59","guid":{"rendered":"https:\/\/grupobraco.com.br\/conteudo\/vergalhao-na-construcao-civil-a-base-solida-para-seus-projetos-3\/"},"modified":"2025-05-11T12:00:59","modified_gmt":"2025-05-11T12:00:59","slug":"vergalhao-na-construcao-civil-a-base-solida-para-seus-projetos-3","status":"publish","type":"page","link":"https:\/\/grupobraco.com.br\/conteudo\/vergalhao-na-construcao-civil-a-base-solida-para-seus-projetos-3\/","title":{"rendered":"Vergalh\u00e3o na Constru\u00e7\u00e3o Civil: A Base S\u00f3lida Para Seus Projetos"},"content":{"rendered":"<p>O vergalh\u00e3o \u00e9 um elemento essencial na constru\u00e7\u00e3o civil, desempenhando um papel crucial na estrutura\u00e7\u00e3o de edifica\u00e7\u00f5es seguras e dur\u00e1veis. Com a crescente demanda por constru\u00e7\u00f5es robustas, a BR A\u00e7o se destaca como fornecedora de vergalh\u00e3o de alta qualidade, garantindo que os projetos de seus clientes sejam executados com seguran\u00e7a e efici\u00eancia. O uso do vergalh\u00e3o na constru\u00e7\u00e3o civil \u00e9 fundamental, pois ele proporciona a resist\u00eancia necess\u00e1ria em estruturas de concreto, aumentando a durabilidade e estabilidade das obras. Al\u00e9m disso, o vergalh\u00e3o tamb\u00e9m contribui para a preven\u00e7\u00e3o de fissuras e deforma\u00e7\u00f5es, aspectos que podem comprometer a integridade das edifica\u00e7\u00f5es. Neste segmento, \u00e9 importante escolher um fornecedor que n\u00e3o apenas atenda \u00e0s normas t\u00e9cnicas, mas que tamb\u00e9m compreenda a realidade da constru\u00e7\u00e3o civil e as necessidades espec\u00edficas de cada cliente. Com a BR A\u00e7o, os profissionais da constru\u00e7\u00e3o civil t\u00eam a certeza de estar utilizando um material de qualidade superior, que vai al\u00e9m das expectativas. Nos pr\u00f3ximos par\u00e1grafos, abordaremos mais sobre as caracter\u00edsticas e vantagens do vergalh\u00e3o, as dicas para sua utiliza\u00e7\u00e3o eficiente e como a BR A\u00e7o pode ser o seu parceiro confi\u00e1vel nesse processo.<\/p>\n","protected":false},"excerpt":{"rendered":"<p>O vergalh\u00e3o \u00e9 um elemento essencial na constru\u00e7\u00e3o civil, desempenhando um papel crucial na estrutura\u00e7\u00e3o de edifica\u00e7\u00f5es seguras e dur\u00e1veis. Com a crescente demanda por constru\u00e7\u00f5es robustas, a BR A\u00e7o se destaca como fornecedora de vergalh\u00e3o de alta qualidade, garantindo que os projetos de seus clientes sejam executados com seguran\u00e7a e efici\u00eancia. O uso do&hellip;&nbsp;<a href=\"https:\/\/grupobraco.com.br\/conteudo\/vergalhao-na-construcao-civil-a-base-solida-para-seus-projetos-3\/\" class=\"\" rel=\"bookmark\">Continue a ler &raquo;<span class=\"screen-reader-text\">Vergalh\u00e3o na Constru\u00e7\u00e3o Civil: A Base S\u00f3lida Para Seus Projetos<\/span><\/a><\/p>\n","protected":false},"author":3,"featured_media":0,"parent":0,"menu_order":0,"comment_status":"closed","ping_status":"closed","template":"","meta":{"_acf_changed":false,"_yoast_wpseo_focuskw":"Vergalh\u00e3o constru\u00e7\u00e3o civil","_yoast_wpseo_title":"Vergalh\u00e3o constru\u00e7\u00e3o civil: A Solu\u00e7\u00e3o Para Estruturas Robuste","_yoast_wpseo_metadesc":"Descubra a import\u00e2ncia do vergalh\u00e3o na constru\u00e7\u00e3o civil e como escolher o melhor para suas obras. A BR A\u00e7o \u00e9 sua parceira ideal!","neve_meta_sidebar":"","neve_meta_container":"","neve_meta_enable_content_width":"","neve_meta_content_width":0,"neve_meta_title_alignment":"","neve_meta_author_avatar":"","neve_post_elements_order":"","neve_meta_disable_header":"","neve_meta_disable_footer":"","neve_meta_disable_title":"","footnotes":""},"class_list":["post-9240","page","type-page","status-publish","hentry"],"acf":{"introducao":"","conceitos_fundamentais":"","como_funciona":"","como_aplicar_no_dia_a_dia":"","principais_utilizacoes_e_beneficios":"","tipos_e_classificacoes":"","tecnologias_e_ferramentas_relacionadas":"","exemplos_e_casos_de_sucesso":"","mitos_e_verdades":"","perguntas_frequentes_faq":"","erros_comuns_e_como_evita-los":"","futuro_e_tendencias":"","conclusao":"","bloco1title":"Qualidade Superior","bloco1text":"Na BR A\u00e7o, garantimos vergalh\u00e3o produzido com mat\u00e9rias-primas de alta qualidade, oferecendo resist\u00eancia e durabilidade incompar\u00e1veis.","bloco2title":"Entrega R\u00e1pida","bloco2text":"Comprometidos com a velocidade, a BR A\u00e7o realiza entregas pontuais, assegurando que seus projetos n\u00e3o parem.","bloco3title":"Dicas de Uso","bloco3text":"Utilize sempre vergalh\u00e3o adequado ao tipo de estrutura que est\u00e1 sendo constru\u00edda e siga as orienta\u00e7\u00f5es t\u00e9cnicas para garantir seguran\u00e7a e durabilidade em sua obra.","insightwidtitle":"Curiosidades sobre Vergalh\u00e3o","insightwidcontent":"Voc\u00ea sabia que a produ\u00e7\u00e3o de vergalh\u00e3o envolve a utiliza\u00e7\u00e3o de tecnologia avan\u00e7ada? Processos como lamina\u00e7\u00e3o e tratamento t\u00e9rmico s\u00e3o aplicados para garantir que o a\u00e7o tenha as propriedades mec\u00e2nicas corretas. Isso garante que o vergalh\u00e3o n\u00e3o apenas suporte cargas pesadas, mas tamb\u00e9m tenha uma boa durabilidade ao longo do tempo, sendo ideal para a constru\u00e7\u00e3o de infraestruturas dur\u00e1veis e seguras."},"yoast_head":"<!-- This site is optimized with the Yoast SEO plugin v23.4 - https:\/\/yoast.com\/wordpress\/plugins\/seo\/ -->\n<title>Vergalh\u00e3o constru\u00e7\u00e3o civil: A Solu\u00e7\u00e3o Para Estruturas Robuste<\/title>\n<meta name=\"description\" content=\"Descubra a import\u00e2ncia do vergalh\u00e3o na constru\u00e7\u00e3o civil e como escolher o melhor para suas obras. A BR A\u00e7o \u00e9 sua parceira ideal!\" \/>\n<meta name=\"robots\" content=\"index, follow, max-snippet:-1, max-image-preview:large, max-video-preview:-1\" \/>\n<link rel=\"canonical\" href=\"https:\/\/grupobraco.com.br\/conteudo\/vergalhao-na-construcao-civil-a-base-solida-para-seus-projetos-3\/\" \/>\n<meta property=\"og:locale\" content=\"pt_BR\" \/>\n<meta property=\"og:type\" content=\"article\" \/>\n<meta property=\"og:title\" content=\"Vergalh\u00e3o constru\u00e7\u00e3o civil: A Solu\u00e7\u00e3o Para Estruturas Robuste\" \/>\n<meta property=\"og:description\" content=\"Descubra a import\u00e2ncia do vergalh\u00e3o na constru\u00e7\u00e3o civil e como escolher o melhor para suas obras. A BR A\u00e7o \u00e9 sua parceira ideal!\" \/>\n<meta property=\"og:url\" content=\"https:\/\/grupobraco.com.br\/conteudo\/vergalhao-na-construcao-civil-a-base-solida-para-seus-projetos-3\/\" \/>\n<meta property=\"og:site_name\" content=\"Br A\u00e7o\" \/>\n<meta name=\"twitter:card\" content=\"summary_large_image\" \/>\n<meta name=\"twitter:label1\" content=\"Est. tempo de leitura\" \/>\n\t<meta name=\"twitter:data1\" content=\"1 minuto\" \/>\n<script type=\"application\/ld+json\" class=\"yoast-schema-graph\">{\"@context\":\"https:\/\/schema.org\",\"@graph\":[{\"@type\":\"WebPage\",\"@id\":\"https:\/\/grupobraco.com.br\/conteudo\/vergalhao-na-construcao-civil-a-base-solida-para-seus-projetos-3\/\",\"url\":\"https:\/\/grupobraco.com.br\/conteudo\/vergalhao-na-construcao-civil-a-base-solida-para-seus-projetos-3\/\",\"name\":\"Vergalh\u00e3o constru\u00e7\u00e3o civil: A Solu\u00e7\u00e3o Para Estruturas Robuste\",\"isPartOf\":{\"@id\":\"https:\/\/grupobraco.com.br\/conteudo\/#website\"},\"datePublished\":\"2025-05-11T12:00:59+00:00\",\"dateModified\":\"2025-05-11T12:00:59+00:00\",\"description\":\"Descubra a import\u00e2ncia do vergalh\u00e3o na constru\u00e7\u00e3o civil e como escolher o melhor para suas obras. A BR A\u00e7o \u00e9 sua parceira ideal!\",\"breadcrumb\":{\"@id\":\"https:\/\/grupobraco.com.br\/conteudo\/vergalhao-na-construcao-civil-a-base-solida-para-seus-projetos-3\/#breadcrumb\"},\"inLanguage\":\"pt-BR\",\"potentialAction\":[{\"@type\":\"ReadAction\",\"target\":[\"https:\/\/grupobraco.com.br\/conteudo\/vergalhao-na-construcao-civil-a-base-solida-para-seus-projetos-3\/\"]}]},{\"@type\":\"BreadcrumbList\",\"@id\":\"https:\/\/grupobraco.com.br\/conteudo\/vergalhao-na-construcao-civil-a-base-solida-para-seus-projetos-3\/#breadcrumb\",\"itemListElement\":[{\"@type\":\"ListItem\",\"position\":1,\"name\":\"Home\",\"item\":\"https:\/\/grupobraco.com.br\/conteudo\/\"},{\"@type\":\"ListItem\",\"position\":2,\"name\":\"Vergalh\u00e3o na Constru\u00e7\u00e3o Civil: A Base S\u00f3lida Para Seus Projetos\"}]},{\"@type\":\"WebSite\",\"@id\":\"https:\/\/grupobraco.com.br\/conteudo\/#website\",\"url\":\"https:\/\/grupobraco.com.br\/conteudo\/\",\"name\":\"Br A\u00e7o\",\"description\":\"Seus projetos na velocidade m\u00e1xima\",\"publisher\":{\"@id\":\"https:\/\/grupobraco.com.br\/conteudo\/#organization\"},\"potentialAction\":[{\"@type\":\"SearchAction\",\"target\":{\"@type\":\"EntryPoint\",\"urlTemplate\":\"https:\/\/grupobraco.com.br\/conteudo\/?s={search_term_string}\"},\"query-input\":{\"@type\":\"PropertyValueSpecification\",\"valueRequired\":true,\"valueName\":\"search_term_string\"}}],\"inLanguage\":\"pt-BR\"},{\"@type\":\"Organization\",\"@id\":\"https:\/\/grupobraco.com.br\/conteudo\/#organization\",\"name\":\"Br A\u00e7o\",\"url\":\"https:\/\/grupobraco.com.br\/conteudo\/\",\"logo\":{\"@type\":\"ImageObject\",\"inLanguage\":\"pt-BR\",\"@id\":\"https:\/\/grupobraco.com.br\/conteudo\/#\/schema\/logo\/image\/\",\"url\":\"https:\/\/grupobraco.com.br\/conteudo\/wp-content\/uploads\/2025\/04\/Z340-Logotipia-Reestruturacao-do-Branding.png\",\"contentUrl\":\"https:\/\/grupobraco.com.br\/conteudo\/wp-content\/uploads\/2025\/04\/Z340-Logotipia-Reestruturacao-do-Branding.png\",\"width\":1530,\"height\":1080,\"caption\":\"Br A\u00e7o\"},\"image\":{\"@id\":\"https:\/\/grupobraco.com.br\/conteudo\/#\/schema\/logo\/image\/\"}}]}<\/script>\n<!-- \/ Yoast SEO plugin. -->","yoast_head_json":{"title":"Vergalh\u00e3o constru\u00e7\u00e3o civil: A Solu\u00e7\u00e3o Para Estruturas Robuste","description":"Descubra a import\u00e2ncia do vergalh\u00e3o na constru\u00e7\u00e3o civil e como escolher o melhor para suas obras. A BR A\u00e7o \u00e9 sua parceira ideal!","robots":{"index":"index","follow":"follow","max-snippet":"max-snippet:-1","max-image-preview":"max-image-preview:large","max-video-preview":"max-video-preview:-1"},"canonical":"https:\/\/grupobraco.com.br\/conteudo\/vergalhao-na-construcao-civil-a-base-solida-para-seus-projetos-3\/","og_locale":"pt_BR","og_type":"article","og_title":"Vergalh\u00e3o constru\u00e7\u00e3o civil: A Solu\u00e7\u00e3o Para Estruturas Robuste","og_description":"Descubra a import\u00e2ncia do vergalh\u00e3o na constru\u00e7\u00e3o civil e como escolher o melhor para suas obras. A BR A\u00e7o \u00e9 sua parceira ideal!","og_url":"https:\/\/grupobraco.com.br\/conteudo\/vergalhao-na-construcao-civil-a-base-solida-para-seus-projetos-3\/","og_site_name":"Br A\u00e7o","twitter_card":"summary_large_image","twitter_misc":{"Est. tempo de leitura":"1 minuto"},"schema":{"@context":"https:\/\/schema.org","@graph":[{"@type":"WebPage","@id":"https:\/\/grupobraco.com.br\/conteudo\/vergalhao-na-construcao-civil-a-base-solida-para-seus-projetos-3\/","url":"https:\/\/grupobraco.com.br\/conteudo\/vergalhao-na-construcao-civil-a-base-solida-para-seus-projetos-3\/","name":"Vergalh\u00e3o constru\u00e7\u00e3o civil: A Solu\u00e7\u00e3o Para Estruturas Robuste","isPartOf":{"@id":"https:\/\/grupobraco.com.br\/conteudo\/#website"},"datePublished":"2025-05-11T12:00:59+00:00","dateModified":"2025-05-11T12:00:59+00:00","description":"Descubra a import\u00e2ncia do vergalh\u00e3o na constru\u00e7\u00e3o civil e como escolher o melhor para suas obras. A BR A\u00e7o \u00e9 sua parceira ideal!","breadcrumb":{"@id":"https:\/\/grupobraco.com.br\/conteudo\/vergalhao-na-construcao-civil-a-base-solida-para-seus-projetos-3\/#breadcrumb"},"inLanguage":"pt-BR","potentialAction":[{"@type":"ReadAction","target":["https:\/\/grupobraco.com.br\/conteudo\/vergalhao-na-construcao-civil-a-base-solida-para-seus-projetos-3\/"]}]},{"@type":"BreadcrumbList","@id":"https:\/\/grupobraco.com.br\/conteudo\/vergalhao-na-construcao-civil-a-base-solida-para-seus-projetos-3\/#breadcrumb","itemListElement":[{"@type":"ListItem","position":1,"name":"Home","item":"https:\/\/grupobraco.com.br\/conteudo\/"},{"@type":"ListItem","position":2,"name":"Vergalh\u00e3o na Constru\u00e7\u00e3o Civil: A Base S\u00f3lida Para Seus Projetos"}]},{"@type":"WebSite","@id":"https:\/\/grupobraco.com.br\/conteudo\/#website","url":"https:\/\/grupobraco.com.br\/conteudo\/","name":"Br A\u00e7o","description":"Seus projetos na velocidade m\u00e1xima","publisher":{"@id":"https:\/\/grupobraco.com.br\/conteudo\/#organization"},"potentialAction":[{"@type":"SearchAction","target":{"@type":"EntryPoint","urlTemplate":"https:\/\/grupobraco.com.br\/conteudo\/?s={search_term_string}"},"query-input":{"@type":"PropertyValueSpecification","valueRequired":true,"valueName":"search_term_string"}}],"inLanguage":"pt-BR"},{"@type":"Organization","@id":"https:\/\/grupobraco.com.br\/conteudo\/#organization","name":"Br A\u00e7o","url":"https:\/\/grupobraco.com.br\/conteudo\/","logo":{"@type":"ImageObject","inLanguage":"pt-BR","@id":"https:\/\/grupobraco.com.br\/conteudo\/#\/schema\/logo\/image\/","url":"https:\/\/grupobraco.com.br\/conteudo\/wp-content\/uploads\/2025\/04\/Z340-Logotipia-Reestruturacao-do-Branding.png","contentUrl":"https:\/\/grupobraco.com.br\/conteudo\/wp-content\/uploads\/2025\/04\/Z340-Logotipia-Reestruturacao-do-Branding.png","width":1530,"height":1080,"caption":"Br A\u00e7o"},"image":{"@id":"https:\/\/grupobraco.com.br\/conteudo\/#\/schema\/logo\/image\/"}}]}},"_links":{"self":[{"href":"https:\/\/grupobraco.com.br\/conteudo\/wp-json\/wp\/v2\/pages\/9240","targetHints":{"allow":["GET"]}}],"collection":[{"href":"https:\/\/grupobraco.com.br\/conteudo\/wp-json\/wp\/v2\/pages"}],"about":[{"href":"https:\/\/grupobraco.com.br\/conteudo\/wp-json\/wp\/v2\/types\/page"}],"author":[{"embeddable":true,"href":"https:\/\/grupobraco.com.br\/conteudo\/wp-json\/wp\/v2\/users\/3"}],"replies":[{"embeddable":true,"href":"https:\/\/grupobraco.com.br\/conteudo\/wp-json\/wp\/v2\/comments?post=9240"}],"version-history":[{"count":0,"href":"https:\/\/grupobraco.com.br\/conteudo\/wp-json\/wp\/v2\/pages\/9240\/revisions"}],"wp:attachment":[{"href":"https:\/\/grupobraco.com.br\/conteudo\/wp-json\/wp\/v2\/media?parent=9240"}],"curies":[{"name":"wp","href":"https:\/\/api.w.org\/{rel}","templated":true}]}}