{"id":8753,"date":"2025-05-08T23:01:01","date_gmt":"2025-05-08T23:01:01","guid":{"rendered":"https:\/\/grupobraco.com.br\/conteudo\/vergalhao-direto-da-fabrica-em-luziania-a-escolha-certa-para-sua-construcao-2\/"},"modified":"2025-05-08T23:01:01","modified_gmt":"2025-05-08T23:01:01","slug":"vergalhao-direto-da-fabrica-em-luziania-a-escolha-certa-para-sua-construcao-2","status":"publish","type":"page","link":"https:\/\/grupobraco.com.br\/conteudo\/vergalhao-direto-da-fabrica-em-luziania-a-escolha-certa-para-sua-construcao-2\/","title":{"rendered":"Vergalh\u00e3o Direto da F\u00e1brica em Luzi\u00e2nia: A Escolha Certa para Sua Constru\u00e7\u00e3o"},"content":{"rendered":"<p>Adquirir vergalh\u00e3o direto da f\u00e1brica em Luzi\u00e2nia proporciona uma s\u00e9rie de vantagens inestim\u00e1veis para quem est\u00e1 no setor da constru\u00e7\u00e3o civil. A BR A\u00e7o se destaca como a principal fornecedora nesta regi\u00e3o, oferecendo produtos de alta qualidade, diretamente de nossas instala\u00e7\u00f5es, garantindo que voc\u00ea tenha os melhores materiais para seus projetos. Ao optarem por nosso vergalh\u00e3o, os clientes n\u00e3o apenas obt\u00eam a\u00e7o de primeira linha, mas tamb\u00e9m se beneficiam de nossa entrega r\u00e1pida e confi\u00e1vel, assegurando que os prazos de suas obras sejam cumpridos. Focamos n\u00e3o apenas em fornecer o produto, mas em ser parceiros em cada etapa do seu projeto, seja voc\u00ea um pequeno construtor ou uma grande empreiteira. O vergalh\u00e3o direto da f\u00e1brica em Luzi\u00e2nia \u00e9 uma escolha estrat\u00e9gica que pode fazer toda a diferen\u00e7a na qualidade e na efici\u00eancia da constru\u00e7\u00e3o. Neste artigo, vamos explorar as numerosas vantagens do vergalh\u00e3o direto da f\u00e1brica em Luzi\u00e2nia e como essa decis\u00e3o impacta positivamente o andamento das obras e a satisfa\u00e7\u00e3o dos clientes.<\/p>\n","protected":false},"excerpt":{"rendered":"<p>Adquirir vergalh\u00e3o direto da f\u00e1brica em Luzi\u00e2nia proporciona uma s\u00e9rie de vantagens inestim\u00e1veis para quem est\u00e1 no setor da constru\u00e7\u00e3o civil. A BR A\u00e7o se destaca como a principal fornecedora nesta regi\u00e3o, oferecendo produtos de alta qualidade, diretamente de nossas instala\u00e7\u00f5es, garantindo que voc\u00ea tenha os melhores materiais para seus projetos. Ao optarem por nosso&hellip;&nbsp;<a href=\"https:\/\/grupobraco.com.br\/conteudo\/vergalhao-direto-da-fabrica-em-luziania-a-escolha-certa-para-sua-construcao-2\/\" class=\"\" rel=\"bookmark\">Continue a ler &raquo;<span class=\"screen-reader-text\">Vergalh\u00e3o Direto da F\u00e1brica em Luzi\u00e2nia: A Escolha Certa para Sua Constru\u00e7\u00e3o<\/span><\/a><\/p>\n","protected":false},"author":3,"featured_media":0,"parent":0,"menu_order":0,"comment_status":"closed","ping_status":"closed","template":"","meta":{"_acf_changed":false,"_yoast_wpseo_focuskw":"Vergalh\u00e3o direto da f\u00e1brica em Luzi\u00e2nia","_yoast_wpseo_title":"Vergalh\u00e3o Direto da F\u00e1brica em Luzi\u00e2nia - BR A\u00e7o","_yoast_wpseo_metadesc":"Descubra os benef\u00edcios do vergalh\u00e3o direto da f\u00e1brica em Luzi\u00e2nia com a BR A\u00e7o. Qualidade, rapidez e confian\u00e7a na sua constru\u00e7\u00e3o!","neve_meta_sidebar":"","neve_meta_container":"","neve_meta_enable_content_width":"","neve_meta_content_width":0,"neve_meta_title_alignment":"","neve_meta_author_avatar":"","neve_post_elements_order":"","neve_meta_disable_header":"","neve_meta_disable_footer":"","neve_meta_disable_title":"","footnotes":""},"class_list":["post-8753","page","type-page","status-publish","hentry"],"acf":{"introducao":"","conceitos_fundamentais":"","como_funciona":"","como_aplicar_no_dia_a_dia":"","principais_utilizacoes_e_beneficios":"","tipos_e_classificacoes":"","tecnologias_e_ferramentas_relacionadas":"","exemplos_e_casos_de_sucesso":"","mitos_e_verdades":"","perguntas_frequentes_faq":"","erros_comuns_e_como_evita-los":"","futuro_e_tendencias":"","conclusao":"","bloco1title":"Qualidade Superior","bloco1text":"O vergalh\u00e3o direto da f\u00e1brica em Luzi\u00e2nia garante que voc\u00ea tenha acesso a um produto de qualidade superior, com especifica\u00e7\u00f5es rigorosas atendidas.","bloco2title":"Entrega R\u00e1pida","bloco2text":"Obtenha seu vergalh\u00e3o com agilidade, essencial para o cumprimento dos prazos na constru\u00e7\u00e3o.","bloco3title":"Sustentabilidade em A\u00e7\u00e3o","bloco3text":"Optar pelo vergalh\u00e3o direto da f\u00e1brica em Luzi\u00e2nia n\u00e3o \u00e9 apenas econ\u00f4mico, mas tamb\u00e9m uma escolha sustent\u00e1vel com menor impacto ambiental.","insightwidtitle":"Curiosidades sobre Vergalh\u00e3o","insightwidcontent":"O vergalh\u00e3o \u00e9 essencial na constru\u00e7\u00e3o civil devido \u00e0 sua capacidade de suportar tens\u00f5es de tra\u00e7\u00e3o, enquanto o concreto \u00e9 excelente para compress\u00e3o. Essa combina\u00e7\u00e3o torna as estruturas muito mais resistentes. Al\u00e9m disso, o vergalh\u00e3o pode ser feito de diferentes materiais, como a\u00e7o carbono ou inox, cada um apropriado para aplica\u00e7\u00f5es espec\u00edficas, revelando a import\u00e2ncia de optar pelo vergalh\u00e3o direto da f\u00e1brica em Luzi\u00e2nia para garantir a qualidade necess\u00e1ria."},"yoast_head":"<!-- This site is optimized with the Yoast SEO plugin v23.4 - https:\/\/yoast.com\/wordpress\/plugins\/seo\/ -->\n<title>Vergalh\u00e3o Direto da F\u00e1brica em Luzi\u00e2nia - BR A\u00e7o<\/title>\n<meta name=\"description\" content=\"Descubra os benef\u00edcios do vergalh\u00e3o direto da f\u00e1brica em Luzi\u00e2nia com a BR A\u00e7o. Qualidade, rapidez e confian\u00e7a na sua constru\u00e7\u00e3o!\" \/>\n<meta name=\"robots\" content=\"index, follow, max-snippet:-1, max-image-preview:large, max-video-preview:-1\" \/>\n<link rel=\"canonical\" href=\"https:\/\/grupobraco.com.br\/conteudo\/vergalhao-direto-da-fabrica-em-luziania-a-escolha-certa-para-sua-construcao-2\/\" \/>\n<meta property=\"og:locale\" content=\"pt_BR\" \/>\n<meta property=\"og:type\" content=\"article\" \/>\n<meta property=\"og:title\" content=\"Vergalh\u00e3o Direto da F\u00e1brica em Luzi\u00e2nia - BR A\u00e7o\" \/>\n<meta property=\"og:description\" content=\"Descubra os benef\u00edcios do vergalh\u00e3o direto da f\u00e1brica em Luzi\u00e2nia com a BR A\u00e7o. Qualidade, rapidez e confian\u00e7a na sua constru\u00e7\u00e3o!\" \/>\n<meta property=\"og:url\" content=\"https:\/\/grupobraco.com.br\/conteudo\/vergalhao-direto-da-fabrica-em-luziania-a-escolha-certa-para-sua-construcao-2\/\" \/>\n<meta property=\"og:site_name\" content=\"Br A\u00e7o\" \/>\n<meta name=\"twitter:card\" content=\"summary_large_image\" \/>\n<meta name=\"twitter:label1\" content=\"Est. tempo de leitura\" \/>\n\t<meta name=\"twitter:data1\" content=\"1 minuto\" \/>\n<script type=\"application\/ld+json\" class=\"yoast-schema-graph\">{\"@context\":\"https:\/\/schema.org\",\"@graph\":[{\"@type\":\"WebPage\",\"@id\":\"https:\/\/grupobraco.com.br\/conteudo\/vergalhao-direto-da-fabrica-em-luziania-a-escolha-certa-para-sua-construcao-2\/\",\"url\":\"https:\/\/grupobraco.com.br\/conteudo\/vergalhao-direto-da-fabrica-em-luziania-a-escolha-certa-para-sua-construcao-2\/\",\"name\":\"Vergalh\u00e3o Direto da F\u00e1brica em Luzi\u00e2nia - BR A\u00e7o\",\"isPartOf\":{\"@id\":\"https:\/\/grupobraco.com.br\/conteudo\/#website\"},\"datePublished\":\"2025-05-08T23:01:01+00:00\",\"dateModified\":\"2025-05-08T23:01:01+00:00\",\"description\":\"Descubra os benef\u00edcios do vergalh\u00e3o direto da f\u00e1brica em Luzi\u00e2nia com a BR A\u00e7o. Qualidade, rapidez e confian\u00e7a na sua constru\u00e7\u00e3o!\",\"breadcrumb\":{\"@id\":\"https:\/\/grupobraco.com.br\/conteudo\/vergalhao-direto-da-fabrica-em-luziania-a-escolha-certa-para-sua-construcao-2\/#breadcrumb\"},\"inLanguage\":\"pt-BR\",\"potentialAction\":[{\"@type\":\"ReadAction\",\"target\":[\"https:\/\/grupobraco.com.br\/conteudo\/vergalhao-direto-da-fabrica-em-luziania-a-escolha-certa-para-sua-construcao-2\/\"]}]},{\"@type\":\"BreadcrumbList\",\"@id\":\"https:\/\/grupobraco.com.br\/conteudo\/vergalhao-direto-da-fabrica-em-luziania-a-escolha-certa-para-sua-construcao-2\/#breadcrumb\",\"itemListElement\":[{\"@type\":\"ListItem\",\"position\":1,\"name\":\"Home\",\"item\":\"https:\/\/grupobraco.com.br\/conteudo\/\"},{\"@type\":\"ListItem\",\"position\":2,\"name\":\"Vergalh\u00e3o Direto da F\u00e1brica em Luzi\u00e2nia: A Escolha Certa para Sua Constru\u00e7\u00e3o\"}]},{\"@type\":\"WebSite\",\"@id\":\"https:\/\/grupobraco.com.br\/conteudo\/#website\",\"url\":\"https:\/\/grupobraco.com.br\/conteudo\/\",\"name\":\"Br A\u00e7o\",\"description\":\"Seus projetos na velocidade m\u00e1xima\",\"publisher\":{\"@id\":\"https:\/\/grupobraco.com.br\/conteudo\/#organization\"},\"potentialAction\":[{\"@type\":\"SearchAction\",\"target\":{\"@type\":\"EntryPoint\",\"urlTemplate\":\"https:\/\/grupobraco.com.br\/conteudo\/?s={search_term_string}\"},\"query-input\":{\"@type\":\"PropertyValueSpecification\",\"valueRequired\":true,\"valueName\":\"search_term_string\"}}],\"inLanguage\":\"pt-BR\"},{\"@type\":\"Organization\",\"@id\":\"https:\/\/grupobraco.com.br\/conteudo\/#organization\",\"name\":\"Br A\u00e7o\",\"url\":\"https:\/\/grupobraco.com.br\/conteudo\/\",\"logo\":{\"@type\":\"ImageObject\",\"inLanguage\":\"pt-BR\",\"@id\":\"https:\/\/grupobraco.com.br\/conteudo\/#\/schema\/logo\/image\/\",\"url\":\"https:\/\/grupobraco.com.br\/conteudo\/wp-content\/uploads\/2025\/04\/Z340-Logotipia-Reestruturacao-do-Branding.png\",\"contentUrl\":\"https:\/\/grupobraco.com.br\/conteudo\/wp-content\/uploads\/2025\/04\/Z340-Logotipia-Reestruturacao-do-Branding.png\",\"width\":1530,\"height\":1080,\"caption\":\"Br A\u00e7o\"},\"image\":{\"@id\":\"https:\/\/grupobraco.com.br\/conteudo\/#\/schema\/logo\/image\/\"}}]}<\/script>\n<!-- \/ Yoast SEO plugin. -->","yoast_head_json":{"title":"Vergalh\u00e3o Direto da F\u00e1brica em Luzi\u00e2nia - BR A\u00e7o","description":"Descubra os benef\u00edcios do vergalh\u00e3o direto da f\u00e1brica em Luzi\u00e2nia com a BR A\u00e7o. Qualidade, rapidez e confian\u00e7a na sua constru\u00e7\u00e3o!","robots":{"index":"index","follow":"follow","max-snippet":"max-snippet:-1","max-image-preview":"max-image-preview:large","max-video-preview":"max-video-preview:-1"},"canonical":"https:\/\/grupobraco.com.br\/conteudo\/vergalhao-direto-da-fabrica-em-luziania-a-escolha-certa-para-sua-construcao-2\/","og_locale":"pt_BR","og_type":"article","og_title":"Vergalh\u00e3o Direto da F\u00e1brica em Luzi\u00e2nia - BR A\u00e7o","og_description":"Descubra os benef\u00edcios do vergalh\u00e3o direto da f\u00e1brica em Luzi\u00e2nia com a BR A\u00e7o. Qualidade, rapidez e confian\u00e7a na sua constru\u00e7\u00e3o!","og_url":"https:\/\/grupobraco.com.br\/conteudo\/vergalhao-direto-da-fabrica-em-luziania-a-escolha-certa-para-sua-construcao-2\/","og_site_name":"Br A\u00e7o","twitter_card":"summary_large_image","twitter_misc":{"Est. tempo de leitura":"1 minuto"},"schema":{"@context":"https:\/\/schema.org","@graph":[{"@type":"WebPage","@id":"https:\/\/grupobraco.com.br\/conteudo\/vergalhao-direto-da-fabrica-em-luziania-a-escolha-certa-para-sua-construcao-2\/","url":"https:\/\/grupobraco.com.br\/conteudo\/vergalhao-direto-da-fabrica-em-luziania-a-escolha-certa-para-sua-construcao-2\/","name":"Vergalh\u00e3o Direto da F\u00e1brica em Luzi\u00e2nia - BR A\u00e7o","isPartOf":{"@id":"https:\/\/grupobraco.com.br\/conteudo\/#website"},"datePublished":"2025-05-08T23:01:01+00:00","dateModified":"2025-05-08T23:01:01+00:00","description":"Descubra os benef\u00edcios do vergalh\u00e3o direto da f\u00e1brica em Luzi\u00e2nia com a BR A\u00e7o. Qualidade, rapidez e confian\u00e7a na sua constru\u00e7\u00e3o!","breadcrumb":{"@id":"https:\/\/grupobraco.com.br\/conteudo\/vergalhao-direto-da-fabrica-em-luziania-a-escolha-certa-para-sua-construcao-2\/#breadcrumb"},"inLanguage":"pt-BR","potentialAction":[{"@type":"ReadAction","target":["https:\/\/grupobraco.com.br\/conteudo\/vergalhao-direto-da-fabrica-em-luziania-a-escolha-certa-para-sua-construcao-2\/"]}]},{"@type":"BreadcrumbList","@id":"https:\/\/grupobraco.com.br\/conteudo\/vergalhao-direto-da-fabrica-em-luziania-a-escolha-certa-para-sua-construcao-2\/#breadcrumb","itemListElement":[{"@type":"ListItem","position":1,"name":"Home","item":"https:\/\/grupobraco.com.br\/conteudo\/"},{"@type":"ListItem","position":2,"name":"Vergalh\u00e3o Direto da F\u00e1brica em Luzi\u00e2nia: A Escolha Certa para Sua Constru\u00e7\u00e3o"}]},{"@type":"WebSite","@id":"https:\/\/grupobraco.com.br\/conteudo\/#website","url":"https:\/\/grupobraco.com.br\/conteudo\/","name":"Br A\u00e7o","description":"Seus projetos na velocidade m\u00e1xima","publisher":{"@id":"https:\/\/grupobraco.com.br\/conteudo\/#organization"},"potentialAction":[{"@type":"SearchAction","target":{"@type":"EntryPoint","urlTemplate":"https:\/\/grupobraco.com.br\/conteudo\/?s={search_term_string}"},"query-input":{"@type":"PropertyValueSpecification","valueRequired":true,"valueName":"search_term_string"}}],"inLanguage":"pt-BR"},{"@type":"Organization","@id":"https:\/\/grupobraco.com.br\/conteudo\/#organization","name":"Br A\u00e7o","url":"https:\/\/grupobraco.com.br\/conteudo\/","logo":{"@type":"ImageObject","inLanguage":"pt-BR","@id":"https:\/\/grupobraco.com.br\/conteudo\/#\/schema\/logo\/image\/","url":"https:\/\/grupobraco.com.br\/conteudo\/wp-content\/uploads\/2025\/04\/Z340-Logotipia-Reestruturacao-do-Branding.png","contentUrl":"https:\/\/grupobraco.com.br\/conteudo\/wp-content\/uploads\/2025\/04\/Z340-Logotipia-Reestruturacao-do-Branding.png","width":1530,"height":1080,"caption":"Br A\u00e7o"},"image":{"@id":"https:\/\/grupobraco.com.br\/conteudo\/#\/schema\/logo\/image\/"}}]}},"_links":{"self":[{"href":"https:\/\/grupobraco.com.br\/conteudo\/wp-json\/wp\/v2\/pages\/8753","targetHints":{"allow":["GET"]}}],"collection":[{"href":"https:\/\/grupobraco.com.br\/conteudo\/wp-json\/wp\/v2\/pages"}],"about":[{"href":"https:\/\/grupobraco.com.br\/conteudo\/wp-json\/wp\/v2\/types\/page"}],"author":[{"embeddable":true,"href":"https:\/\/grupobraco.com.br\/conteudo\/wp-json\/wp\/v2\/users\/3"}],"replies":[{"embeddable":true,"href":"https:\/\/grupobraco.com.br\/conteudo\/wp-json\/wp\/v2\/comments?post=8753"}],"version-history":[{"count":0,"href":"https:\/\/grupobraco.com.br\/conteudo\/wp-json\/wp\/v2\/pages\/8753\/revisions"}],"wp:attachment":[{"href":"https:\/\/grupobraco.com.br\/conteudo\/wp-json\/wp\/v2\/media?parent=8753"}],"curies":[{"name":"wp","href":"https:\/\/api.w.org\/{rel}","templated":true}]}}