{"id":8424,"date":"2025-05-07T05:45:52","date_gmt":"2025-05-07T05:45:52","guid":{"rendered":"https:\/\/grupobraco.com.br\/conteudo\/vergalhao-direto-da-fabrica-em-trindade-a-revolucao-na-construcao-civil-2\/"},"modified":"2025-05-07T05:45:52","modified_gmt":"2025-05-07T05:45:52","slug":"vergalhao-direto-da-fabrica-em-trindade-a-revolucao-na-construcao-civil-2","status":"publish","type":"page","link":"https:\/\/grupobraco.com.br\/conteudo\/vergalhao-direto-da-fabrica-em-trindade-a-revolucao-na-construcao-civil-2\/","title":{"rendered":"Vergalh\u00e3o Direto da F\u00e1brica em Trindade: A Revolu\u00e7\u00e3o na Constru\u00e7\u00e3o Civil"},"content":{"rendered":"<p>O mercado de constru\u00e7\u00e3o civil est\u00e1 em constante evolu\u00e7\u00e3o, e a BR A\u00e7o se destaca ao oferecer vergalh\u00e3o direto da f\u00e1brica em Trindade. A import\u00e2ncia de utilizar materiais de qualidade se reflete na durabilidade e seguran\u00e7a das obras. Quando voc\u00ea opta por comprar o vergalh\u00e3o direto da f\u00e1brica em Trindade, est\u00e1 garantindo material produzido com os mais altos padr\u00f5es de qualidade. A BR A\u00e7o, reconhecida na ind\u00fastria, traz a confian\u00e7a necess\u00e1ria para que seu projeto saia do papel e se torne realidade. A nossa preocupa\u00e7\u00e3o n\u00e3o \u00e9 apenas com o fornecimento de produtos, mas tamb\u00e9m com a efici\u00eancia e pontualidade na entrega, aspectos fundamentais para o sucesso de qualquer obra. A experi\u00eancia adquirida ao longo dos anos nos proporciona um know-how incompar\u00e1vel. Aqui na BR A\u00e7o, a satisfa\u00e7\u00e3o do cliente \u00e9 nossa prioridade, e trabalhar com o vergalh\u00e3o direto da f\u00e1brica em Trindade significa acesso a pre\u00e7os competitivos e materiais que aproveitam toda a tecnologia dispon\u00edvel na produ\u00e7\u00e3o de a\u00e7o. Tudo isso sem abrir m\u00e3o da responsabilidade ambiental e da governan\u00e7a, caracter\u00edsticas essenciais da nossa atua\u00e7\u00e3o. Se voc\u00ea busca solu\u00e7\u00f5es eficazes para sua obra, a escolha de comprar vergalh\u00e3o direto da f\u00e1brica em Trindade com a BR A\u00e7o \u00e9, sem d\u00favida, um passo decisivo rumo \u00e0 excel\u00eancia em constru\u00e7\u00e3o.<\/p>\n","protected":false},"excerpt":{"rendered":"<p>O mercado de constru\u00e7\u00e3o civil est\u00e1 em constante evolu\u00e7\u00e3o, e a BR A\u00e7o se destaca ao oferecer vergalh\u00e3o direto da f\u00e1brica em Trindade. A import\u00e2ncia de utilizar materiais de qualidade se reflete na durabilidade e seguran\u00e7a das obras. Quando voc\u00ea opta por comprar o vergalh\u00e3o direto da f\u00e1brica em Trindade, est\u00e1 garantindo material produzido com&hellip;&nbsp;<a href=\"https:\/\/grupobraco.com.br\/conteudo\/vergalhao-direto-da-fabrica-em-trindade-a-revolucao-na-construcao-civil-2\/\" class=\"\" rel=\"bookmark\">Continue a ler &raquo;<span class=\"screen-reader-text\">Vergalh\u00e3o Direto da F\u00e1brica em Trindade: A Revolu\u00e7\u00e3o na Constru\u00e7\u00e3o Civil<\/span><\/a><\/p>\n","protected":false},"author":3,"featured_media":0,"parent":0,"menu_order":0,"comment_status":"closed","ping_status":"closed","template":"","meta":{"_acf_changed":false,"_yoast_wpseo_focuskw":"vergalh\u00e3o direto da f\u00e1brica em Trindade","_yoast_wpseo_title":"Vergalh\u00e3o Direto da F\u00e1brica em Trindade: Qualidade e Efici\u00eancia na Constru\u00e7\u00e3o Civil","_yoast_wpseo_metadesc":"Adquira vergalh\u00e3o direto da f\u00e1brica em Trindade com a BR A\u00e7o. Qualidade, seguran\u00e7a e entrega r\u00e1pida para seus projetos na constru\u00e7\u00e3o civil.","neve_meta_sidebar":"","neve_meta_container":"","neve_meta_enable_content_width":"","neve_meta_content_width":0,"neve_meta_title_alignment":"","neve_meta_author_avatar":"","neve_post_elements_order":"","neve_meta_disable_header":"","neve_meta_disable_footer":"","neve_meta_disable_title":"","footnotes":""},"class_list":["post-8424","page","type-page","status-publish","hentry"],"acf":{"introducao":"","conceitos_fundamentais":"","como_funciona":"","como_aplicar_no_dia_a_dia":"","principais_utilizacoes_e_beneficios":"","tipos_e_classificacoes":"","tecnologias_e_ferramentas_relacionadas":"","exemplos_e_casos_de_sucesso":"","mitos_e_verdades":"","perguntas_frequentes_faq":"","erros_comuns_e_como_evita-los":"","futuro_e_tendencias":"","conclusao":"","bloco1title":"Qualidade Certificada","bloco1text":"Nosso vergalh\u00e3o direto da f\u00e1brica em Trindade \u00e9 produzido com padr\u00f5es rigorosos de qualidade, garantindo maior seguran\u00e7a nas suas obras.","bloco2title":"Entrega R\u00e1pida","bloco2text":"Oferecemos prazos de entrega competitivos, pois sabemos que cada dia conta na execu\u00e7\u00e3o dos seus projetos.","bloco3title":"Inova\u00e7\u00e3o Constante","bloco3text":"Investimos em tecnologia para otimizar nossos processos, assegurando que nosso vergalh\u00e3o direto da f\u00e1brica em Trindade atenda \u00e0s suas necessidades.","insightwidtitle":"Curiosidades sobre o A\u00e7o","insightwidcontent":"Voc\u00ea sabia que o a\u00e7o \u00e9 um dos materiais mais recicl\u00e1veis do mundo? O vergalh\u00e3o que voc\u00ea adquire na BR A\u00e7o, proveniente da f\u00e1brica em Trindade, \u00e9 produzido utilizando processos que visam a sustentabilidade. O a\u00e7o pode passar por um ciclo de reciclagem infinito, retornando \u00e0 sua forma original sem perda de qualidade. Essa caracter\u00edstica n\u00e3o s\u00f3 reduz o impacto ambiental, mas tamb\u00e9m diminui custos. Investir em a\u00e7o reciclado \u00e9 tamb\u00e9m investir no futuro do planeta."},"yoast_head":"<!-- This site is optimized with the Yoast SEO plugin v23.4 - https:\/\/yoast.com\/wordpress\/plugins\/seo\/ -->\n<title>Vergalh\u00e3o Direto da F\u00e1brica em Trindade: Qualidade e Efici\u00eancia na Constru\u00e7\u00e3o Civil<\/title>\n<meta name=\"description\" content=\"Adquira vergalh\u00e3o direto da f\u00e1brica em Trindade com a BR A\u00e7o. Qualidade, seguran\u00e7a e entrega r\u00e1pida para seus projetos na constru\u00e7\u00e3o civil.\" \/>\n<meta name=\"robots\" content=\"index, follow, max-snippet:-1, max-image-preview:large, max-video-preview:-1\" \/>\n<link rel=\"canonical\" href=\"https:\/\/grupobraco.com.br\/conteudo\/vergalhao-direto-da-fabrica-em-trindade-a-revolucao-na-construcao-civil-2\/\" \/>\n<meta property=\"og:locale\" content=\"pt_BR\" \/>\n<meta property=\"og:type\" content=\"article\" \/>\n<meta property=\"og:title\" content=\"Vergalh\u00e3o Direto da F\u00e1brica em Trindade: Qualidade e Efici\u00eancia na Constru\u00e7\u00e3o Civil\" \/>\n<meta property=\"og:description\" content=\"Adquira vergalh\u00e3o direto da f\u00e1brica em Trindade com a BR A\u00e7o. Qualidade, seguran\u00e7a e entrega r\u00e1pida para seus projetos na constru\u00e7\u00e3o civil.\" \/>\n<meta property=\"og:url\" content=\"https:\/\/grupobraco.com.br\/conteudo\/vergalhao-direto-da-fabrica-em-trindade-a-revolucao-na-construcao-civil-2\/\" \/>\n<meta property=\"og:site_name\" content=\"Br A\u00e7o\" \/>\n<meta name=\"twitter:card\" content=\"summary_large_image\" \/>\n<meta name=\"twitter:label1\" content=\"Est. tempo de leitura\" \/>\n\t<meta name=\"twitter:data1\" content=\"1 minuto\" \/>\n<script type=\"application\/ld+json\" class=\"yoast-schema-graph\">{\"@context\":\"https:\/\/schema.org\",\"@graph\":[{\"@type\":\"WebPage\",\"@id\":\"https:\/\/grupobraco.com.br\/conteudo\/vergalhao-direto-da-fabrica-em-trindade-a-revolucao-na-construcao-civil-2\/\",\"url\":\"https:\/\/grupobraco.com.br\/conteudo\/vergalhao-direto-da-fabrica-em-trindade-a-revolucao-na-construcao-civil-2\/\",\"name\":\"Vergalh\u00e3o Direto da F\u00e1brica em Trindade: Qualidade e Efici\u00eancia na Constru\u00e7\u00e3o Civil\",\"isPartOf\":{\"@id\":\"https:\/\/grupobraco.com.br\/conteudo\/#website\"},\"datePublished\":\"2025-05-07T05:45:52+00:00\",\"dateModified\":\"2025-05-07T05:45:52+00:00\",\"description\":\"Adquira vergalh\u00e3o direto da f\u00e1brica em Trindade com a BR A\u00e7o. Qualidade, seguran\u00e7a e entrega r\u00e1pida para seus projetos na constru\u00e7\u00e3o civil.\",\"breadcrumb\":{\"@id\":\"https:\/\/grupobraco.com.br\/conteudo\/vergalhao-direto-da-fabrica-em-trindade-a-revolucao-na-construcao-civil-2\/#breadcrumb\"},\"inLanguage\":\"pt-BR\",\"potentialAction\":[{\"@type\":\"ReadAction\",\"target\":[\"https:\/\/grupobraco.com.br\/conteudo\/vergalhao-direto-da-fabrica-em-trindade-a-revolucao-na-construcao-civil-2\/\"]}]},{\"@type\":\"BreadcrumbList\",\"@id\":\"https:\/\/grupobraco.com.br\/conteudo\/vergalhao-direto-da-fabrica-em-trindade-a-revolucao-na-construcao-civil-2\/#breadcrumb\",\"itemListElement\":[{\"@type\":\"ListItem\",\"position\":1,\"name\":\"Home\",\"item\":\"https:\/\/grupobraco.com.br\/conteudo\/\"},{\"@type\":\"ListItem\",\"position\":2,\"name\":\"Vergalh\u00e3o Direto da F\u00e1brica em Trindade: A Revolu\u00e7\u00e3o na Constru\u00e7\u00e3o Civil\"}]},{\"@type\":\"WebSite\",\"@id\":\"https:\/\/grupobraco.com.br\/conteudo\/#website\",\"url\":\"https:\/\/grupobraco.com.br\/conteudo\/\",\"name\":\"Br A\u00e7o\",\"description\":\"Seus projetos na velocidade m\u00e1xima\",\"publisher\":{\"@id\":\"https:\/\/grupobraco.com.br\/conteudo\/#organization\"},\"potentialAction\":[{\"@type\":\"SearchAction\",\"target\":{\"@type\":\"EntryPoint\",\"urlTemplate\":\"https:\/\/grupobraco.com.br\/conteudo\/?s={search_term_string}\"},\"query-input\":{\"@type\":\"PropertyValueSpecification\",\"valueRequired\":true,\"valueName\":\"search_term_string\"}}],\"inLanguage\":\"pt-BR\"},{\"@type\":\"Organization\",\"@id\":\"https:\/\/grupobraco.com.br\/conteudo\/#organization\",\"name\":\"Br A\u00e7o\",\"url\":\"https:\/\/grupobraco.com.br\/conteudo\/\",\"logo\":{\"@type\":\"ImageObject\",\"inLanguage\":\"pt-BR\",\"@id\":\"https:\/\/grupobraco.com.br\/conteudo\/#\/schema\/logo\/image\/\",\"url\":\"https:\/\/grupobraco.com.br\/conteudo\/wp-content\/uploads\/2025\/04\/Z340-Logotipia-Reestruturacao-do-Branding.png\",\"contentUrl\":\"https:\/\/grupobraco.com.br\/conteudo\/wp-content\/uploads\/2025\/04\/Z340-Logotipia-Reestruturacao-do-Branding.png\",\"width\":1530,\"height\":1080,\"caption\":\"Br A\u00e7o\"},\"image\":{\"@id\":\"https:\/\/grupobraco.com.br\/conteudo\/#\/schema\/logo\/image\/\"}}]}<\/script>\n<!-- \/ Yoast SEO plugin. -->","yoast_head_json":{"title":"Vergalh\u00e3o Direto da F\u00e1brica em Trindade: Qualidade e Efici\u00eancia na Constru\u00e7\u00e3o Civil","description":"Adquira vergalh\u00e3o direto da f\u00e1brica em Trindade com a BR A\u00e7o. Qualidade, seguran\u00e7a e entrega r\u00e1pida para seus projetos na constru\u00e7\u00e3o civil.","robots":{"index":"index","follow":"follow","max-snippet":"max-snippet:-1","max-image-preview":"max-image-preview:large","max-video-preview":"max-video-preview:-1"},"canonical":"https:\/\/grupobraco.com.br\/conteudo\/vergalhao-direto-da-fabrica-em-trindade-a-revolucao-na-construcao-civil-2\/","og_locale":"pt_BR","og_type":"article","og_title":"Vergalh\u00e3o Direto da F\u00e1brica em Trindade: Qualidade e Efici\u00eancia na Constru\u00e7\u00e3o Civil","og_description":"Adquira vergalh\u00e3o direto da f\u00e1brica em Trindade com a BR A\u00e7o. Qualidade, seguran\u00e7a e entrega r\u00e1pida para seus projetos na constru\u00e7\u00e3o civil.","og_url":"https:\/\/grupobraco.com.br\/conteudo\/vergalhao-direto-da-fabrica-em-trindade-a-revolucao-na-construcao-civil-2\/","og_site_name":"Br A\u00e7o","twitter_card":"summary_large_image","twitter_misc":{"Est. tempo de leitura":"1 minuto"},"schema":{"@context":"https:\/\/schema.org","@graph":[{"@type":"WebPage","@id":"https:\/\/grupobraco.com.br\/conteudo\/vergalhao-direto-da-fabrica-em-trindade-a-revolucao-na-construcao-civil-2\/","url":"https:\/\/grupobraco.com.br\/conteudo\/vergalhao-direto-da-fabrica-em-trindade-a-revolucao-na-construcao-civil-2\/","name":"Vergalh\u00e3o Direto da F\u00e1brica em Trindade: Qualidade e Efici\u00eancia na Constru\u00e7\u00e3o Civil","isPartOf":{"@id":"https:\/\/grupobraco.com.br\/conteudo\/#website"},"datePublished":"2025-05-07T05:45:52+00:00","dateModified":"2025-05-07T05:45:52+00:00","description":"Adquira vergalh\u00e3o direto da f\u00e1brica em Trindade com a BR A\u00e7o. Qualidade, seguran\u00e7a e entrega r\u00e1pida para seus projetos na constru\u00e7\u00e3o civil.","breadcrumb":{"@id":"https:\/\/grupobraco.com.br\/conteudo\/vergalhao-direto-da-fabrica-em-trindade-a-revolucao-na-construcao-civil-2\/#breadcrumb"},"inLanguage":"pt-BR","potentialAction":[{"@type":"ReadAction","target":["https:\/\/grupobraco.com.br\/conteudo\/vergalhao-direto-da-fabrica-em-trindade-a-revolucao-na-construcao-civil-2\/"]}]},{"@type":"BreadcrumbList","@id":"https:\/\/grupobraco.com.br\/conteudo\/vergalhao-direto-da-fabrica-em-trindade-a-revolucao-na-construcao-civil-2\/#breadcrumb","itemListElement":[{"@type":"ListItem","position":1,"name":"Home","item":"https:\/\/grupobraco.com.br\/conteudo\/"},{"@type":"ListItem","position":2,"name":"Vergalh\u00e3o Direto da F\u00e1brica em Trindade: A Revolu\u00e7\u00e3o na Constru\u00e7\u00e3o Civil"}]},{"@type":"WebSite","@id":"https:\/\/grupobraco.com.br\/conteudo\/#website","url":"https:\/\/grupobraco.com.br\/conteudo\/","name":"Br A\u00e7o","description":"Seus projetos na velocidade m\u00e1xima","publisher":{"@id":"https:\/\/grupobraco.com.br\/conteudo\/#organization"},"potentialAction":[{"@type":"SearchAction","target":{"@type":"EntryPoint","urlTemplate":"https:\/\/grupobraco.com.br\/conteudo\/?s={search_term_string}"},"query-input":{"@type":"PropertyValueSpecification","valueRequired":true,"valueName":"search_term_string"}}],"inLanguage":"pt-BR"},{"@type":"Organization","@id":"https:\/\/grupobraco.com.br\/conteudo\/#organization","name":"Br A\u00e7o","url":"https:\/\/grupobraco.com.br\/conteudo\/","logo":{"@type":"ImageObject","inLanguage":"pt-BR","@id":"https:\/\/grupobraco.com.br\/conteudo\/#\/schema\/logo\/image\/","url":"https:\/\/grupobraco.com.br\/conteudo\/wp-content\/uploads\/2025\/04\/Z340-Logotipia-Reestruturacao-do-Branding.png","contentUrl":"https:\/\/grupobraco.com.br\/conteudo\/wp-content\/uploads\/2025\/04\/Z340-Logotipia-Reestruturacao-do-Branding.png","width":1530,"height":1080,"caption":"Br A\u00e7o"},"image":{"@id":"https:\/\/grupobraco.com.br\/conteudo\/#\/schema\/logo\/image\/"}}]}},"_links":{"self":[{"href":"https:\/\/grupobraco.com.br\/conteudo\/wp-json\/wp\/v2\/pages\/8424","targetHints":{"allow":["GET"]}}],"collection":[{"href":"https:\/\/grupobraco.com.br\/conteudo\/wp-json\/wp\/v2\/pages"}],"about":[{"href":"https:\/\/grupobraco.com.br\/conteudo\/wp-json\/wp\/v2\/types\/page"}],"author":[{"embeddable":true,"href":"https:\/\/grupobraco.com.br\/conteudo\/wp-json\/wp\/v2\/users\/3"}],"replies":[{"embeddable":true,"href":"https:\/\/grupobraco.com.br\/conteudo\/wp-json\/wp\/v2\/comments?post=8424"}],"version-history":[{"count":0,"href":"https:\/\/grupobraco.com.br\/conteudo\/wp-json\/wp\/v2\/pages\/8424\/revisions"}],"wp:attachment":[{"href":"https:\/\/grupobraco.com.br\/conteudo\/wp-json\/wp\/v2\/media?parent=8424"}],"curies":[{"name":"wp","href":"https:\/\/api.w.org\/{rel}","templated":true}]}}