{"id":774,"date":"2025-03-25T15:45:45","date_gmt":"2025-03-25T15:45:45","guid":{"rendered":"https:\/\/grupobraco.com.br\/conteudo\/descubra-os-melhores-precos-de-vergalhao-em-catalao-com-a-br-aco\/"},"modified":"2025-03-25T15:45:45","modified_gmt":"2025-03-25T15:45:45","slug":"descubra-os-melhores-precos-de-vergalhao-em-catalao-com-a-br-aco","status":"publish","type":"page","link":"https:\/\/grupobraco.com.br\/conteudo\/descubra-os-melhores-precos-de-vergalhao-em-catalao-com-a-br-aco\/","title":{"rendered":"Descubra os Melhores Pre\u00e7os de Vergalh\u00e3o em Catal\u00e3o com a BR A\u00e7o"},"content":{"rendered":"<p>Se voc\u00ea est\u00e1 buscando informa\u00e7\u00f5es detalhadas sobre &#8220;vergalh\u00e3o pre\u00e7o em Catal\u00e3o&#8221;, veio ao lugar certo. A BR A\u00e7o se destaca como uma das principais fornecedoras de vergalh\u00e3o na regi\u00e3o, oferecendo produtos de alta qualidade e pre\u00e7os competitivos. Sabemos que o vergalh\u00e3o \u00e9 essencial para a constru\u00e7\u00e3o civil, pois fornece a resist\u00eancia necess\u00e1ria para as estruturas, \u00e9 fundamental escolher um fornecedor que combine qualidade com custo-benef\u00edcio. Aqui, vamos explorar n\u00e3o s\u00f3 o pre\u00e7o do vergalh\u00e3o em Catal\u00e3o, mas tamb\u00e9m os diferenciais que tornam a BR A\u00e7o a escolha ideal para seus projetos de constru\u00e7\u00e3o. Nossa miss\u00e3o \u00e9 oferecer n\u00e3o apenas produtos, mas solu\u00e7\u00f5es completas que garantam o sucesso de cada obra. Com um atendimento personalizado e informa\u00e7\u00f5es claras sobre nosso portf\u00f3lio de produtos, estamos prontos para ser seu parceiro na constru\u00e7\u00e3o. Portanto, continue lendo para descobrir tudo que voc\u00ea precisa saber sobre &#8220;vergalh\u00e3o pre\u00e7o em Catal\u00e3o&#8221; e como a BR A\u00e7o pode atend\u00ea-lo com a agilidade e qualidade que voc\u00ea procura.<\/p>\n","protected":false},"excerpt":{"rendered":"<p>Se voc\u00ea est\u00e1 buscando informa\u00e7\u00f5es detalhadas sobre &#8220;vergalh\u00e3o pre\u00e7o em Catal\u00e3o&#8221;, veio ao lugar certo. A BR A\u00e7o se destaca como uma das principais fornecedoras de vergalh\u00e3o na regi\u00e3o, oferecendo produtos de alta qualidade e pre\u00e7os competitivos. Sabemos que o vergalh\u00e3o \u00e9 essencial para a constru\u00e7\u00e3o civil, pois fornece a resist\u00eancia necess\u00e1ria para as estruturas,&hellip;&nbsp;<a href=\"https:\/\/grupobraco.com.br\/conteudo\/descubra-os-melhores-precos-de-vergalhao-em-catalao-com-a-br-aco\/\" class=\"\" rel=\"bookmark\">Continue a ler &raquo;<span class=\"screen-reader-text\">Descubra os Melhores Pre\u00e7os de Vergalh\u00e3o em Catal\u00e3o com a BR A\u00e7o<\/span><\/a><\/p>\n","protected":false},"author":3,"featured_media":0,"parent":0,"menu_order":0,"comment_status":"closed","ping_status":"closed","template":"","meta":{"_acf_changed":false,"_yoast_wpseo_focuskw":"vergalh\u00e3o pre\u00e7o em Catal\u00e3o","_yoast_wpseo_title":"Vergalh\u00e3o Pre\u00e7o em Catal\u00e3o - Qualidade e Agilidade com a BR A\u00e7o","_yoast_wpseo_metadesc":"Descubra o melhor pre\u00e7o de vergalh\u00e3o em Catal\u00e3o com a BR A\u00e7o. Produtos de alta qualidade e entrega r\u00e1pida para sua obra.","neve_meta_sidebar":"","neve_meta_container":"","neve_meta_enable_content_width":"","neve_meta_content_width":0,"neve_meta_title_alignment":"","neve_meta_author_avatar":"","neve_post_elements_order":"","neve_meta_disable_header":"","neve_meta_disable_footer":"","neve_meta_disable_title":"","footnotes":""},"class_list":["post-774","page","type-page","status-publish","hentry"],"acf":{"introducao":"","conceitos_fundamentais":"","como_funciona":"","como_aplicar_no_dia_a_dia":"","principais_utilizacoes_e_beneficios":"","tipos_e_classificacoes":"","tecnologias_e_ferramentas_relacionadas":"","exemplos_e_casos_de_sucesso":"","mitos_e_verdades":"","perguntas_frequentes_faq":"","erros_comuns_e_como_evita-los":"","futuro_e_tendencias":"","conclusao":"","bloco1title":"Qualidade Superior","bloco1text":"Nosso vergalh\u00e3o \u00e9 produzido com padr\u00f5es rigorosos de qualidade, garantindo resist\u00eancia e durabilidade em suas obras.","bloco2title":"Atendimento Personalizado","bloco2text":"Estamos prontos para atender cada cliente de forma \u00fanica, esclarecendo d\u00favidas sobre vergalh\u00e3o e seus principais usos.","bloco3title":"Normas T\u00e9cnicas","bloco3text":"Todos os nossos produtos atendem \u00e0s normas t\u00e9cnicas da ABNT, assegurando seguran\u00e7a e confiabilidade em sua compra.","insightwidtitle":"Curiosidades sobre Vergalh\u00e3o","insightwidcontent":"Voc\u00ea sabia que o vergalh\u00e3o \u00e9 fabricado em diferentes tipos e espessuras? Cada tipo de vergalh\u00e3o tem uma aplica\u00e7\u00e3o espec\u00edfica, como o CA-50 e o CA-60, usados em obras de alta resist\u00eancia e estruturas de grande porte. Al\u00e9m disso, na constru\u00e7\u00e3o civil, o uso adequado do vergalh\u00e3o pode evitar rachaduras e garantir maior durabilidade \u00e0s edifica\u00e7\u00f5es, mostrando a import\u00e2ncia de adquirir materiais de qualidade como os oferecidos pela BR A\u00e7o."},"yoast_head":"<!-- This site is optimized with the Yoast SEO plugin v23.4 - https:\/\/yoast.com\/wordpress\/plugins\/seo\/ -->\n<title>Vergalh\u00e3o Pre\u00e7o em Catal\u00e3o - Qualidade e Agilidade com a BR A\u00e7o<\/title>\n<meta name=\"description\" content=\"Descubra o melhor pre\u00e7o de vergalh\u00e3o em Catal\u00e3o com a BR A\u00e7o. Produtos de alta qualidade e entrega r\u00e1pida para sua obra.\" \/>\n<meta name=\"robots\" content=\"index, follow, max-snippet:-1, max-image-preview:large, max-video-preview:-1\" \/>\n<link rel=\"canonical\" href=\"https:\/\/grupobraco.com.br\/conteudo\/descubra-os-melhores-precos-de-vergalhao-em-catalao-com-a-br-aco\/\" \/>\n<meta property=\"og:locale\" content=\"pt_BR\" \/>\n<meta property=\"og:type\" content=\"article\" \/>\n<meta property=\"og:title\" content=\"Vergalh\u00e3o Pre\u00e7o em Catal\u00e3o - Qualidade e Agilidade com a BR A\u00e7o\" \/>\n<meta property=\"og:description\" content=\"Descubra o melhor pre\u00e7o de vergalh\u00e3o em Catal\u00e3o com a BR A\u00e7o. Produtos de alta qualidade e entrega r\u00e1pida para sua obra.\" \/>\n<meta property=\"og:url\" content=\"https:\/\/grupobraco.com.br\/conteudo\/descubra-os-melhores-precos-de-vergalhao-em-catalao-com-a-br-aco\/\" \/>\n<meta property=\"og:site_name\" content=\"Br A\u00e7o\" \/>\n<meta name=\"twitter:card\" content=\"summary_large_image\" \/>\n<meta name=\"twitter:label1\" content=\"Est. tempo de leitura\" \/>\n\t<meta name=\"twitter:data1\" content=\"1 minuto\" \/>\n<script type=\"application\/ld+json\" class=\"yoast-schema-graph\">{\"@context\":\"https:\/\/schema.org\",\"@graph\":[{\"@type\":\"WebPage\",\"@id\":\"https:\/\/grupobraco.com.br\/conteudo\/descubra-os-melhores-precos-de-vergalhao-em-catalao-com-a-br-aco\/\",\"url\":\"https:\/\/grupobraco.com.br\/conteudo\/descubra-os-melhores-precos-de-vergalhao-em-catalao-com-a-br-aco\/\",\"name\":\"Vergalh\u00e3o Pre\u00e7o em Catal\u00e3o - Qualidade e Agilidade com a BR A\u00e7o\",\"isPartOf\":{\"@id\":\"https:\/\/grupobraco.com.br\/conteudo\/#website\"},\"datePublished\":\"2025-03-25T15:45:45+00:00\",\"dateModified\":\"2025-03-25T15:45:45+00:00\",\"description\":\"Descubra o melhor pre\u00e7o de vergalh\u00e3o em Catal\u00e3o com a BR A\u00e7o. Produtos de alta qualidade e entrega r\u00e1pida para sua obra.\",\"breadcrumb\":{\"@id\":\"https:\/\/grupobraco.com.br\/conteudo\/descubra-os-melhores-precos-de-vergalhao-em-catalao-com-a-br-aco\/#breadcrumb\"},\"inLanguage\":\"pt-BR\",\"potentialAction\":[{\"@type\":\"ReadAction\",\"target\":[\"https:\/\/grupobraco.com.br\/conteudo\/descubra-os-melhores-precos-de-vergalhao-em-catalao-com-a-br-aco\/\"]}]},{\"@type\":\"BreadcrumbList\",\"@id\":\"https:\/\/grupobraco.com.br\/conteudo\/descubra-os-melhores-precos-de-vergalhao-em-catalao-com-a-br-aco\/#breadcrumb\",\"itemListElement\":[{\"@type\":\"ListItem\",\"position\":1,\"name\":\"Home\",\"item\":\"https:\/\/grupobraco.com.br\/conteudo\/\"},{\"@type\":\"ListItem\",\"position\":2,\"name\":\"Descubra os Melhores Pre\u00e7os de Vergalh\u00e3o em Catal\u00e3o com a BR A\u00e7o\"}]},{\"@type\":\"WebSite\",\"@id\":\"https:\/\/grupobraco.com.br\/conteudo\/#website\",\"url\":\"https:\/\/grupobraco.com.br\/conteudo\/\",\"name\":\"Br A\u00e7o\",\"description\":\"Seus projetos na velocidade m\u00e1xima\",\"publisher\":{\"@id\":\"https:\/\/grupobraco.com.br\/conteudo\/#organization\"},\"potentialAction\":[{\"@type\":\"SearchAction\",\"target\":{\"@type\":\"EntryPoint\",\"urlTemplate\":\"https:\/\/grupobraco.com.br\/conteudo\/?s={search_term_string}\"},\"query-input\":{\"@type\":\"PropertyValueSpecification\",\"valueRequired\":true,\"valueName\":\"search_term_string\"}}],\"inLanguage\":\"pt-BR\"},{\"@type\":\"Organization\",\"@id\":\"https:\/\/grupobraco.com.br\/conteudo\/#organization\",\"name\":\"Br A\u00e7o\",\"url\":\"https:\/\/grupobraco.com.br\/conteudo\/\",\"logo\":{\"@type\":\"ImageObject\",\"inLanguage\":\"pt-BR\",\"@id\":\"https:\/\/grupobraco.com.br\/conteudo\/#\/schema\/logo\/image\/\",\"url\":\"https:\/\/grupobraco.com.br\/conteudo\/wp-content\/uploads\/2025\/04\/Z340-Logotipia-Reestruturacao-do-Branding.png\",\"contentUrl\":\"https:\/\/grupobraco.com.br\/conteudo\/wp-content\/uploads\/2025\/04\/Z340-Logotipia-Reestruturacao-do-Branding.png\",\"width\":1530,\"height\":1080,\"caption\":\"Br A\u00e7o\"},\"image\":{\"@id\":\"https:\/\/grupobraco.com.br\/conteudo\/#\/schema\/logo\/image\/\"}}]}<\/script>\n<!-- \/ Yoast SEO plugin. -->","yoast_head_json":{"title":"Vergalh\u00e3o Pre\u00e7o em Catal\u00e3o - Qualidade e Agilidade com a BR A\u00e7o","description":"Descubra o melhor pre\u00e7o de vergalh\u00e3o em Catal\u00e3o com a BR A\u00e7o. Produtos de alta qualidade e entrega r\u00e1pida para sua obra.","robots":{"index":"index","follow":"follow","max-snippet":"max-snippet:-1","max-image-preview":"max-image-preview:large","max-video-preview":"max-video-preview:-1"},"canonical":"https:\/\/grupobraco.com.br\/conteudo\/descubra-os-melhores-precos-de-vergalhao-em-catalao-com-a-br-aco\/","og_locale":"pt_BR","og_type":"article","og_title":"Vergalh\u00e3o Pre\u00e7o em Catal\u00e3o - Qualidade e Agilidade com a BR A\u00e7o","og_description":"Descubra o melhor pre\u00e7o de vergalh\u00e3o em Catal\u00e3o com a BR A\u00e7o. Produtos de alta qualidade e entrega r\u00e1pida para sua obra.","og_url":"https:\/\/grupobraco.com.br\/conteudo\/descubra-os-melhores-precos-de-vergalhao-em-catalao-com-a-br-aco\/","og_site_name":"Br A\u00e7o","twitter_card":"summary_large_image","twitter_misc":{"Est. tempo de leitura":"1 minuto"},"schema":{"@context":"https:\/\/schema.org","@graph":[{"@type":"WebPage","@id":"https:\/\/grupobraco.com.br\/conteudo\/descubra-os-melhores-precos-de-vergalhao-em-catalao-com-a-br-aco\/","url":"https:\/\/grupobraco.com.br\/conteudo\/descubra-os-melhores-precos-de-vergalhao-em-catalao-com-a-br-aco\/","name":"Vergalh\u00e3o Pre\u00e7o em Catal\u00e3o - Qualidade e Agilidade com a BR A\u00e7o","isPartOf":{"@id":"https:\/\/grupobraco.com.br\/conteudo\/#website"},"datePublished":"2025-03-25T15:45:45+00:00","dateModified":"2025-03-25T15:45:45+00:00","description":"Descubra o melhor pre\u00e7o de vergalh\u00e3o em Catal\u00e3o com a BR A\u00e7o. Produtos de alta qualidade e entrega r\u00e1pida para sua obra.","breadcrumb":{"@id":"https:\/\/grupobraco.com.br\/conteudo\/descubra-os-melhores-precos-de-vergalhao-em-catalao-com-a-br-aco\/#breadcrumb"},"inLanguage":"pt-BR","potentialAction":[{"@type":"ReadAction","target":["https:\/\/grupobraco.com.br\/conteudo\/descubra-os-melhores-precos-de-vergalhao-em-catalao-com-a-br-aco\/"]}]},{"@type":"BreadcrumbList","@id":"https:\/\/grupobraco.com.br\/conteudo\/descubra-os-melhores-precos-de-vergalhao-em-catalao-com-a-br-aco\/#breadcrumb","itemListElement":[{"@type":"ListItem","position":1,"name":"Home","item":"https:\/\/grupobraco.com.br\/conteudo\/"},{"@type":"ListItem","position":2,"name":"Descubra os Melhores Pre\u00e7os de Vergalh\u00e3o em Catal\u00e3o com a BR A\u00e7o"}]},{"@type":"WebSite","@id":"https:\/\/grupobraco.com.br\/conteudo\/#website","url":"https:\/\/grupobraco.com.br\/conteudo\/","name":"Br A\u00e7o","description":"Seus projetos na velocidade m\u00e1xima","publisher":{"@id":"https:\/\/grupobraco.com.br\/conteudo\/#organization"},"potentialAction":[{"@type":"SearchAction","target":{"@type":"EntryPoint","urlTemplate":"https:\/\/grupobraco.com.br\/conteudo\/?s={search_term_string}"},"query-input":{"@type":"PropertyValueSpecification","valueRequired":true,"valueName":"search_term_string"}}],"inLanguage":"pt-BR"},{"@type":"Organization","@id":"https:\/\/grupobraco.com.br\/conteudo\/#organization","name":"Br A\u00e7o","url":"https:\/\/grupobraco.com.br\/conteudo\/","logo":{"@type":"ImageObject","inLanguage":"pt-BR","@id":"https:\/\/grupobraco.com.br\/conteudo\/#\/schema\/logo\/image\/","url":"https:\/\/grupobraco.com.br\/conteudo\/wp-content\/uploads\/2025\/04\/Z340-Logotipia-Reestruturacao-do-Branding.png","contentUrl":"https:\/\/grupobraco.com.br\/conteudo\/wp-content\/uploads\/2025\/04\/Z340-Logotipia-Reestruturacao-do-Branding.png","width":1530,"height":1080,"caption":"Br A\u00e7o"},"image":{"@id":"https:\/\/grupobraco.com.br\/conteudo\/#\/schema\/logo\/image\/"}}]}},"_links":{"self":[{"href":"https:\/\/grupobraco.com.br\/conteudo\/wp-json\/wp\/v2\/pages\/774","targetHints":{"allow":["GET"]}}],"collection":[{"href":"https:\/\/grupobraco.com.br\/conteudo\/wp-json\/wp\/v2\/pages"}],"about":[{"href":"https:\/\/grupobraco.com.br\/conteudo\/wp-json\/wp\/v2\/types\/page"}],"author":[{"embeddable":true,"href":"https:\/\/grupobraco.com.br\/conteudo\/wp-json\/wp\/v2\/users\/3"}],"replies":[{"embeddable":true,"href":"https:\/\/grupobraco.com.br\/conteudo\/wp-json\/wp\/v2\/comments?post=774"}],"version-history":[{"count":0,"href":"https:\/\/grupobraco.com.br\/conteudo\/wp-json\/wp\/v2\/pages\/774\/revisions"}],"wp:attachment":[{"href":"https:\/\/grupobraco.com.br\/conteudo\/wp-json\/wp\/v2\/media?parent=774"}],"curies":[{"name":"wp","href":"https:\/\/api.w.org\/{rel}","templated":true}]}}