{"id":7674,"date":"2025-04-30T16:45:54","date_gmt":"2025-04-30T16:45:54","guid":{"rendered":"https:\/\/grupobraco.com.br\/conteudo\/vergalhao-direto-da-fabrica-em-aparecida-de-goiania-a-revolucao-na-construcao-civil\/"},"modified":"2025-04-30T16:45:54","modified_gmt":"2025-04-30T16:45:54","slug":"vergalhao-direto-da-fabrica-em-aparecida-de-goiania-a-revolucao-na-construcao-civil","status":"publish","type":"page","link":"https:\/\/grupobraco.com.br\/conteudo\/vergalhao-direto-da-fabrica-em-aparecida-de-goiania-a-revolucao-na-construcao-civil\/","title":{"rendered":"Vergalh\u00e3o Direto da F\u00e1brica em Aparecida de Goi\u00e2nia: A Revolu\u00e7\u00e3o na Constru\u00e7\u00e3o Civil"},"content":{"rendered":"<p>Conhe\u00e7a tudo sobre o vergalh\u00e3o direto da f\u00e1brica em Aparecida de Goi\u00e2nia, um produto essencial que garante a qualidade e seguran\u00e7a nas obras. A BR A\u00e7o se destaca nesse mercado oferecendo produtos de alta durabilidade e resist\u00eancia, essenciais para qualquer projeto de constru\u00e7\u00e3o civil. Com uma equipe altamente capacitada, nossa prioridade \u00e9 fornecer n\u00e3o apenas produtos, mas solu\u00e7\u00f5es de engenharia que atendam \u00e0s necessidades espec\u00edficas de cada cliente. Ao optar pelo vergalh\u00e3o direto da BR A\u00e7o, voc\u00ea est\u00e1 escolhendo um material que passou por rigorosos processos de controle de qualidade e que atende \u00e0s normas t\u00e9cnicas mais exigentes. Isso garante a resist\u00eancia e seguran\u00e7a necess\u00e1rias para garantir a longevidade e a integridade estrutural das constru\u00e7\u00f5es. Al\u00e9m disso, a locomo\u00e7\u00e3o e distribui\u00e7\u00e3o do produto at\u00e9 o local da obra s\u00e3o feitas de forma \u00e1gil, assegurando que voc\u00ea tenha o material necess\u00e1rio no momento exato que precisa, sem atrasos.<\/p>\n","protected":false},"excerpt":{"rendered":"<p>Conhe\u00e7a tudo sobre o vergalh\u00e3o direto da f\u00e1brica em Aparecida de Goi\u00e2nia, um produto essencial que garante a qualidade e seguran\u00e7a nas obras. A BR A\u00e7o se destaca nesse mercado oferecendo produtos de alta durabilidade e resist\u00eancia, essenciais para qualquer projeto de constru\u00e7\u00e3o civil. Com uma equipe altamente capacitada, nossa prioridade \u00e9 fornecer n\u00e3o apenas&hellip;&nbsp;<a href=\"https:\/\/grupobraco.com.br\/conteudo\/vergalhao-direto-da-fabrica-em-aparecida-de-goiania-a-revolucao-na-construcao-civil\/\" class=\"\" rel=\"bookmark\">Continue a ler &raquo;<span class=\"screen-reader-text\">Vergalh\u00e3o Direto da F\u00e1brica em Aparecida de Goi\u00e2nia: A Revolu\u00e7\u00e3o na Constru\u00e7\u00e3o Civil<\/span><\/a><\/p>\n","protected":false},"author":3,"featured_media":0,"parent":0,"menu_order":0,"comment_status":"closed","ping_status":"closed","template":"","meta":{"_acf_changed":false,"_yoast_wpseo_focuskw":"vergalh\u00e3o direto da f\u00e1brica em Aparecida de Goi\u00e2nia","_yoast_wpseo_title":"Vergalh\u00e3o Direto da F\u00e1brica em Aparecida de Goi\u00e2nia - Qualidade e Agilidade","_yoast_wpseo_metadesc":"Descubra os benef\u00edcios do vergalh\u00e3o direto da f\u00e1brica em Aparecida de Goi\u00e2nia com a BR A\u00e7o. Qualidade, agilidade e confian\u00e7a em um s\u00f3 lugar.","neve_meta_sidebar":"","neve_meta_container":"","neve_meta_enable_content_width":"","neve_meta_content_width":0,"neve_meta_title_alignment":"","neve_meta_author_avatar":"","neve_post_elements_order":"","neve_meta_disable_header":"","neve_meta_disable_footer":"","neve_meta_disable_title":"","footnotes":""},"class_list":["post-7674","page","type-page","status-publish","hentry"],"acf":{"introducao":"","conceitos_fundamentais":"","como_funciona":"","como_aplicar_no_dia_a_dia":"","principais_utilizacoes_e_beneficios":"","tipos_e_classificacoes":"","tecnologias_e_ferramentas_relacionadas":"","exemplos_e_casos_de_sucesso":"","mitos_e_verdades":"","perguntas_frequentes_faq":"","erros_comuns_e_como_evita-los":"","futuro_e_tendencias":"","conclusao":"","bloco1title":"Qualidade do Material","bloco1text":"O vergalh\u00e3o direto da f\u00e1brica \u00e9 fabricado com a\u00e7o de alta qualidade, garantindo durabilidade e resist\u00eancia em suas obras.","bloco2title":"Agilidade na Entrega","bloco2text":"Na BR A\u00e7o, a entrega do vergalh\u00e3o \u00e9 feita de forma r\u00e1pida e segura, atendendo a demanda dos clientes com efici\u00eancia.","bloco3title":"Economia e Desempenho","bloco3text":"Ao adquirir o vergalh\u00e3o direto da f\u00e1brica, voc\u00ea reduz custos com transporte e aumenta o desempenho da sua obra, j\u00e1 que o material \u00e9 oferecido com pre\u00e7os competitivos.","insightwidtitle":"Curiosidades sobre o Vergalh\u00e3o","insightwidcontent":"Voc\u00ea sabia que o vergalh\u00e3o utilizado na constru\u00e7\u00e3o civil possui diferentes tipos e normas espec\u00edficas para cada aplica\u00e7\u00e3o? O vergalh\u00e3o direto da f\u00e1brica em Aparecida de Goi\u00e2nia est\u00e1 sempre em conformidade com as normas NBR, o que garante sua aceita\u00e7\u00e3o em projetos de qualquer porte e complexidade. Essa variedade permite que engenheiros e arquitetos escolham o melhor material para suas obras, maximizando a efici\u00eancia estrutural e a seguran\u00e7a dos projetos."},"yoast_head":"<!-- This site is optimized with the Yoast SEO plugin v23.4 - https:\/\/yoast.com\/wordpress\/plugins\/seo\/ -->\n<title>Vergalh\u00e3o Direto da F\u00e1brica em Aparecida de Goi\u00e2nia - Qualidade e Agilidade<\/title>\n<meta name=\"description\" content=\"Descubra os benef\u00edcios do vergalh\u00e3o direto da f\u00e1brica em Aparecida de Goi\u00e2nia com a BR A\u00e7o. Qualidade, agilidade e confian\u00e7a em um s\u00f3 lugar.\" \/>\n<meta name=\"robots\" content=\"index, follow, max-snippet:-1, max-image-preview:large, max-video-preview:-1\" \/>\n<link rel=\"canonical\" href=\"https:\/\/grupobraco.com.br\/conteudo\/vergalhao-direto-da-fabrica-em-aparecida-de-goiania-a-revolucao-na-construcao-civil\/\" \/>\n<meta property=\"og:locale\" content=\"pt_BR\" \/>\n<meta property=\"og:type\" content=\"article\" \/>\n<meta property=\"og:title\" content=\"Vergalh\u00e3o Direto da F\u00e1brica em Aparecida de Goi\u00e2nia - Qualidade e Agilidade\" \/>\n<meta property=\"og:description\" content=\"Descubra os benef\u00edcios do vergalh\u00e3o direto da f\u00e1brica em Aparecida de Goi\u00e2nia com a BR A\u00e7o. Qualidade, agilidade e confian\u00e7a em um s\u00f3 lugar.\" \/>\n<meta property=\"og:url\" content=\"https:\/\/grupobraco.com.br\/conteudo\/vergalhao-direto-da-fabrica-em-aparecida-de-goiania-a-revolucao-na-construcao-civil\/\" \/>\n<meta property=\"og:site_name\" content=\"Br A\u00e7o\" \/>\n<meta name=\"twitter:card\" content=\"summary_large_image\" \/>\n<meta name=\"twitter:label1\" content=\"Est. tempo de leitura\" \/>\n\t<meta name=\"twitter:data1\" content=\"1 minuto\" \/>\n<script type=\"application\/ld+json\" class=\"yoast-schema-graph\">{\"@context\":\"https:\/\/schema.org\",\"@graph\":[{\"@type\":\"WebPage\",\"@id\":\"https:\/\/grupobraco.com.br\/conteudo\/vergalhao-direto-da-fabrica-em-aparecida-de-goiania-a-revolucao-na-construcao-civil\/\",\"url\":\"https:\/\/grupobraco.com.br\/conteudo\/vergalhao-direto-da-fabrica-em-aparecida-de-goiania-a-revolucao-na-construcao-civil\/\",\"name\":\"Vergalh\u00e3o Direto da F\u00e1brica em Aparecida de Goi\u00e2nia - Qualidade e Agilidade\",\"isPartOf\":{\"@id\":\"https:\/\/grupobraco.com.br\/conteudo\/#website\"},\"datePublished\":\"2025-04-30T16:45:54+00:00\",\"dateModified\":\"2025-04-30T16:45:54+00:00\",\"description\":\"Descubra os benef\u00edcios do vergalh\u00e3o direto da f\u00e1brica em Aparecida de Goi\u00e2nia com a BR A\u00e7o. Qualidade, agilidade e confian\u00e7a em um s\u00f3 lugar.\",\"breadcrumb\":{\"@id\":\"https:\/\/grupobraco.com.br\/conteudo\/vergalhao-direto-da-fabrica-em-aparecida-de-goiania-a-revolucao-na-construcao-civil\/#breadcrumb\"},\"inLanguage\":\"pt-BR\",\"potentialAction\":[{\"@type\":\"ReadAction\",\"target\":[\"https:\/\/grupobraco.com.br\/conteudo\/vergalhao-direto-da-fabrica-em-aparecida-de-goiania-a-revolucao-na-construcao-civil\/\"]}]},{\"@type\":\"BreadcrumbList\",\"@id\":\"https:\/\/grupobraco.com.br\/conteudo\/vergalhao-direto-da-fabrica-em-aparecida-de-goiania-a-revolucao-na-construcao-civil\/#breadcrumb\",\"itemListElement\":[{\"@type\":\"ListItem\",\"position\":1,\"name\":\"Home\",\"item\":\"https:\/\/grupobraco.com.br\/conteudo\/\"},{\"@type\":\"ListItem\",\"position\":2,\"name\":\"Vergalh\u00e3o Direto da F\u00e1brica em Aparecida de Goi\u00e2nia: A Revolu\u00e7\u00e3o na Constru\u00e7\u00e3o Civil\"}]},{\"@type\":\"WebSite\",\"@id\":\"https:\/\/grupobraco.com.br\/conteudo\/#website\",\"url\":\"https:\/\/grupobraco.com.br\/conteudo\/\",\"name\":\"Br A\u00e7o\",\"description\":\"Seus projetos na velocidade m\u00e1xima\",\"publisher\":{\"@id\":\"https:\/\/grupobraco.com.br\/conteudo\/#organization\"},\"potentialAction\":[{\"@type\":\"SearchAction\",\"target\":{\"@type\":\"EntryPoint\",\"urlTemplate\":\"https:\/\/grupobraco.com.br\/conteudo\/?s={search_term_string}\"},\"query-input\":{\"@type\":\"PropertyValueSpecification\",\"valueRequired\":true,\"valueName\":\"search_term_string\"}}],\"inLanguage\":\"pt-BR\"},{\"@type\":\"Organization\",\"@id\":\"https:\/\/grupobraco.com.br\/conteudo\/#organization\",\"name\":\"Br A\u00e7o\",\"url\":\"https:\/\/grupobraco.com.br\/conteudo\/\",\"logo\":{\"@type\":\"ImageObject\",\"inLanguage\":\"pt-BR\",\"@id\":\"https:\/\/grupobraco.com.br\/conteudo\/#\/schema\/logo\/image\/\",\"url\":\"https:\/\/grupobraco.com.br\/conteudo\/wp-content\/uploads\/2025\/04\/Z340-Logotipia-Reestruturacao-do-Branding.png\",\"contentUrl\":\"https:\/\/grupobraco.com.br\/conteudo\/wp-content\/uploads\/2025\/04\/Z340-Logotipia-Reestruturacao-do-Branding.png\",\"width\":1530,\"height\":1080,\"caption\":\"Br A\u00e7o\"},\"image\":{\"@id\":\"https:\/\/grupobraco.com.br\/conteudo\/#\/schema\/logo\/image\/\"}}]}<\/script>\n<!-- \/ Yoast SEO plugin. -->","yoast_head_json":{"title":"Vergalh\u00e3o Direto da F\u00e1brica em Aparecida de Goi\u00e2nia - Qualidade e Agilidade","description":"Descubra os benef\u00edcios do vergalh\u00e3o direto da f\u00e1brica em Aparecida de Goi\u00e2nia com a BR A\u00e7o. Qualidade, agilidade e confian\u00e7a em um s\u00f3 lugar.","robots":{"index":"index","follow":"follow","max-snippet":"max-snippet:-1","max-image-preview":"max-image-preview:large","max-video-preview":"max-video-preview:-1"},"canonical":"https:\/\/grupobraco.com.br\/conteudo\/vergalhao-direto-da-fabrica-em-aparecida-de-goiania-a-revolucao-na-construcao-civil\/","og_locale":"pt_BR","og_type":"article","og_title":"Vergalh\u00e3o Direto da F\u00e1brica em Aparecida de Goi\u00e2nia - Qualidade e Agilidade","og_description":"Descubra os benef\u00edcios do vergalh\u00e3o direto da f\u00e1brica em Aparecida de Goi\u00e2nia com a BR A\u00e7o. Qualidade, agilidade e confian\u00e7a em um s\u00f3 lugar.","og_url":"https:\/\/grupobraco.com.br\/conteudo\/vergalhao-direto-da-fabrica-em-aparecida-de-goiania-a-revolucao-na-construcao-civil\/","og_site_name":"Br A\u00e7o","twitter_card":"summary_large_image","twitter_misc":{"Est. tempo de leitura":"1 minuto"},"schema":{"@context":"https:\/\/schema.org","@graph":[{"@type":"WebPage","@id":"https:\/\/grupobraco.com.br\/conteudo\/vergalhao-direto-da-fabrica-em-aparecida-de-goiania-a-revolucao-na-construcao-civil\/","url":"https:\/\/grupobraco.com.br\/conteudo\/vergalhao-direto-da-fabrica-em-aparecida-de-goiania-a-revolucao-na-construcao-civil\/","name":"Vergalh\u00e3o Direto da F\u00e1brica em Aparecida de Goi\u00e2nia - Qualidade e Agilidade","isPartOf":{"@id":"https:\/\/grupobraco.com.br\/conteudo\/#website"},"datePublished":"2025-04-30T16:45:54+00:00","dateModified":"2025-04-30T16:45:54+00:00","description":"Descubra os benef\u00edcios do vergalh\u00e3o direto da f\u00e1brica em Aparecida de Goi\u00e2nia com a BR A\u00e7o. Qualidade, agilidade e confian\u00e7a em um s\u00f3 lugar.","breadcrumb":{"@id":"https:\/\/grupobraco.com.br\/conteudo\/vergalhao-direto-da-fabrica-em-aparecida-de-goiania-a-revolucao-na-construcao-civil\/#breadcrumb"},"inLanguage":"pt-BR","potentialAction":[{"@type":"ReadAction","target":["https:\/\/grupobraco.com.br\/conteudo\/vergalhao-direto-da-fabrica-em-aparecida-de-goiania-a-revolucao-na-construcao-civil\/"]}]},{"@type":"BreadcrumbList","@id":"https:\/\/grupobraco.com.br\/conteudo\/vergalhao-direto-da-fabrica-em-aparecida-de-goiania-a-revolucao-na-construcao-civil\/#breadcrumb","itemListElement":[{"@type":"ListItem","position":1,"name":"Home","item":"https:\/\/grupobraco.com.br\/conteudo\/"},{"@type":"ListItem","position":2,"name":"Vergalh\u00e3o Direto da F\u00e1brica em Aparecida de Goi\u00e2nia: A Revolu\u00e7\u00e3o na Constru\u00e7\u00e3o Civil"}]},{"@type":"WebSite","@id":"https:\/\/grupobraco.com.br\/conteudo\/#website","url":"https:\/\/grupobraco.com.br\/conteudo\/","name":"Br A\u00e7o","description":"Seus projetos na velocidade m\u00e1xima","publisher":{"@id":"https:\/\/grupobraco.com.br\/conteudo\/#organization"},"potentialAction":[{"@type":"SearchAction","target":{"@type":"EntryPoint","urlTemplate":"https:\/\/grupobraco.com.br\/conteudo\/?s={search_term_string}"},"query-input":{"@type":"PropertyValueSpecification","valueRequired":true,"valueName":"search_term_string"}}],"inLanguage":"pt-BR"},{"@type":"Organization","@id":"https:\/\/grupobraco.com.br\/conteudo\/#organization","name":"Br A\u00e7o","url":"https:\/\/grupobraco.com.br\/conteudo\/","logo":{"@type":"ImageObject","inLanguage":"pt-BR","@id":"https:\/\/grupobraco.com.br\/conteudo\/#\/schema\/logo\/image\/","url":"https:\/\/grupobraco.com.br\/conteudo\/wp-content\/uploads\/2025\/04\/Z340-Logotipia-Reestruturacao-do-Branding.png","contentUrl":"https:\/\/grupobraco.com.br\/conteudo\/wp-content\/uploads\/2025\/04\/Z340-Logotipia-Reestruturacao-do-Branding.png","width":1530,"height":1080,"caption":"Br A\u00e7o"},"image":{"@id":"https:\/\/grupobraco.com.br\/conteudo\/#\/schema\/logo\/image\/"}}]}},"_links":{"self":[{"href":"https:\/\/grupobraco.com.br\/conteudo\/wp-json\/wp\/v2\/pages\/7674","targetHints":{"allow":["GET"]}}],"collection":[{"href":"https:\/\/grupobraco.com.br\/conteudo\/wp-json\/wp\/v2\/pages"}],"about":[{"href":"https:\/\/grupobraco.com.br\/conteudo\/wp-json\/wp\/v2\/types\/page"}],"author":[{"embeddable":true,"href":"https:\/\/grupobraco.com.br\/conteudo\/wp-json\/wp\/v2\/users\/3"}],"replies":[{"embeddable":true,"href":"https:\/\/grupobraco.com.br\/conteudo\/wp-json\/wp\/v2\/comments?post=7674"}],"version-history":[{"count":0,"href":"https:\/\/grupobraco.com.br\/conteudo\/wp-json\/wp\/v2\/pages\/7674\/revisions"}],"wp:attachment":[{"href":"https:\/\/grupobraco.com.br\/conteudo\/wp-json\/wp\/v2\/media?parent=7674"}],"curies":[{"name":"wp","href":"https:\/\/api.w.org\/{rel}","templated":true}]}}