{"id":7582,"date":"2025-04-30T05:00:59","date_gmt":"2025-04-30T05:00:59","guid":{"rendered":"https:\/\/grupobraco.com.br\/conteudo\/vergalhao-na-construcao-civil-a-base-solida-para-seus-projetos-2\/"},"modified":"2025-04-30T05:00:59","modified_gmt":"2025-04-30T05:00:59","slug":"vergalhao-na-construcao-civil-a-base-solida-para-seus-projetos-2","status":"publish","type":"page","link":"https:\/\/grupobraco.com.br\/conteudo\/vergalhao-na-construcao-civil-a-base-solida-para-seus-projetos-2\/","title":{"rendered":"Vergalh\u00e3o na Constru\u00e7\u00e3o Civil: A Base S\u00f3lida para Seus Projetos"},"content":{"rendered":"<p>O vergalh\u00e3o \u00e9 um dos principais componentes da constru\u00e7\u00e3o civil, essencial para a estrutura de qualquer obra. Este material, feito de a\u00e7o, \u00e9 utilizado para refor\u00e7ar o concreto, conferindo resist\u00eancia e durabilidade \u00e0s edifica\u00e7\u00f5es. Ao escolher o vergalh\u00e3o adequado para seus projetos, voc\u00ea garante n\u00e3o apenas a seguran\u00e7a, mas tamb\u00e9m a efici\u00eancia do tempo e do investimento. Na BR A\u00e7o, entendemos a import\u00e2ncia desse material e oferecemos uma gama de op\u00e7\u00f5es que atendem \u00e0s diversas necessidades do mercado. Com uma equipe de especialistas, estamos prontos para auxiliar nossos clientes com conhecimento e experi\u00eancia, tornando cada projeto \u00fanico e otimizado. Al\u00e9m disso, a qualidade do nosso vergalh\u00e3o \u00e9 reconhecida em Goi\u00e1s, onde somos a principal fornecedora de a\u00e7o na constru\u00e7\u00e3o civil. Nesse cen\u00e1rio, percebemos que um bom planejamento e a escolha do vergalh\u00e3o certo podem fazer toda a diferen\u00e7a no resultado final das obras, desde o projeto inicial at\u00e9 a entrega das chaves. Todos esses fatores contribuem para a confian\u00e7a que nossos clientes depositam em n\u00f3s, assegurando que suas obras sejam realizadas na velocidade m\u00e1xima, sem comprometer a seguran\u00e7a e a qualidade dos materiais.<\/p>\n","protected":false},"excerpt":{"rendered":"<p>O vergalh\u00e3o \u00e9 um dos principais componentes da constru\u00e7\u00e3o civil, essencial para a estrutura de qualquer obra. Este material, feito de a\u00e7o, \u00e9 utilizado para refor\u00e7ar o concreto, conferindo resist\u00eancia e durabilidade \u00e0s edifica\u00e7\u00f5es. Ao escolher o vergalh\u00e3o adequado para seus projetos, voc\u00ea garante n\u00e3o apenas a seguran\u00e7a, mas tamb\u00e9m a efici\u00eancia do tempo e&hellip;&nbsp;<a href=\"https:\/\/grupobraco.com.br\/conteudo\/vergalhao-na-construcao-civil-a-base-solida-para-seus-projetos-2\/\" class=\"\" rel=\"bookmark\">Continue a ler &raquo;<span class=\"screen-reader-text\">Vergalh\u00e3o na Constru\u00e7\u00e3o Civil: A Base S\u00f3lida para Seus Projetos<\/span><\/a><\/p>\n","protected":false},"author":3,"featured_media":0,"parent":0,"menu_order":0,"comment_status":"closed","ping_status":"closed","template":"","meta":{"_acf_changed":false,"_yoast_wpseo_focuskw":"Vergalh\u00e3o Constru\u00e7\u00e3o Civil","_yoast_wpseo_title":"Vergalh\u00e3o Constru\u00e7\u00e3o Civil: Qualidade e Seguran\u00e7a para suas Obras","_yoast_wpseo_metadesc":"Conhe\u00e7a a import\u00e2ncia do vergalh\u00e3o na constru\u00e7\u00e3o civil e como ele contribui para a seguran\u00e7a e efici\u00eancia de suas obras.","neve_meta_sidebar":"","neve_meta_container":"","neve_meta_enable_content_width":"","neve_meta_content_width":0,"neve_meta_title_alignment":"","neve_meta_author_avatar":"","neve_post_elements_order":"","neve_meta_disable_header":"","neve_meta_disable_footer":"","neve_meta_disable_title":"","footnotes":""},"class_list":["post-7582","page","type-page","status-publish","hentry"],"acf":{"introducao":"","conceitos_fundamentais":"","como_funciona":"","como_aplicar_no_dia_a_dia":"","principais_utilizacoes_e_beneficios":"","tipos_e_classificacoes":"","tecnologias_e_ferramentas_relacionadas":"","exemplos_e_casos_de_sucesso":"","mitos_e_verdades":"","perguntas_frequentes_faq":"","erros_comuns_e_como_evita-los":"","futuro_e_tendencias":"","conclusao":"","bloco1title":"Qualidade Superior","bloco1text":"Na BR A\u00e7o, fornecemos vergalh\u00e3o de alt\u00edssima qualidade, garantindo seguran\u00e7a e resist\u00eancia para suas constru\u00e7\u00f5es.","bloco2title":"Entrega R\u00e1pida","bloco2text":"Contamos com um sistema log\u00edstico que proporciona entregas r\u00e1pidas e pontuais em Goi\u00e1s.","bloco3title":"Inova\u00e7\u00e3o em A\u00e7o","bloco3text":"Nosso compromisso \u00e9 inovar constantemente, oferecendo produtos de vergalh\u00e3o que atendem \u00e0s exig\u00eancias do mercado moderno.","insightwidtitle":"Curiosidades sobre Vergalh\u00e3o","insightwidcontent":"Voc\u00ea sabia que o vergalh\u00e3o pode ser produzido com diferentes graus de resist\u00eancia? No Brasil, o mais comum \u00e9 o vergalh\u00e3o CA-50, que oferece alta resist\u00eancia e \u00e9 amplamente utilizado em obras de grande porte. Al\u00e9m disso, o uso de vergalh\u00e3o reciclado tem crescido, contribuindo para a sustentabilidade no setor da constru\u00e7\u00e3o civil."},"yoast_head":"<!-- This site is optimized with the Yoast SEO plugin v23.4 - https:\/\/yoast.com\/wordpress\/plugins\/seo\/ -->\n<title>Vergalh\u00e3o Constru\u00e7\u00e3o Civil: Qualidade e Seguran\u00e7a para suas Obras<\/title>\n<meta name=\"description\" content=\"Conhe\u00e7a a import\u00e2ncia do vergalh\u00e3o na constru\u00e7\u00e3o civil e como ele contribui para a seguran\u00e7a e efici\u00eancia de suas obras.\" \/>\n<meta name=\"robots\" content=\"index, follow, max-snippet:-1, max-image-preview:large, max-video-preview:-1\" \/>\n<link rel=\"canonical\" href=\"https:\/\/grupobraco.com.br\/conteudo\/vergalhao-na-construcao-civil-a-base-solida-para-seus-projetos-2\/\" \/>\n<meta property=\"og:locale\" content=\"pt_BR\" \/>\n<meta property=\"og:type\" content=\"article\" \/>\n<meta property=\"og:title\" content=\"Vergalh\u00e3o Constru\u00e7\u00e3o Civil: Qualidade e Seguran\u00e7a para suas Obras\" \/>\n<meta property=\"og:description\" content=\"Conhe\u00e7a a import\u00e2ncia do vergalh\u00e3o na constru\u00e7\u00e3o civil e como ele contribui para a seguran\u00e7a e efici\u00eancia de suas obras.\" \/>\n<meta property=\"og:url\" content=\"https:\/\/grupobraco.com.br\/conteudo\/vergalhao-na-construcao-civil-a-base-solida-para-seus-projetos-2\/\" \/>\n<meta property=\"og:site_name\" content=\"Br A\u00e7o\" \/>\n<meta name=\"twitter:card\" content=\"summary_large_image\" \/>\n<meta name=\"twitter:label1\" content=\"Est. tempo de leitura\" \/>\n\t<meta name=\"twitter:data1\" content=\"1 minuto\" \/>\n<script type=\"application\/ld+json\" class=\"yoast-schema-graph\">{\"@context\":\"https:\/\/schema.org\",\"@graph\":[{\"@type\":\"WebPage\",\"@id\":\"https:\/\/grupobraco.com.br\/conteudo\/vergalhao-na-construcao-civil-a-base-solida-para-seus-projetos-2\/\",\"url\":\"https:\/\/grupobraco.com.br\/conteudo\/vergalhao-na-construcao-civil-a-base-solida-para-seus-projetos-2\/\",\"name\":\"Vergalh\u00e3o Constru\u00e7\u00e3o Civil: Qualidade e Seguran\u00e7a para suas Obras\",\"isPartOf\":{\"@id\":\"https:\/\/grupobraco.com.br\/conteudo\/#website\"},\"datePublished\":\"2025-04-30T05:00:59+00:00\",\"dateModified\":\"2025-04-30T05:00:59+00:00\",\"description\":\"Conhe\u00e7a a import\u00e2ncia do vergalh\u00e3o na constru\u00e7\u00e3o civil e como ele contribui para a seguran\u00e7a e efici\u00eancia de suas obras.\",\"breadcrumb\":{\"@id\":\"https:\/\/grupobraco.com.br\/conteudo\/vergalhao-na-construcao-civil-a-base-solida-para-seus-projetos-2\/#breadcrumb\"},\"inLanguage\":\"pt-BR\",\"potentialAction\":[{\"@type\":\"ReadAction\",\"target\":[\"https:\/\/grupobraco.com.br\/conteudo\/vergalhao-na-construcao-civil-a-base-solida-para-seus-projetos-2\/\"]}]},{\"@type\":\"BreadcrumbList\",\"@id\":\"https:\/\/grupobraco.com.br\/conteudo\/vergalhao-na-construcao-civil-a-base-solida-para-seus-projetos-2\/#breadcrumb\",\"itemListElement\":[{\"@type\":\"ListItem\",\"position\":1,\"name\":\"Home\",\"item\":\"https:\/\/grupobraco.com.br\/conteudo\/\"},{\"@type\":\"ListItem\",\"position\":2,\"name\":\"Vergalh\u00e3o na Constru\u00e7\u00e3o Civil: A Base S\u00f3lida para Seus Projetos\"}]},{\"@type\":\"WebSite\",\"@id\":\"https:\/\/grupobraco.com.br\/conteudo\/#website\",\"url\":\"https:\/\/grupobraco.com.br\/conteudo\/\",\"name\":\"Br A\u00e7o\",\"description\":\"Seus projetos na velocidade m\u00e1xima\",\"publisher\":{\"@id\":\"https:\/\/grupobraco.com.br\/conteudo\/#organization\"},\"potentialAction\":[{\"@type\":\"SearchAction\",\"target\":{\"@type\":\"EntryPoint\",\"urlTemplate\":\"https:\/\/grupobraco.com.br\/conteudo\/?s={search_term_string}\"},\"query-input\":{\"@type\":\"PropertyValueSpecification\",\"valueRequired\":true,\"valueName\":\"search_term_string\"}}],\"inLanguage\":\"pt-BR\"},{\"@type\":\"Organization\",\"@id\":\"https:\/\/grupobraco.com.br\/conteudo\/#organization\",\"name\":\"Br A\u00e7o\",\"url\":\"https:\/\/grupobraco.com.br\/conteudo\/\",\"logo\":{\"@type\":\"ImageObject\",\"inLanguage\":\"pt-BR\",\"@id\":\"https:\/\/grupobraco.com.br\/conteudo\/#\/schema\/logo\/image\/\",\"url\":\"https:\/\/grupobraco.com.br\/conteudo\/wp-content\/uploads\/2025\/04\/Z340-Logotipia-Reestruturacao-do-Branding.png\",\"contentUrl\":\"https:\/\/grupobraco.com.br\/conteudo\/wp-content\/uploads\/2025\/04\/Z340-Logotipia-Reestruturacao-do-Branding.png\",\"width\":1530,\"height\":1080,\"caption\":\"Br A\u00e7o\"},\"image\":{\"@id\":\"https:\/\/grupobraco.com.br\/conteudo\/#\/schema\/logo\/image\/\"}}]}<\/script>\n<!-- \/ Yoast SEO plugin. -->","yoast_head_json":{"title":"Vergalh\u00e3o Constru\u00e7\u00e3o Civil: Qualidade e Seguran\u00e7a para suas Obras","description":"Conhe\u00e7a a import\u00e2ncia do vergalh\u00e3o na constru\u00e7\u00e3o civil e como ele contribui para a seguran\u00e7a e efici\u00eancia de suas obras.","robots":{"index":"index","follow":"follow","max-snippet":"max-snippet:-1","max-image-preview":"max-image-preview:large","max-video-preview":"max-video-preview:-1"},"canonical":"https:\/\/grupobraco.com.br\/conteudo\/vergalhao-na-construcao-civil-a-base-solida-para-seus-projetos-2\/","og_locale":"pt_BR","og_type":"article","og_title":"Vergalh\u00e3o Constru\u00e7\u00e3o Civil: Qualidade e Seguran\u00e7a para suas Obras","og_description":"Conhe\u00e7a a import\u00e2ncia do vergalh\u00e3o na constru\u00e7\u00e3o civil e como ele contribui para a seguran\u00e7a e efici\u00eancia de suas obras.","og_url":"https:\/\/grupobraco.com.br\/conteudo\/vergalhao-na-construcao-civil-a-base-solida-para-seus-projetos-2\/","og_site_name":"Br A\u00e7o","twitter_card":"summary_large_image","twitter_misc":{"Est. tempo de leitura":"1 minuto"},"schema":{"@context":"https:\/\/schema.org","@graph":[{"@type":"WebPage","@id":"https:\/\/grupobraco.com.br\/conteudo\/vergalhao-na-construcao-civil-a-base-solida-para-seus-projetos-2\/","url":"https:\/\/grupobraco.com.br\/conteudo\/vergalhao-na-construcao-civil-a-base-solida-para-seus-projetos-2\/","name":"Vergalh\u00e3o Constru\u00e7\u00e3o Civil: Qualidade e Seguran\u00e7a para suas Obras","isPartOf":{"@id":"https:\/\/grupobraco.com.br\/conteudo\/#website"},"datePublished":"2025-04-30T05:00:59+00:00","dateModified":"2025-04-30T05:00:59+00:00","description":"Conhe\u00e7a a import\u00e2ncia do vergalh\u00e3o na constru\u00e7\u00e3o civil e como ele contribui para a seguran\u00e7a e efici\u00eancia de suas obras.","breadcrumb":{"@id":"https:\/\/grupobraco.com.br\/conteudo\/vergalhao-na-construcao-civil-a-base-solida-para-seus-projetos-2\/#breadcrumb"},"inLanguage":"pt-BR","potentialAction":[{"@type":"ReadAction","target":["https:\/\/grupobraco.com.br\/conteudo\/vergalhao-na-construcao-civil-a-base-solida-para-seus-projetos-2\/"]}]},{"@type":"BreadcrumbList","@id":"https:\/\/grupobraco.com.br\/conteudo\/vergalhao-na-construcao-civil-a-base-solida-para-seus-projetos-2\/#breadcrumb","itemListElement":[{"@type":"ListItem","position":1,"name":"Home","item":"https:\/\/grupobraco.com.br\/conteudo\/"},{"@type":"ListItem","position":2,"name":"Vergalh\u00e3o na Constru\u00e7\u00e3o Civil: A Base S\u00f3lida para Seus Projetos"}]},{"@type":"WebSite","@id":"https:\/\/grupobraco.com.br\/conteudo\/#website","url":"https:\/\/grupobraco.com.br\/conteudo\/","name":"Br A\u00e7o","description":"Seus projetos na velocidade m\u00e1xima","publisher":{"@id":"https:\/\/grupobraco.com.br\/conteudo\/#organization"},"potentialAction":[{"@type":"SearchAction","target":{"@type":"EntryPoint","urlTemplate":"https:\/\/grupobraco.com.br\/conteudo\/?s={search_term_string}"},"query-input":{"@type":"PropertyValueSpecification","valueRequired":true,"valueName":"search_term_string"}}],"inLanguage":"pt-BR"},{"@type":"Organization","@id":"https:\/\/grupobraco.com.br\/conteudo\/#organization","name":"Br A\u00e7o","url":"https:\/\/grupobraco.com.br\/conteudo\/","logo":{"@type":"ImageObject","inLanguage":"pt-BR","@id":"https:\/\/grupobraco.com.br\/conteudo\/#\/schema\/logo\/image\/","url":"https:\/\/grupobraco.com.br\/conteudo\/wp-content\/uploads\/2025\/04\/Z340-Logotipia-Reestruturacao-do-Branding.png","contentUrl":"https:\/\/grupobraco.com.br\/conteudo\/wp-content\/uploads\/2025\/04\/Z340-Logotipia-Reestruturacao-do-Branding.png","width":1530,"height":1080,"caption":"Br A\u00e7o"},"image":{"@id":"https:\/\/grupobraco.com.br\/conteudo\/#\/schema\/logo\/image\/"}}]}},"_links":{"self":[{"href":"https:\/\/grupobraco.com.br\/conteudo\/wp-json\/wp\/v2\/pages\/7582","targetHints":{"allow":["GET"]}}],"collection":[{"href":"https:\/\/grupobraco.com.br\/conteudo\/wp-json\/wp\/v2\/pages"}],"about":[{"href":"https:\/\/grupobraco.com.br\/conteudo\/wp-json\/wp\/v2\/types\/page"}],"author":[{"embeddable":true,"href":"https:\/\/grupobraco.com.br\/conteudo\/wp-json\/wp\/v2\/users\/3"}],"replies":[{"embeddable":true,"href":"https:\/\/grupobraco.com.br\/conteudo\/wp-json\/wp\/v2\/comments?post=7582"}],"version-history":[{"count":0,"href":"https:\/\/grupobraco.com.br\/conteudo\/wp-json\/wp\/v2\/pages\/7582\/revisions"}],"wp:attachment":[{"href":"https:\/\/grupobraco.com.br\/conteudo\/wp-json\/wp\/v2\/media?parent=7582"}],"curies":[{"name":"wp","href":"https:\/\/api.w.org\/{rel}","templated":true}]}}