{"id":5945,"date":"2025-04-22T02:46:01","date_gmt":"2025-04-22T02:46:01","guid":{"rendered":"https:\/\/grupobraco.com.br\/conteudo\/br-aco-a-fabrica-de-vergalhao-em-formosa-que-revoluciona-a-construcao-civil-3\/"},"modified":"2025-04-22T02:46:01","modified_gmt":"2025-04-22T02:46:01","slug":"br-aco-a-fabrica-de-vergalhao-em-formosa-que-revoluciona-a-construcao-civil-3","status":"publish","type":"page","link":"https:\/\/grupobraco.com.br\/conteudo\/br-aco-a-fabrica-de-vergalhao-em-formosa-que-revoluciona-a-construcao-civil-3\/","title":{"rendered":"BR A\u00e7o: A F\u00e1brica de Vergalh\u00e3o em Formosa que Revoluciona a Constru\u00e7\u00e3o Civil"},"content":{"rendered":"<p>Se voc\u00ea est\u00e1 em busca de uma f\u00e1brica de vergalh\u00e3o em Formosa, precisa conhecer a BR A\u00e7o. N\u00f3s somos a maior e mais respeitada fabricante de materiais de constru\u00e7\u00e3o na regi\u00e3o, oferecendo solu\u00e7\u00f5es de alta qualidade para todos os tipos de projetos. A BR A\u00e7o se destaca por sua qualidade e pela capacidade de atender a demanda de um mercado em constante crescimento. Com uma equipe de profissionais experientes e tecnologia de ponta, garantimos que cada produto produzido atenda aos mais altos padr\u00f5es. Se voc\u00ea est\u00e1 pensando em construir ou reformar, o vergalh\u00e3o de nossa f\u00e1brica \u00e9 uma escolha certeira, pois proporcionamos seguran\u00e7a e durabilidade para sua obra. Aqui, cada barra de vergalh\u00e3o \u00e9 feita com precis\u00e3o e dedica\u00e7\u00e3o, refletindo nosso compromisso com a excel\u00eancia e efici\u00eancia. Quando voc\u00ea escolhe a BR A\u00e7o, opta por parceira de confian\u00e7a, que coloca suas necessidades em primeiro lugar.<\/p>\n","protected":false},"excerpt":{"rendered":"<p>Se voc\u00ea est\u00e1 em busca de uma f\u00e1brica de vergalh\u00e3o em Formosa, precisa conhecer a BR A\u00e7o. N\u00f3s somos a maior e mais respeitada fabricante de materiais de constru\u00e7\u00e3o na regi\u00e3o, oferecendo solu\u00e7\u00f5es de alta qualidade para todos os tipos de projetos. A BR A\u00e7o se destaca por sua qualidade e pela capacidade de atender&hellip;&nbsp;<a href=\"https:\/\/grupobraco.com.br\/conteudo\/br-aco-a-fabrica-de-vergalhao-em-formosa-que-revoluciona-a-construcao-civil-3\/\" class=\"\" rel=\"bookmark\">Continue a ler &raquo;<span class=\"screen-reader-text\">BR A\u00e7o: A F\u00e1brica de Vergalh\u00e3o em Formosa que Revoluciona a Constru\u00e7\u00e3o Civil<\/span><\/a><\/p>\n","protected":false},"author":3,"featured_media":0,"parent":0,"menu_order":0,"comment_status":"closed","ping_status":"closed","template":"","meta":{"_acf_changed":false,"_yoast_wpseo_focuskw":"F\u00e1brica de vergalh\u00e3o em Formosa","_yoast_wpseo_title":"BR A\u00e7o: F\u00e1brica de Vergalh\u00e3o em Formosa - Qualidade e Velocidade na Constru\u00e7\u00e3o","_yoast_wpseo_metadesc":"A BR A\u00e7o \u00e9 a principal f\u00e1brica de vergalh\u00e3o em Formosa, oferecendo produtos de alta qualidade e entrega r\u00e1pida, ideal para suas constru\u00e7\u00f5es.","neve_meta_sidebar":"","neve_meta_container":"","neve_meta_enable_content_width":"","neve_meta_content_width":0,"neve_meta_title_alignment":"","neve_meta_author_avatar":"","neve_post_elements_order":"","neve_meta_disable_header":"","neve_meta_disable_footer":"","neve_meta_disable_title":"","footnotes":""},"class_list":["post-5945","page","type-page","status-publish","hentry"],"acf":{"introducao":"","conceitos_fundamentais":"","como_funciona":"","como_aplicar_no_dia_a_dia":"","principais_utilizacoes_e_beneficios":"","tipos_e_classificacoes":"","tecnologias_e_ferramentas_relacionadas":"","exemplos_e_casos_de_sucesso":"","mitos_e_verdades":"","perguntas_frequentes_faq":"","erros_comuns_e_como_evita-los":"","futuro_e_tendencias":"","conclusao":"","bloco1title":"Qualidade Superior","bloco1text":"Na BR A\u00e7o, a qualidade do vergalh\u00e3o \u00e9 nossa prioridade, garantindo a seguran\u00e7a e a durabilidade de sua obra.","bloco2title":"Entrega R\u00e1pida","bloco2text":"Comprometemo-nos com prazos r\u00e1pidos, para que seu projeto avance sem atrasos.","bloco3title":"Compromisso com o Cliente","bloco3text":"Nosso atendimento pr\u00f3ximo e personalizado garante que cada cliente se sinta valorizado e atendido em suas necessidades.","insightwidtitle":"Curiosidades sobre Vergalh\u00e3o","insightwidcontent":"Voc\u00ea sabia que o vergalh\u00e3o \u00e9 essencial para a constru\u00e7\u00e3o de estruturas de concreto armado? Ele funciona como um refor\u00e7o que aumenta a resist\u00eancia. A f\u00e1brica de vergalh\u00e3o em Formosa, BR A\u00e7o, \u00e9 reconhecida por fabricar produtos que n\u00e3o s\u00f3 cumprem, mas superam as normas de qualidade exigidas pela constru\u00e7\u00e3o civil. Al\u00e9m disso, o uso de vergalh\u00f5es adequados pode aumentar significantemente a durabilidade da sua obra, evitando retrabalhos e desperd\u00edcio de materiais. Portanto, conhecer sobre vergalh\u00f5es \u00e9 fundamental para qualquer construtor."},"yoast_head":"<!-- This site is optimized with the Yoast SEO plugin v23.4 - https:\/\/yoast.com\/wordpress\/plugins\/seo\/ -->\n<title>BR A\u00e7o: F\u00e1brica de Vergalh\u00e3o em Formosa - Qualidade e Velocidade na Constru\u00e7\u00e3o<\/title>\n<meta name=\"description\" content=\"A BR A\u00e7o \u00e9 a principal f\u00e1brica de vergalh\u00e3o em Formosa, oferecendo produtos de alta qualidade e entrega r\u00e1pida, ideal para suas constru\u00e7\u00f5es.\" \/>\n<meta name=\"robots\" content=\"index, follow, max-snippet:-1, max-image-preview:large, max-video-preview:-1\" \/>\n<link rel=\"canonical\" href=\"https:\/\/grupobraco.com.br\/conteudo\/br-aco-a-fabrica-de-vergalhao-em-formosa-que-revoluciona-a-construcao-civil-3\/\" \/>\n<meta property=\"og:locale\" content=\"pt_BR\" \/>\n<meta property=\"og:type\" content=\"article\" \/>\n<meta property=\"og:title\" content=\"BR A\u00e7o: F\u00e1brica de Vergalh\u00e3o em Formosa - Qualidade e Velocidade na Constru\u00e7\u00e3o\" \/>\n<meta property=\"og:description\" content=\"A BR A\u00e7o \u00e9 a principal f\u00e1brica de vergalh\u00e3o em Formosa, oferecendo produtos de alta qualidade e entrega r\u00e1pida, ideal para suas constru\u00e7\u00f5es.\" \/>\n<meta property=\"og:url\" content=\"https:\/\/grupobraco.com.br\/conteudo\/br-aco-a-fabrica-de-vergalhao-em-formosa-que-revoluciona-a-construcao-civil-3\/\" \/>\n<meta property=\"og:site_name\" content=\"Br A\u00e7o\" \/>\n<meta name=\"twitter:card\" content=\"summary_large_image\" \/>\n<meta name=\"twitter:label1\" content=\"Est. tempo de leitura\" \/>\n\t<meta name=\"twitter:data1\" content=\"1 minuto\" \/>\n<script type=\"application\/ld+json\" class=\"yoast-schema-graph\">{\"@context\":\"https:\/\/schema.org\",\"@graph\":[{\"@type\":\"WebPage\",\"@id\":\"https:\/\/grupobraco.com.br\/conteudo\/br-aco-a-fabrica-de-vergalhao-em-formosa-que-revoluciona-a-construcao-civil-3\/\",\"url\":\"https:\/\/grupobraco.com.br\/conteudo\/br-aco-a-fabrica-de-vergalhao-em-formosa-que-revoluciona-a-construcao-civil-3\/\",\"name\":\"BR A\u00e7o: F\u00e1brica de Vergalh\u00e3o em Formosa - Qualidade e Velocidade na Constru\u00e7\u00e3o\",\"isPartOf\":{\"@id\":\"https:\/\/grupobraco.com.br\/conteudo\/#website\"},\"datePublished\":\"2025-04-22T02:46:01+00:00\",\"dateModified\":\"2025-04-22T02:46:01+00:00\",\"description\":\"A BR A\u00e7o \u00e9 a principal f\u00e1brica de vergalh\u00e3o em Formosa, oferecendo produtos de alta qualidade e entrega r\u00e1pida, ideal para suas constru\u00e7\u00f5es.\",\"breadcrumb\":{\"@id\":\"https:\/\/grupobraco.com.br\/conteudo\/br-aco-a-fabrica-de-vergalhao-em-formosa-que-revoluciona-a-construcao-civil-3\/#breadcrumb\"},\"inLanguage\":\"pt-BR\",\"potentialAction\":[{\"@type\":\"ReadAction\",\"target\":[\"https:\/\/grupobraco.com.br\/conteudo\/br-aco-a-fabrica-de-vergalhao-em-formosa-que-revoluciona-a-construcao-civil-3\/\"]}]},{\"@type\":\"BreadcrumbList\",\"@id\":\"https:\/\/grupobraco.com.br\/conteudo\/br-aco-a-fabrica-de-vergalhao-em-formosa-que-revoluciona-a-construcao-civil-3\/#breadcrumb\",\"itemListElement\":[{\"@type\":\"ListItem\",\"position\":1,\"name\":\"Home\",\"item\":\"https:\/\/grupobraco.com.br\/conteudo\/\"},{\"@type\":\"ListItem\",\"position\":2,\"name\":\"BR A\u00e7o: A F\u00e1brica de Vergalh\u00e3o em Formosa que Revoluciona a Constru\u00e7\u00e3o Civil\"}]},{\"@type\":\"WebSite\",\"@id\":\"https:\/\/grupobraco.com.br\/conteudo\/#website\",\"url\":\"https:\/\/grupobraco.com.br\/conteudo\/\",\"name\":\"Br A\u00e7o\",\"description\":\"Seus projetos na velocidade m\u00e1xima\",\"publisher\":{\"@id\":\"https:\/\/grupobraco.com.br\/conteudo\/#organization\"},\"potentialAction\":[{\"@type\":\"SearchAction\",\"target\":{\"@type\":\"EntryPoint\",\"urlTemplate\":\"https:\/\/grupobraco.com.br\/conteudo\/?s={search_term_string}\"},\"query-input\":{\"@type\":\"PropertyValueSpecification\",\"valueRequired\":true,\"valueName\":\"search_term_string\"}}],\"inLanguage\":\"pt-BR\"},{\"@type\":\"Organization\",\"@id\":\"https:\/\/grupobraco.com.br\/conteudo\/#organization\",\"name\":\"Br A\u00e7o\",\"url\":\"https:\/\/grupobraco.com.br\/conteudo\/\",\"logo\":{\"@type\":\"ImageObject\",\"inLanguage\":\"pt-BR\",\"@id\":\"https:\/\/grupobraco.com.br\/conteudo\/#\/schema\/logo\/image\/\",\"url\":\"https:\/\/grupobraco.com.br\/conteudo\/wp-content\/uploads\/2025\/04\/Z340-Logotipia-Reestruturacao-do-Branding.png\",\"contentUrl\":\"https:\/\/grupobraco.com.br\/conteudo\/wp-content\/uploads\/2025\/04\/Z340-Logotipia-Reestruturacao-do-Branding.png\",\"width\":1530,\"height\":1080,\"caption\":\"Br A\u00e7o\"},\"image\":{\"@id\":\"https:\/\/grupobraco.com.br\/conteudo\/#\/schema\/logo\/image\/\"}}]}<\/script>\n<!-- \/ Yoast SEO plugin. -->","yoast_head_json":{"title":"BR A\u00e7o: F\u00e1brica de Vergalh\u00e3o em Formosa - Qualidade e Velocidade na Constru\u00e7\u00e3o","description":"A BR A\u00e7o \u00e9 a principal f\u00e1brica de vergalh\u00e3o em Formosa, oferecendo produtos de alta qualidade e entrega r\u00e1pida, ideal para suas constru\u00e7\u00f5es.","robots":{"index":"index","follow":"follow","max-snippet":"max-snippet:-1","max-image-preview":"max-image-preview:large","max-video-preview":"max-video-preview:-1"},"canonical":"https:\/\/grupobraco.com.br\/conteudo\/br-aco-a-fabrica-de-vergalhao-em-formosa-que-revoluciona-a-construcao-civil-3\/","og_locale":"pt_BR","og_type":"article","og_title":"BR A\u00e7o: F\u00e1brica de Vergalh\u00e3o em Formosa - Qualidade e Velocidade na Constru\u00e7\u00e3o","og_description":"A BR A\u00e7o \u00e9 a principal f\u00e1brica de vergalh\u00e3o em Formosa, oferecendo produtos de alta qualidade e entrega r\u00e1pida, ideal para suas constru\u00e7\u00f5es.","og_url":"https:\/\/grupobraco.com.br\/conteudo\/br-aco-a-fabrica-de-vergalhao-em-formosa-que-revoluciona-a-construcao-civil-3\/","og_site_name":"Br A\u00e7o","twitter_card":"summary_large_image","twitter_misc":{"Est. tempo de leitura":"1 minuto"},"schema":{"@context":"https:\/\/schema.org","@graph":[{"@type":"WebPage","@id":"https:\/\/grupobraco.com.br\/conteudo\/br-aco-a-fabrica-de-vergalhao-em-formosa-que-revoluciona-a-construcao-civil-3\/","url":"https:\/\/grupobraco.com.br\/conteudo\/br-aco-a-fabrica-de-vergalhao-em-formosa-que-revoluciona-a-construcao-civil-3\/","name":"BR A\u00e7o: F\u00e1brica de Vergalh\u00e3o em Formosa - Qualidade e Velocidade na Constru\u00e7\u00e3o","isPartOf":{"@id":"https:\/\/grupobraco.com.br\/conteudo\/#website"},"datePublished":"2025-04-22T02:46:01+00:00","dateModified":"2025-04-22T02:46:01+00:00","description":"A BR A\u00e7o \u00e9 a principal f\u00e1brica de vergalh\u00e3o em Formosa, oferecendo produtos de alta qualidade e entrega r\u00e1pida, ideal para suas constru\u00e7\u00f5es.","breadcrumb":{"@id":"https:\/\/grupobraco.com.br\/conteudo\/br-aco-a-fabrica-de-vergalhao-em-formosa-que-revoluciona-a-construcao-civil-3\/#breadcrumb"},"inLanguage":"pt-BR","potentialAction":[{"@type":"ReadAction","target":["https:\/\/grupobraco.com.br\/conteudo\/br-aco-a-fabrica-de-vergalhao-em-formosa-que-revoluciona-a-construcao-civil-3\/"]}]},{"@type":"BreadcrumbList","@id":"https:\/\/grupobraco.com.br\/conteudo\/br-aco-a-fabrica-de-vergalhao-em-formosa-que-revoluciona-a-construcao-civil-3\/#breadcrumb","itemListElement":[{"@type":"ListItem","position":1,"name":"Home","item":"https:\/\/grupobraco.com.br\/conteudo\/"},{"@type":"ListItem","position":2,"name":"BR A\u00e7o: A F\u00e1brica de Vergalh\u00e3o em Formosa que Revoluciona a Constru\u00e7\u00e3o Civil"}]},{"@type":"WebSite","@id":"https:\/\/grupobraco.com.br\/conteudo\/#website","url":"https:\/\/grupobraco.com.br\/conteudo\/","name":"Br A\u00e7o","description":"Seus projetos na velocidade m\u00e1xima","publisher":{"@id":"https:\/\/grupobraco.com.br\/conteudo\/#organization"},"potentialAction":[{"@type":"SearchAction","target":{"@type":"EntryPoint","urlTemplate":"https:\/\/grupobraco.com.br\/conteudo\/?s={search_term_string}"},"query-input":{"@type":"PropertyValueSpecification","valueRequired":true,"valueName":"search_term_string"}}],"inLanguage":"pt-BR"},{"@type":"Organization","@id":"https:\/\/grupobraco.com.br\/conteudo\/#organization","name":"Br A\u00e7o","url":"https:\/\/grupobraco.com.br\/conteudo\/","logo":{"@type":"ImageObject","inLanguage":"pt-BR","@id":"https:\/\/grupobraco.com.br\/conteudo\/#\/schema\/logo\/image\/","url":"https:\/\/grupobraco.com.br\/conteudo\/wp-content\/uploads\/2025\/04\/Z340-Logotipia-Reestruturacao-do-Branding.png","contentUrl":"https:\/\/grupobraco.com.br\/conteudo\/wp-content\/uploads\/2025\/04\/Z340-Logotipia-Reestruturacao-do-Branding.png","width":1530,"height":1080,"caption":"Br A\u00e7o"},"image":{"@id":"https:\/\/grupobraco.com.br\/conteudo\/#\/schema\/logo\/image\/"}}]}},"_links":{"self":[{"href":"https:\/\/grupobraco.com.br\/conteudo\/wp-json\/wp\/v2\/pages\/5945","targetHints":{"allow":["GET"]}}],"collection":[{"href":"https:\/\/grupobraco.com.br\/conteudo\/wp-json\/wp\/v2\/pages"}],"about":[{"href":"https:\/\/grupobraco.com.br\/conteudo\/wp-json\/wp\/v2\/types\/page"}],"author":[{"embeddable":true,"href":"https:\/\/grupobraco.com.br\/conteudo\/wp-json\/wp\/v2\/users\/3"}],"replies":[{"embeddable":true,"href":"https:\/\/grupobraco.com.br\/conteudo\/wp-json\/wp\/v2\/comments?post=5945"}],"version-history":[{"count":0,"href":"https:\/\/grupobraco.com.br\/conteudo\/wp-json\/wp\/v2\/pages\/5945\/revisions"}],"wp:attachment":[{"href":"https:\/\/grupobraco.com.br\/conteudo\/wp-json\/wp\/v2\/media?parent=5945"}],"curies":[{"name":"wp","href":"https:\/\/api.w.org\/{rel}","templated":true}]}}