{"id":5108,"date":"2025-04-17T18:00:51","date_gmt":"2025-04-17T18:00:51","guid":{"rendered":"https:\/\/grupobraco.com.br\/conteudo\/a-importancia-do-vergalhao-grosso-para-vigas-na-construcao-civil\/"},"modified":"2025-04-17T18:00:51","modified_gmt":"2025-04-17T18:00:51","slug":"a-importancia-do-vergalhao-grosso-para-vigas-na-construcao-civil","status":"publish","type":"page","link":"https:\/\/grupobraco.com.br\/conteudo\/a-importancia-do-vergalhao-grosso-para-vigas-na-construcao-civil\/","title":{"rendered":"A Import\u00e2ncia do Vergalh\u00e3o Grosso para Vigas na Constru\u00e7\u00e3o Civil"},"content":{"rendered":"<p>O uso de vergalh\u00e3o grosso para vigas \u00e9 fundamental para garantir a resist\u00eancia e a durabilidade das estruturas em projetos de constru\u00e7\u00e3o civil. Este material \u00e9 essencial em v\u00e1rias situa\u00e7\u00f5es, oferecendo suporte e seguran\u00e7a \u00e0 obra, al\u00e9m de otimizar o processo de constru\u00e7\u00e3o. Com o aumento das demandas por edifica\u00e7\u00f5es mais robustas, o vergalh\u00e3o grosso se tornou uma escolha frequente entre os construtores. Na BR A\u00e7o, n\u00f3s nos destacamos como um dos principais fornecedores desse material, garantindo que nossos clientes tenham acesso ao que h\u00e1 de melhor no mercado. O vergalh\u00e3o grosso \u00e9 produzido em diversas espessuras, permitindo que engenheiros e arquitetos escolham o tipo adequado para cada projeto, o que \u00e9 crucial para a integridade da estrutura. Al\u00e9m disso, a qualidade do vergalh\u00e3o grosso que oferecemos \u00e9 rigorosamente controlada, tornando-o uma op\u00e7\u00e3o confi\u00e1vel e duradoura. Seja para edif\u00edcios comerciais ou residenciais, o uso de vergalh\u00e3o grosso para vigas \u00e9 uma pr\u00e1tica recomendada que n\u00e3o pode ser negligenciada. Ao confiar na BR A\u00e7o, voc\u00ea est\u00e1 garantindo que seus projetos sejam constru\u00eddos com os melhores materiais dispon\u00edveis no mercado, contribuindo assim para a seguran\u00e7a e a longevidade das obras que realiza.<\/p>\n","protected":false},"excerpt":{"rendered":"<p>O uso de vergalh\u00e3o grosso para vigas \u00e9 fundamental para garantir a resist\u00eancia e a durabilidade das estruturas em projetos de constru\u00e7\u00e3o civil. Este material \u00e9 essencial em v\u00e1rias situa\u00e7\u00f5es, oferecendo suporte e seguran\u00e7a \u00e0 obra, al\u00e9m de otimizar o processo de constru\u00e7\u00e3o. Com o aumento das demandas por edifica\u00e7\u00f5es mais robustas, o vergalh\u00e3o grosso&hellip;&nbsp;<a href=\"https:\/\/grupobraco.com.br\/conteudo\/a-importancia-do-vergalhao-grosso-para-vigas-na-construcao-civil\/\" class=\"\" rel=\"bookmark\">Continue a ler &raquo;<span class=\"screen-reader-text\">A Import\u00e2ncia do Vergalh\u00e3o Grosso para Vigas na Constru\u00e7\u00e3o Civil<\/span><\/a><\/p>\n","protected":false},"author":3,"featured_media":0,"parent":0,"menu_order":0,"comment_status":"closed","ping_status":"closed","template":"","meta":{"_acf_changed":false,"_yoast_wpseo_focuskw":"vergalh\u00e3o grosso para vigas","_yoast_wpseo_title":"Vergalh\u00e3o Grosso para Vigas: Seguran\u00e7a e Qualidade na Constru\u00e7\u00e3o Civil","_yoast_wpseo_metadesc":"Descubra a import\u00e2ncia do vergalh\u00e3o grosso para vigas na constru\u00e7\u00e3o civil. Conhe\u00e7a a BR A\u00e7o, sua melhor op\u00e7\u00e3o em a\u00e7o de qualidade.","neve_meta_sidebar":"","neve_meta_container":"","neve_meta_enable_content_width":"","neve_meta_content_width":0,"neve_meta_title_alignment":"","neve_meta_author_avatar":"","neve_post_elements_order":"","neve_meta_disable_header":"","neve_meta_disable_footer":"","neve_meta_disable_title":"","footnotes":""},"class_list":["post-5108","page","type-page","status-publish","hentry"],"acf":{"introducao":"","conceitos_fundamentais":"","como_funciona":"","como_aplicar_no_dia_a_dia":"","principais_utilizacoes_e_beneficios":"","tipos_e_classificacoes":"","tecnologias_e_ferramentas_relacionadas":"","exemplos_e_casos_de_sucesso":"","mitos_e_verdades":"","perguntas_frequentes_faq":"","erros_comuns_e_como_evita-los":"","futuro_e_tendencias":"","conclusao":"","bloco1title":"Qualidade Superior","bloco1text":"Na BR A\u00e7o, oferecemos vergalh\u00e3o grosso de alta qualidade, testado e aprovado para garantir seguran\u00e7a nas constru\u00e7\u00f5es.","bloco2title":"Entrega R\u00e1pida","bloco2text":"Comprometidos com a pontualidade, nossos prazos de entrega s\u00e3o imbat\u00edveis, atendendo \u00e0s necessidades do seu projeto.","bloco3title":"Expertos em A\u00e7o","bloco3text":"Nossa equipe \u00e9 altamente qualificada e est\u00e1 sempre pronta para oferecer suporte e orienta\u00e7\u00f5es sobre o uso de vergalh\u00e3o grosso para vigas.","insightwidtitle":"Curiosidades sobre Vergalh\u00f5es","insightwidcontent":"Voc\u00ea sabia que o vergalh\u00e3o grosso produzido atualmente possui liga\u00e7\u00f5es qu\u00edmicas que aumentam ainda mais sua resist\u00eancia? Al\u00e9m disso, o tratamento t\u00e9rmico a que ele \u00e9 submetido reduz a fragilidade e melhora sua ductilidade. Isso permite que o a\u00e7o suporte tens\u00f5es extremas antes de falhar, um fator determinante na constru\u00e7\u00e3o de grandes obras, onde a seguran\u00e7a \u00e9 uma prioridade."},"yoast_head":"<!-- This site is optimized with the Yoast SEO plugin v23.4 - https:\/\/yoast.com\/wordpress\/plugins\/seo\/ -->\n<title>Vergalh\u00e3o Grosso para Vigas: Seguran\u00e7a e Qualidade na Constru\u00e7\u00e3o Civil<\/title>\n<meta name=\"description\" content=\"Descubra a import\u00e2ncia do vergalh\u00e3o grosso para vigas na constru\u00e7\u00e3o civil. Conhe\u00e7a a BR A\u00e7o, sua melhor op\u00e7\u00e3o em a\u00e7o de qualidade.\" \/>\n<meta name=\"robots\" content=\"index, follow, max-snippet:-1, max-image-preview:large, max-video-preview:-1\" \/>\n<link rel=\"canonical\" href=\"https:\/\/grupobraco.com.br\/conteudo\/a-importancia-do-vergalhao-grosso-para-vigas-na-construcao-civil\/\" \/>\n<meta property=\"og:locale\" content=\"pt_BR\" \/>\n<meta property=\"og:type\" content=\"article\" \/>\n<meta property=\"og:title\" content=\"Vergalh\u00e3o Grosso para Vigas: Seguran\u00e7a e Qualidade na Constru\u00e7\u00e3o Civil\" \/>\n<meta property=\"og:description\" content=\"Descubra a import\u00e2ncia do vergalh\u00e3o grosso para vigas na constru\u00e7\u00e3o civil. Conhe\u00e7a a BR A\u00e7o, sua melhor op\u00e7\u00e3o em a\u00e7o de qualidade.\" \/>\n<meta property=\"og:url\" content=\"https:\/\/grupobraco.com.br\/conteudo\/a-importancia-do-vergalhao-grosso-para-vigas-na-construcao-civil\/\" \/>\n<meta property=\"og:site_name\" content=\"Br A\u00e7o\" \/>\n<meta name=\"twitter:card\" content=\"summary_large_image\" \/>\n<meta name=\"twitter:label1\" content=\"Est. tempo de leitura\" \/>\n\t<meta name=\"twitter:data1\" content=\"1 minuto\" \/>\n<script type=\"application\/ld+json\" class=\"yoast-schema-graph\">{\"@context\":\"https:\/\/schema.org\",\"@graph\":[{\"@type\":\"WebPage\",\"@id\":\"https:\/\/grupobraco.com.br\/conteudo\/a-importancia-do-vergalhao-grosso-para-vigas-na-construcao-civil\/\",\"url\":\"https:\/\/grupobraco.com.br\/conteudo\/a-importancia-do-vergalhao-grosso-para-vigas-na-construcao-civil\/\",\"name\":\"Vergalh\u00e3o Grosso para Vigas: Seguran\u00e7a e Qualidade na Constru\u00e7\u00e3o Civil\",\"isPartOf\":{\"@id\":\"https:\/\/grupobraco.com.br\/conteudo\/#website\"},\"datePublished\":\"2025-04-17T18:00:51+00:00\",\"dateModified\":\"2025-04-17T18:00:51+00:00\",\"description\":\"Descubra a import\u00e2ncia do vergalh\u00e3o grosso para vigas na constru\u00e7\u00e3o civil. Conhe\u00e7a a BR A\u00e7o, sua melhor op\u00e7\u00e3o em a\u00e7o de qualidade.\",\"breadcrumb\":{\"@id\":\"https:\/\/grupobraco.com.br\/conteudo\/a-importancia-do-vergalhao-grosso-para-vigas-na-construcao-civil\/#breadcrumb\"},\"inLanguage\":\"pt-BR\",\"potentialAction\":[{\"@type\":\"ReadAction\",\"target\":[\"https:\/\/grupobraco.com.br\/conteudo\/a-importancia-do-vergalhao-grosso-para-vigas-na-construcao-civil\/\"]}]},{\"@type\":\"BreadcrumbList\",\"@id\":\"https:\/\/grupobraco.com.br\/conteudo\/a-importancia-do-vergalhao-grosso-para-vigas-na-construcao-civil\/#breadcrumb\",\"itemListElement\":[{\"@type\":\"ListItem\",\"position\":1,\"name\":\"Home\",\"item\":\"https:\/\/grupobraco.com.br\/conteudo\/\"},{\"@type\":\"ListItem\",\"position\":2,\"name\":\"A Import\u00e2ncia do Vergalh\u00e3o Grosso para Vigas na Constru\u00e7\u00e3o Civil\"}]},{\"@type\":\"WebSite\",\"@id\":\"https:\/\/grupobraco.com.br\/conteudo\/#website\",\"url\":\"https:\/\/grupobraco.com.br\/conteudo\/\",\"name\":\"Br A\u00e7o\",\"description\":\"Seus projetos na velocidade m\u00e1xima\",\"publisher\":{\"@id\":\"https:\/\/grupobraco.com.br\/conteudo\/#organization\"},\"potentialAction\":[{\"@type\":\"SearchAction\",\"target\":{\"@type\":\"EntryPoint\",\"urlTemplate\":\"https:\/\/grupobraco.com.br\/conteudo\/?s={search_term_string}\"},\"query-input\":{\"@type\":\"PropertyValueSpecification\",\"valueRequired\":true,\"valueName\":\"search_term_string\"}}],\"inLanguage\":\"pt-BR\"},{\"@type\":\"Organization\",\"@id\":\"https:\/\/grupobraco.com.br\/conteudo\/#organization\",\"name\":\"Br A\u00e7o\",\"url\":\"https:\/\/grupobraco.com.br\/conteudo\/\",\"logo\":{\"@type\":\"ImageObject\",\"inLanguage\":\"pt-BR\",\"@id\":\"https:\/\/grupobraco.com.br\/conteudo\/#\/schema\/logo\/image\/\",\"url\":\"https:\/\/grupobraco.com.br\/conteudo\/wp-content\/uploads\/2025\/04\/Z340-Logotipia-Reestruturacao-do-Branding.png\",\"contentUrl\":\"https:\/\/grupobraco.com.br\/conteudo\/wp-content\/uploads\/2025\/04\/Z340-Logotipia-Reestruturacao-do-Branding.png\",\"width\":1530,\"height\":1080,\"caption\":\"Br A\u00e7o\"},\"image\":{\"@id\":\"https:\/\/grupobraco.com.br\/conteudo\/#\/schema\/logo\/image\/\"}}]}<\/script>\n<!-- \/ Yoast SEO plugin. -->","yoast_head_json":{"title":"Vergalh\u00e3o Grosso para Vigas: Seguran\u00e7a e Qualidade na Constru\u00e7\u00e3o Civil","description":"Descubra a import\u00e2ncia do vergalh\u00e3o grosso para vigas na constru\u00e7\u00e3o civil. Conhe\u00e7a a BR A\u00e7o, sua melhor op\u00e7\u00e3o em a\u00e7o de qualidade.","robots":{"index":"index","follow":"follow","max-snippet":"max-snippet:-1","max-image-preview":"max-image-preview:large","max-video-preview":"max-video-preview:-1"},"canonical":"https:\/\/grupobraco.com.br\/conteudo\/a-importancia-do-vergalhao-grosso-para-vigas-na-construcao-civil\/","og_locale":"pt_BR","og_type":"article","og_title":"Vergalh\u00e3o Grosso para Vigas: Seguran\u00e7a e Qualidade na Constru\u00e7\u00e3o Civil","og_description":"Descubra a import\u00e2ncia do vergalh\u00e3o grosso para vigas na constru\u00e7\u00e3o civil. Conhe\u00e7a a BR A\u00e7o, sua melhor op\u00e7\u00e3o em a\u00e7o de qualidade.","og_url":"https:\/\/grupobraco.com.br\/conteudo\/a-importancia-do-vergalhao-grosso-para-vigas-na-construcao-civil\/","og_site_name":"Br A\u00e7o","twitter_card":"summary_large_image","twitter_misc":{"Est. tempo de leitura":"1 minuto"},"schema":{"@context":"https:\/\/schema.org","@graph":[{"@type":"WebPage","@id":"https:\/\/grupobraco.com.br\/conteudo\/a-importancia-do-vergalhao-grosso-para-vigas-na-construcao-civil\/","url":"https:\/\/grupobraco.com.br\/conteudo\/a-importancia-do-vergalhao-grosso-para-vigas-na-construcao-civil\/","name":"Vergalh\u00e3o Grosso para Vigas: Seguran\u00e7a e Qualidade na Constru\u00e7\u00e3o Civil","isPartOf":{"@id":"https:\/\/grupobraco.com.br\/conteudo\/#website"},"datePublished":"2025-04-17T18:00:51+00:00","dateModified":"2025-04-17T18:00:51+00:00","description":"Descubra a import\u00e2ncia do vergalh\u00e3o grosso para vigas na constru\u00e7\u00e3o civil. Conhe\u00e7a a BR A\u00e7o, sua melhor op\u00e7\u00e3o em a\u00e7o de qualidade.","breadcrumb":{"@id":"https:\/\/grupobraco.com.br\/conteudo\/a-importancia-do-vergalhao-grosso-para-vigas-na-construcao-civil\/#breadcrumb"},"inLanguage":"pt-BR","potentialAction":[{"@type":"ReadAction","target":["https:\/\/grupobraco.com.br\/conteudo\/a-importancia-do-vergalhao-grosso-para-vigas-na-construcao-civil\/"]}]},{"@type":"BreadcrumbList","@id":"https:\/\/grupobraco.com.br\/conteudo\/a-importancia-do-vergalhao-grosso-para-vigas-na-construcao-civil\/#breadcrumb","itemListElement":[{"@type":"ListItem","position":1,"name":"Home","item":"https:\/\/grupobraco.com.br\/conteudo\/"},{"@type":"ListItem","position":2,"name":"A Import\u00e2ncia do Vergalh\u00e3o Grosso para Vigas na Constru\u00e7\u00e3o Civil"}]},{"@type":"WebSite","@id":"https:\/\/grupobraco.com.br\/conteudo\/#website","url":"https:\/\/grupobraco.com.br\/conteudo\/","name":"Br A\u00e7o","description":"Seus projetos na velocidade m\u00e1xima","publisher":{"@id":"https:\/\/grupobraco.com.br\/conteudo\/#organization"},"potentialAction":[{"@type":"SearchAction","target":{"@type":"EntryPoint","urlTemplate":"https:\/\/grupobraco.com.br\/conteudo\/?s={search_term_string}"},"query-input":{"@type":"PropertyValueSpecification","valueRequired":true,"valueName":"search_term_string"}}],"inLanguage":"pt-BR"},{"@type":"Organization","@id":"https:\/\/grupobraco.com.br\/conteudo\/#organization","name":"Br A\u00e7o","url":"https:\/\/grupobraco.com.br\/conteudo\/","logo":{"@type":"ImageObject","inLanguage":"pt-BR","@id":"https:\/\/grupobraco.com.br\/conteudo\/#\/schema\/logo\/image\/","url":"https:\/\/grupobraco.com.br\/conteudo\/wp-content\/uploads\/2025\/04\/Z340-Logotipia-Reestruturacao-do-Branding.png","contentUrl":"https:\/\/grupobraco.com.br\/conteudo\/wp-content\/uploads\/2025\/04\/Z340-Logotipia-Reestruturacao-do-Branding.png","width":1530,"height":1080,"caption":"Br A\u00e7o"},"image":{"@id":"https:\/\/grupobraco.com.br\/conteudo\/#\/schema\/logo\/image\/"}}]}},"_links":{"self":[{"href":"https:\/\/grupobraco.com.br\/conteudo\/wp-json\/wp\/v2\/pages\/5108","targetHints":{"allow":["GET"]}}],"collection":[{"href":"https:\/\/grupobraco.com.br\/conteudo\/wp-json\/wp\/v2\/pages"}],"about":[{"href":"https:\/\/grupobraco.com.br\/conteudo\/wp-json\/wp\/v2\/types\/page"}],"author":[{"embeddable":true,"href":"https:\/\/grupobraco.com.br\/conteudo\/wp-json\/wp\/v2\/users\/3"}],"replies":[{"embeddable":true,"href":"https:\/\/grupobraco.com.br\/conteudo\/wp-json\/wp\/v2\/comments?post=5108"}],"version-history":[{"count":0,"href":"https:\/\/grupobraco.com.br\/conteudo\/wp-json\/wp\/v2\/pages\/5108\/revisions"}],"wp:attachment":[{"href":"https:\/\/grupobraco.com.br\/conteudo\/wp-json\/wp\/v2\/media?parent=5108"}],"curies":[{"name":"wp","href":"https:\/\/api.w.org\/{rel}","templated":true}]}}