{"id":5076,"date":"2025-04-17T14:00:56","date_gmt":"2025-04-17T14:00:56","guid":{"rendered":"https:\/\/grupobraco.com.br\/conteudo\/vergalhao-direto-da-fabrica-em-goiania-qualidade-e-agilidade-para-seus-projetos-3\/"},"modified":"2025-04-17T14:00:56","modified_gmt":"2025-04-17T14:00:56","slug":"vergalhao-direto-da-fabrica-em-goiania-qualidade-e-agilidade-para-seus-projetos-3","status":"publish","type":"page","link":"https:\/\/grupobraco.com.br\/conteudo\/vergalhao-direto-da-fabrica-em-goiania-qualidade-e-agilidade-para-seus-projetos-3\/","title":{"rendered":"Vergalh\u00e3o Direto da F\u00e1brica em Goi\u00e2nia: Qualidade e Agilidade para Seus Projetos"},"content":{"rendered":"<p>Se voc\u00ea busca a excel\u00eancia em produtos de constru\u00e7\u00e3o civil, o vergalh\u00e3o direto da f\u00e1brica em Goi\u00e2nia \u00e9 a solu\u00e7\u00e3o ideal para suas necessidades. A BR A\u00e7o \u00e9 uma refer\u00eancia no mercado, oferecendo produtos de alta qualidade que se destacam pela resist\u00eancia e durabilidade. Aqui, voc\u00ea encontra vergalh\u00f5es fabricados com tecnologias avan\u00e7adas, que garantem a m\u00e1xima efici\u00eancia estrutural, al\u00e9m de um atendimento especializado que acompanha o cliente em todas as etapas do projeto. Experimente a diferen\u00e7a que o vergalh\u00e3o direto da f\u00e1brica em Goi\u00e2nia pode fazer na sua obra e descubra porque somos a primeira escolha dos profissionais de constru\u00e7\u00e3o em Goi\u00e1s. A entrega r\u00e1pida e segura, aliada \u00e0 qualidade \u00edmpar dos nossos produtos, transforma cada projeto em uma verdadeira obra-prima. Buscando sempre inovar, a BR A\u00e7o traz o que h\u00e1 de mais moderno em termos de vergalh\u00f5es, adaptando-se \u00e0s necessidades do mercado e mantendo sempre uma pol\u00edtica de pre\u00e7os justa. Aproveite as vantagens de adquirir vergalh\u00e3o direto da f\u00e1brica em Goi\u00e2nia e veja seu projeto ganhar vida rapidamente, com total confian\u00e7a na assist\u00eancia que oferecemos. Ao escolher a BR A\u00e7o, voc\u00ea est\u00e1 optando por um parceiro que entende suas necessidades e sabe como atend\u00ea-las da melhor forma poss\u00edvel, oferecendo n\u00e3o apenas produtos, mas solu\u00e7\u00f5es completas que impulsionam sua obra e garantem resultados impressionantes. Nossa miss\u00e3o \u00e9 fornecer materiais de alt\u00edssima qualidade e contribuir para que cada estrutura seja s\u00f3lida e segura.<\/p>\n","protected":false},"excerpt":{"rendered":"<p>Se voc\u00ea busca a excel\u00eancia em produtos de constru\u00e7\u00e3o civil, o vergalh\u00e3o direto da f\u00e1brica em Goi\u00e2nia \u00e9 a solu\u00e7\u00e3o ideal para suas necessidades. A BR A\u00e7o \u00e9 uma refer\u00eancia no mercado, oferecendo produtos de alta qualidade que se destacam pela resist\u00eancia e durabilidade. Aqui, voc\u00ea encontra vergalh\u00f5es fabricados com tecnologias avan\u00e7adas, que garantem a&hellip;&nbsp;<a href=\"https:\/\/grupobraco.com.br\/conteudo\/vergalhao-direto-da-fabrica-em-goiania-qualidade-e-agilidade-para-seus-projetos-3\/\" class=\"\" rel=\"bookmark\">Continue a ler &raquo;<span class=\"screen-reader-text\">Vergalh\u00e3o Direto da F\u00e1brica em Goi\u00e2nia: Qualidade e Agilidade para Seus Projetos<\/span><\/a><\/p>\n","protected":false},"author":3,"featured_media":0,"parent":0,"menu_order":0,"comment_status":"closed","ping_status":"closed","template":"","meta":{"_acf_changed":false,"_yoast_wpseo_focuskw":"Vergalh\u00e3o direto da f\u00e1brica em Goi\u00e2nia","_yoast_wpseo_title":"Vergalh\u00e3o Direto da F\u00e1brica em Goi\u00e2nia - Agilidade e Qualidade com a BR A\u00e7o","_yoast_wpseo_metadesc":"Descubra a qualidade dos vergalh\u00f5es diretos da f\u00e1brica em Goi\u00e2nia com a BR A\u00e7o. Agilidade, precifica\u00e7\u00e3o justa e durabilidade s\u00e3o nossos diferenciais.","neve_meta_sidebar":"","neve_meta_container":"","neve_meta_enable_content_width":"","neve_meta_content_width":0,"neve_meta_title_alignment":"","neve_meta_author_avatar":"","neve_post_elements_order":"","neve_meta_disable_header":"","neve_meta_disable_footer":"","neve_meta_disable_title":"","footnotes":""},"class_list":["post-5076","page","type-page","status-publish","hentry"],"acf":{"introducao":"","conceitos_fundamentais":"","como_funciona":"","como_aplicar_no_dia_a_dia":"","principais_utilizacoes_e_beneficios":"","tipos_e_classificacoes":"","tecnologias_e_ferramentas_relacionadas":"","exemplos_e_casos_de_sucesso":"","mitos_e_verdades":"","perguntas_frequentes_faq":"","erros_comuns_e_como_evita-los":"","futuro_e_tendencias":"","conclusao":"","bloco1title":"Qualidade Superior","bloco1text":"Os vergalh\u00f5es da BR A\u00e7o s\u00e3o fabricados com tecnologia de ponta, garantindo resist\u00eancia e durabilidade para qualquer projeto de constru\u00e7\u00e3o.","bloco2title":"Entrega R\u00e1pida","bloco2text":"Com a BR A\u00e7o, voc\u00ea recebe seu vergalh\u00e3o direto da f\u00e1brica em Goi\u00e2nia com agilidade, para que seu projeto n\u00e3o sofra atrasos.","bloco3title":"Expertise no Setor","bloco3text":"Com anos de experi\u00eancia, a BR A\u00e7o se tornou refer\u00eancia na fornecimento de vergalh\u00e3o direto da f\u00e1brica em Goi\u00e2nia para a constru\u00e7\u00e3o civil.","insightwidtitle":"Curiosidades sobre Vergalh\u00f5es","insightwidcontent":"A origem do vergalh\u00e3o remonta ao s\u00e9culo XIX, quando come\u00e7aram a ser utilizados nas constru\u00e7\u00f5es devido \u00e0 sua resist\u00eancia. Com o passar das d\u00e9cadas, sua formula\u00e7\u00e3o e processos de fabrica\u00e7\u00e3o evolu\u00edram, e hoje, o vergalh\u00e3o direto da f\u00e1brica em Goi\u00e2nia \u00e9 um pilar fundamental para a constru\u00e7\u00e3o civil. Al\u00e9m de sua fun\u00e7\u00e3o principal, ele tamb\u00e9m atua como um condutor de calor em certas aplica\u00e7\u00f5es, mostrando a versatilidade desse produto na engenharia moderna."},"yoast_head":"<!-- This site is optimized with the Yoast SEO plugin v23.4 - https:\/\/yoast.com\/wordpress\/plugins\/seo\/ -->\n<title>Vergalh\u00e3o Direto da F\u00e1brica em Goi\u00e2nia - Agilidade e Qualidade com a BR A\u00e7o<\/title>\n<meta name=\"description\" content=\"Descubra a qualidade dos vergalh\u00f5es diretos da f\u00e1brica em Goi\u00e2nia com a BR A\u00e7o. Agilidade, precifica\u00e7\u00e3o justa e durabilidade s\u00e3o nossos diferenciais.\" \/>\n<meta name=\"robots\" content=\"index, follow, max-snippet:-1, max-image-preview:large, max-video-preview:-1\" \/>\n<link rel=\"canonical\" href=\"https:\/\/grupobraco.com.br\/conteudo\/vergalhao-direto-da-fabrica-em-goiania-qualidade-e-agilidade-para-seus-projetos-3\/\" \/>\n<meta property=\"og:locale\" content=\"pt_BR\" \/>\n<meta property=\"og:type\" content=\"article\" \/>\n<meta property=\"og:title\" content=\"Vergalh\u00e3o Direto da F\u00e1brica em Goi\u00e2nia - Agilidade e Qualidade com a BR A\u00e7o\" \/>\n<meta property=\"og:description\" content=\"Descubra a qualidade dos vergalh\u00f5es diretos da f\u00e1brica em Goi\u00e2nia com a BR A\u00e7o. Agilidade, precifica\u00e7\u00e3o justa e durabilidade s\u00e3o nossos diferenciais.\" \/>\n<meta property=\"og:url\" content=\"https:\/\/grupobraco.com.br\/conteudo\/vergalhao-direto-da-fabrica-em-goiania-qualidade-e-agilidade-para-seus-projetos-3\/\" \/>\n<meta property=\"og:site_name\" content=\"Br A\u00e7o\" \/>\n<meta name=\"twitter:card\" content=\"summary_large_image\" \/>\n<meta name=\"twitter:label1\" content=\"Est. tempo de leitura\" \/>\n\t<meta name=\"twitter:data1\" content=\"1 minuto\" \/>\n<script type=\"application\/ld+json\" class=\"yoast-schema-graph\">{\"@context\":\"https:\/\/schema.org\",\"@graph\":[{\"@type\":\"WebPage\",\"@id\":\"https:\/\/grupobraco.com.br\/conteudo\/vergalhao-direto-da-fabrica-em-goiania-qualidade-e-agilidade-para-seus-projetos-3\/\",\"url\":\"https:\/\/grupobraco.com.br\/conteudo\/vergalhao-direto-da-fabrica-em-goiania-qualidade-e-agilidade-para-seus-projetos-3\/\",\"name\":\"Vergalh\u00e3o Direto da F\u00e1brica em Goi\u00e2nia - Agilidade e Qualidade com a BR A\u00e7o\",\"isPartOf\":{\"@id\":\"https:\/\/grupobraco.com.br\/conteudo\/#website\"},\"datePublished\":\"2025-04-17T14:00:56+00:00\",\"dateModified\":\"2025-04-17T14:00:56+00:00\",\"description\":\"Descubra a qualidade dos vergalh\u00f5es diretos da f\u00e1brica em Goi\u00e2nia com a BR A\u00e7o. Agilidade, precifica\u00e7\u00e3o justa e durabilidade s\u00e3o nossos diferenciais.\",\"breadcrumb\":{\"@id\":\"https:\/\/grupobraco.com.br\/conteudo\/vergalhao-direto-da-fabrica-em-goiania-qualidade-e-agilidade-para-seus-projetos-3\/#breadcrumb\"},\"inLanguage\":\"pt-BR\",\"potentialAction\":[{\"@type\":\"ReadAction\",\"target\":[\"https:\/\/grupobraco.com.br\/conteudo\/vergalhao-direto-da-fabrica-em-goiania-qualidade-e-agilidade-para-seus-projetos-3\/\"]}]},{\"@type\":\"BreadcrumbList\",\"@id\":\"https:\/\/grupobraco.com.br\/conteudo\/vergalhao-direto-da-fabrica-em-goiania-qualidade-e-agilidade-para-seus-projetos-3\/#breadcrumb\",\"itemListElement\":[{\"@type\":\"ListItem\",\"position\":1,\"name\":\"Home\",\"item\":\"https:\/\/grupobraco.com.br\/conteudo\/\"},{\"@type\":\"ListItem\",\"position\":2,\"name\":\"Vergalh\u00e3o Direto da F\u00e1brica em Goi\u00e2nia: Qualidade e Agilidade para Seus Projetos\"}]},{\"@type\":\"WebSite\",\"@id\":\"https:\/\/grupobraco.com.br\/conteudo\/#website\",\"url\":\"https:\/\/grupobraco.com.br\/conteudo\/\",\"name\":\"Br A\u00e7o\",\"description\":\"Seus projetos na velocidade m\u00e1xima\",\"publisher\":{\"@id\":\"https:\/\/grupobraco.com.br\/conteudo\/#organization\"},\"potentialAction\":[{\"@type\":\"SearchAction\",\"target\":{\"@type\":\"EntryPoint\",\"urlTemplate\":\"https:\/\/grupobraco.com.br\/conteudo\/?s={search_term_string}\"},\"query-input\":{\"@type\":\"PropertyValueSpecification\",\"valueRequired\":true,\"valueName\":\"search_term_string\"}}],\"inLanguage\":\"pt-BR\"},{\"@type\":\"Organization\",\"@id\":\"https:\/\/grupobraco.com.br\/conteudo\/#organization\",\"name\":\"Br A\u00e7o\",\"url\":\"https:\/\/grupobraco.com.br\/conteudo\/\",\"logo\":{\"@type\":\"ImageObject\",\"inLanguage\":\"pt-BR\",\"@id\":\"https:\/\/grupobraco.com.br\/conteudo\/#\/schema\/logo\/image\/\",\"url\":\"https:\/\/grupobraco.com.br\/conteudo\/wp-content\/uploads\/2025\/04\/Z340-Logotipia-Reestruturacao-do-Branding.png\",\"contentUrl\":\"https:\/\/grupobraco.com.br\/conteudo\/wp-content\/uploads\/2025\/04\/Z340-Logotipia-Reestruturacao-do-Branding.png\",\"width\":1530,\"height\":1080,\"caption\":\"Br A\u00e7o\"},\"image\":{\"@id\":\"https:\/\/grupobraco.com.br\/conteudo\/#\/schema\/logo\/image\/\"}}]}<\/script>\n<!-- \/ Yoast SEO plugin. -->","yoast_head_json":{"title":"Vergalh\u00e3o Direto da F\u00e1brica em Goi\u00e2nia - Agilidade e Qualidade com a BR A\u00e7o","description":"Descubra a qualidade dos vergalh\u00f5es diretos da f\u00e1brica em Goi\u00e2nia com a BR A\u00e7o. Agilidade, precifica\u00e7\u00e3o justa e durabilidade s\u00e3o nossos diferenciais.","robots":{"index":"index","follow":"follow","max-snippet":"max-snippet:-1","max-image-preview":"max-image-preview:large","max-video-preview":"max-video-preview:-1"},"canonical":"https:\/\/grupobraco.com.br\/conteudo\/vergalhao-direto-da-fabrica-em-goiania-qualidade-e-agilidade-para-seus-projetos-3\/","og_locale":"pt_BR","og_type":"article","og_title":"Vergalh\u00e3o Direto da F\u00e1brica em Goi\u00e2nia - Agilidade e Qualidade com a BR A\u00e7o","og_description":"Descubra a qualidade dos vergalh\u00f5es diretos da f\u00e1brica em Goi\u00e2nia com a BR A\u00e7o. Agilidade, precifica\u00e7\u00e3o justa e durabilidade s\u00e3o nossos diferenciais.","og_url":"https:\/\/grupobraco.com.br\/conteudo\/vergalhao-direto-da-fabrica-em-goiania-qualidade-e-agilidade-para-seus-projetos-3\/","og_site_name":"Br A\u00e7o","twitter_card":"summary_large_image","twitter_misc":{"Est. tempo de leitura":"1 minuto"},"schema":{"@context":"https:\/\/schema.org","@graph":[{"@type":"WebPage","@id":"https:\/\/grupobraco.com.br\/conteudo\/vergalhao-direto-da-fabrica-em-goiania-qualidade-e-agilidade-para-seus-projetos-3\/","url":"https:\/\/grupobraco.com.br\/conteudo\/vergalhao-direto-da-fabrica-em-goiania-qualidade-e-agilidade-para-seus-projetos-3\/","name":"Vergalh\u00e3o Direto da F\u00e1brica em Goi\u00e2nia - Agilidade e Qualidade com a BR A\u00e7o","isPartOf":{"@id":"https:\/\/grupobraco.com.br\/conteudo\/#website"},"datePublished":"2025-04-17T14:00:56+00:00","dateModified":"2025-04-17T14:00:56+00:00","description":"Descubra a qualidade dos vergalh\u00f5es diretos da f\u00e1brica em Goi\u00e2nia com a BR A\u00e7o. Agilidade, precifica\u00e7\u00e3o justa e durabilidade s\u00e3o nossos diferenciais.","breadcrumb":{"@id":"https:\/\/grupobraco.com.br\/conteudo\/vergalhao-direto-da-fabrica-em-goiania-qualidade-e-agilidade-para-seus-projetos-3\/#breadcrumb"},"inLanguage":"pt-BR","potentialAction":[{"@type":"ReadAction","target":["https:\/\/grupobraco.com.br\/conteudo\/vergalhao-direto-da-fabrica-em-goiania-qualidade-e-agilidade-para-seus-projetos-3\/"]}]},{"@type":"BreadcrumbList","@id":"https:\/\/grupobraco.com.br\/conteudo\/vergalhao-direto-da-fabrica-em-goiania-qualidade-e-agilidade-para-seus-projetos-3\/#breadcrumb","itemListElement":[{"@type":"ListItem","position":1,"name":"Home","item":"https:\/\/grupobraco.com.br\/conteudo\/"},{"@type":"ListItem","position":2,"name":"Vergalh\u00e3o Direto da F\u00e1brica em Goi\u00e2nia: Qualidade e Agilidade para Seus Projetos"}]},{"@type":"WebSite","@id":"https:\/\/grupobraco.com.br\/conteudo\/#website","url":"https:\/\/grupobraco.com.br\/conteudo\/","name":"Br A\u00e7o","description":"Seus projetos na velocidade m\u00e1xima","publisher":{"@id":"https:\/\/grupobraco.com.br\/conteudo\/#organization"},"potentialAction":[{"@type":"SearchAction","target":{"@type":"EntryPoint","urlTemplate":"https:\/\/grupobraco.com.br\/conteudo\/?s={search_term_string}"},"query-input":{"@type":"PropertyValueSpecification","valueRequired":true,"valueName":"search_term_string"}}],"inLanguage":"pt-BR"},{"@type":"Organization","@id":"https:\/\/grupobraco.com.br\/conteudo\/#organization","name":"Br A\u00e7o","url":"https:\/\/grupobraco.com.br\/conteudo\/","logo":{"@type":"ImageObject","inLanguage":"pt-BR","@id":"https:\/\/grupobraco.com.br\/conteudo\/#\/schema\/logo\/image\/","url":"https:\/\/grupobraco.com.br\/conteudo\/wp-content\/uploads\/2025\/04\/Z340-Logotipia-Reestruturacao-do-Branding.png","contentUrl":"https:\/\/grupobraco.com.br\/conteudo\/wp-content\/uploads\/2025\/04\/Z340-Logotipia-Reestruturacao-do-Branding.png","width":1530,"height":1080,"caption":"Br A\u00e7o"},"image":{"@id":"https:\/\/grupobraco.com.br\/conteudo\/#\/schema\/logo\/image\/"}}]}},"_links":{"self":[{"href":"https:\/\/grupobraco.com.br\/conteudo\/wp-json\/wp\/v2\/pages\/5076","targetHints":{"allow":["GET"]}}],"collection":[{"href":"https:\/\/grupobraco.com.br\/conteudo\/wp-json\/wp\/v2\/pages"}],"about":[{"href":"https:\/\/grupobraco.com.br\/conteudo\/wp-json\/wp\/v2\/types\/page"}],"author":[{"embeddable":true,"href":"https:\/\/grupobraco.com.br\/conteudo\/wp-json\/wp\/v2\/users\/3"}],"replies":[{"embeddable":true,"href":"https:\/\/grupobraco.com.br\/conteudo\/wp-json\/wp\/v2\/comments?post=5076"}],"version-history":[{"count":0,"href":"https:\/\/grupobraco.com.br\/conteudo\/wp-json\/wp\/v2\/pages\/5076\/revisions"}],"wp:attachment":[{"href":"https:\/\/grupobraco.com.br\/conteudo\/wp-json\/wp\/v2\/media?parent=5076"}],"curies":[{"name":"wp","href":"https:\/\/api.w.org\/{rel}","templated":true}]}}