{"id":4968,"date":"2025-04-16T18:45:54","date_gmt":"2025-04-16T18:45:54","guid":{"rendered":"https:\/\/grupobraco.com.br\/conteudo\/vergalhao-direto-da-fabrica-em-senador-canedo-a-revolucao-da-construcao-civil\/"},"modified":"2025-04-16T18:45:54","modified_gmt":"2025-04-16T18:45:54","slug":"vergalhao-direto-da-fabrica-em-senador-canedo-a-revolucao-da-construcao-civil","status":"publish","type":"page","link":"https:\/\/grupobraco.com.br\/conteudo\/vergalhao-direto-da-fabrica-em-senador-canedo-a-revolucao-da-construcao-civil\/","title":{"rendered":"Vergalh\u00e3o Direto da F\u00e1brica em Senador Canedo: A Revolu\u00e7\u00e3o da Constru\u00e7\u00e3o Civil"},"content":{"rendered":"<p>A BR A\u00e7o traz at\u00e9 voc\u00ea a melhor op\u00e7\u00e3o em vergalh\u00e3o direto da f\u00e1brica em Senador Canedo, proporcionando produtos de alta qualidade e confiabilidade. Desde o in\u00edcio de nossas atividades, temos nos dedicado a transformar o fornecimento de a\u00e7o para constru\u00e7\u00e3o civil em Goi\u00e1s. A nossa miss\u00e3o \u00e9 garantir efici\u00eancia e seguran\u00e7a nos seus projetos com a entrega de vergalh\u00e3o direto da f\u00e1brica em Senador Canedo, que conta com um processo produtivo de ponta e atende rigorosamente todos os padr\u00f5es de qualidade. Se voc\u00ea busca por pre\u00e7os competitivos e um atendimento diferenciado, a BR A\u00e7o \u00e9 o seu parceiro ideal para impulsionar suas constru\u00e7\u00f5es.<\/p>\n","protected":false},"excerpt":{"rendered":"<p>A BR A\u00e7o traz at\u00e9 voc\u00ea a melhor op\u00e7\u00e3o em vergalh\u00e3o direto da f\u00e1brica em Senador Canedo, proporcionando produtos de alta qualidade e confiabilidade. Desde o in\u00edcio de nossas atividades, temos nos dedicado a transformar o fornecimento de a\u00e7o para constru\u00e7\u00e3o civil em Goi\u00e1s. A nossa miss\u00e3o \u00e9 garantir efici\u00eancia e seguran\u00e7a nos seus projetos&hellip;&nbsp;<a href=\"https:\/\/grupobraco.com.br\/conteudo\/vergalhao-direto-da-fabrica-em-senador-canedo-a-revolucao-da-construcao-civil\/\" class=\"\" rel=\"bookmark\">Continue a ler &raquo;<span class=\"screen-reader-text\">Vergalh\u00e3o Direto da F\u00e1brica em Senador Canedo: A Revolu\u00e7\u00e3o da Constru\u00e7\u00e3o Civil<\/span><\/a><\/p>\n","protected":false},"author":3,"featured_media":0,"parent":0,"menu_order":0,"comment_status":"closed","ping_status":"closed","template":"","meta":{"_acf_changed":false,"_yoast_wpseo_focuskw":"vergalh\u00e3o direto da f\u00e1brica em Senador Canedo","_yoast_wpseo_title":"Vergalh\u00e3o Direto da F\u00e1brica em Senador Canedo: Qualidade e Agilidade na Constru\u00e7\u00e3o","_yoast_wpseo_metadesc":"Descubra a qualidade do vergalh\u00e3o direto da f\u00e1brica em Senador Canedo na BR A\u00e7o e potencialize seus projetos de constru\u00e7\u00e3o civil.","neve_meta_sidebar":"","neve_meta_container":"","neve_meta_enable_content_width":"","neve_meta_content_width":0,"neve_meta_title_alignment":"","neve_meta_author_avatar":"","neve_post_elements_order":"","neve_meta_disable_header":"","neve_meta_disable_footer":"","neve_meta_disable_title":"","footnotes":""},"class_list":["post-4968","page","type-page","status-publish","hentry"],"acf":{"introducao":"","conceitos_fundamentais":"","como_funciona":"","como_aplicar_no_dia_a_dia":"","principais_utilizacoes_e_beneficios":"","tipos_e_classificacoes":"","tecnologias_e_ferramentas_relacionadas":"","exemplos_e_casos_de_sucesso":"","mitos_e_verdades":"","perguntas_frequentes_faq":"","erros_comuns_e_como_evita-los":"","futuro_e_tendencias":"","conclusao":"","bloco1title":"Qualidade superior","bloco1text":"Nosso vergalh\u00e3o direto da f\u00e1brica em Senador Canedo \u00e9 produzido com os mais altos padr\u00f5es de qualidade, garantindo resist\u00eancia e durabilidade \u00e0s suas obras.","bloco2title":"Entregas r\u00e1pidas","bloco2text":"Contamos com um excelente sistema log\u00edstico que assegura a entrega do vergalh\u00e3o direto da f\u00e1brica em Senador Canedo com agilidade.","bloco3title":"Inova\u00e7\u00e3o no setor","bloco3text":"Estamos sempre em busca de inova\u00e7\u00f5es para otimizar a produ\u00e7\u00e3o e proporcionar o melhor vergalh\u00e3o direto da f\u00e1brica em Senador Canedo. Essa dedica\u00e7\u00e3o nos torna l\u00edderes no setor.","insightwidtitle":"Curiosidades sobre Vergalh\u00f5es","insightwidcontent":"Voc\u00ea sabia que o vergalh\u00e3o \u00e9 um componente crucial para a resist\u00eancia de estruturas de concreto? Ele \u00e9 respons\u00e1vel por absorver as tens\u00f5es de tra\u00e7\u00e3o, complementando a rigidez do concreto. No Brasil, o normatizador ABNT NBR 6118 estabelece requisitos rigorosos para a utiliza\u00e7\u00e3o de vergalh\u00f5es, destacando a import\u00e2ncia da qualidade na constru\u00e7\u00e3o civil. Optar por vergalh\u00e3o direto da f\u00e1brica em Senador Canedo garante n\u00e3o apenas o cumprimento desses requisitos, mas tamb\u00e9m a seguran\u00e7a da sua obra."},"yoast_head":"<!-- This site is optimized with the Yoast SEO plugin v23.4 - https:\/\/yoast.com\/wordpress\/plugins\/seo\/ -->\n<title>Vergalh\u00e3o Direto da F\u00e1brica em Senador Canedo: Qualidade e Agilidade na Constru\u00e7\u00e3o<\/title>\n<meta name=\"description\" content=\"Descubra a qualidade do vergalh\u00e3o direto da f\u00e1brica em Senador Canedo na BR A\u00e7o e potencialize seus projetos de constru\u00e7\u00e3o civil.\" \/>\n<meta name=\"robots\" content=\"index, follow, max-snippet:-1, max-image-preview:large, max-video-preview:-1\" \/>\n<link rel=\"canonical\" href=\"https:\/\/grupobraco.com.br\/conteudo\/vergalhao-direto-da-fabrica-em-senador-canedo-a-revolucao-da-construcao-civil\/\" \/>\n<meta property=\"og:locale\" content=\"pt_BR\" \/>\n<meta property=\"og:type\" content=\"article\" \/>\n<meta property=\"og:title\" content=\"Vergalh\u00e3o Direto da F\u00e1brica em Senador Canedo: Qualidade e Agilidade na Constru\u00e7\u00e3o\" \/>\n<meta property=\"og:description\" content=\"Descubra a qualidade do vergalh\u00e3o direto da f\u00e1brica em Senador Canedo na BR A\u00e7o e potencialize seus projetos de constru\u00e7\u00e3o civil.\" \/>\n<meta property=\"og:url\" content=\"https:\/\/grupobraco.com.br\/conteudo\/vergalhao-direto-da-fabrica-em-senador-canedo-a-revolucao-da-construcao-civil\/\" \/>\n<meta property=\"og:site_name\" content=\"Br A\u00e7o\" \/>\n<meta name=\"twitter:card\" content=\"summary_large_image\" \/>\n<meta name=\"twitter:label1\" content=\"Est. tempo de leitura\" \/>\n\t<meta name=\"twitter:data1\" content=\"1 minuto\" \/>\n<script type=\"application\/ld+json\" class=\"yoast-schema-graph\">{\"@context\":\"https:\/\/schema.org\",\"@graph\":[{\"@type\":\"WebPage\",\"@id\":\"https:\/\/grupobraco.com.br\/conteudo\/vergalhao-direto-da-fabrica-em-senador-canedo-a-revolucao-da-construcao-civil\/\",\"url\":\"https:\/\/grupobraco.com.br\/conteudo\/vergalhao-direto-da-fabrica-em-senador-canedo-a-revolucao-da-construcao-civil\/\",\"name\":\"Vergalh\u00e3o Direto da F\u00e1brica em Senador Canedo: Qualidade e Agilidade na Constru\u00e7\u00e3o\",\"isPartOf\":{\"@id\":\"https:\/\/grupobraco.com.br\/conteudo\/#website\"},\"datePublished\":\"2025-04-16T18:45:54+00:00\",\"dateModified\":\"2025-04-16T18:45:54+00:00\",\"description\":\"Descubra a qualidade do vergalh\u00e3o direto da f\u00e1brica em Senador Canedo na BR A\u00e7o e potencialize seus projetos de constru\u00e7\u00e3o civil.\",\"breadcrumb\":{\"@id\":\"https:\/\/grupobraco.com.br\/conteudo\/vergalhao-direto-da-fabrica-em-senador-canedo-a-revolucao-da-construcao-civil\/#breadcrumb\"},\"inLanguage\":\"pt-BR\",\"potentialAction\":[{\"@type\":\"ReadAction\",\"target\":[\"https:\/\/grupobraco.com.br\/conteudo\/vergalhao-direto-da-fabrica-em-senador-canedo-a-revolucao-da-construcao-civil\/\"]}]},{\"@type\":\"BreadcrumbList\",\"@id\":\"https:\/\/grupobraco.com.br\/conteudo\/vergalhao-direto-da-fabrica-em-senador-canedo-a-revolucao-da-construcao-civil\/#breadcrumb\",\"itemListElement\":[{\"@type\":\"ListItem\",\"position\":1,\"name\":\"Home\",\"item\":\"https:\/\/grupobraco.com.br\/conteudo\/\"},{\"@type\":\"ListItem\",\"position\":2,\"name\":\"Vergalh\u00e3o Direto da F\u00e1brica em Senador Canedo: A Revolu\u00e7\u00e3o da Constru\u00e7\u00e3o Civil\"}]},{\"@type\":\"WebSite\",\"@id\":\"https:\/\/grupobraco.com.br\/conteudo\/#website\",\"url\":\"https:\/\/grupobraco.com.br\/conteudo\/\",\"name\":\"Br A\u00e7o\",\"description\":\"Seus projetos na velocidade m\u00e1xima\",\"publisher\":{\"@id\":\"https:\/\/grupobraco.com.br\/conteudo\/#organization\"},\"potentialAction\":[{\"@type\":\"SearchAction\",\"target\":{\"@type\":\"EntryPoint\",\"urlTemplate\":\"https:\/\/grupobraco.com.br\/conteudo\/?s={search_term_string}\"},\"query-input\":{\"@type\":\"PropertyValueSpecification\",\"valueRequired\":true,\"valueName\":\"search_term_string\"}}],\"inLanguage\":\"pt-BR\"},{\"@type\":\"Organization\",\"@id\":\"https:\/\/grupobraco.com.br\/conteudo\/#organization\",\"name\":\"Br A\u00e7o\",\"url\":\"https:\/\/grupobraco.com.br\/conteudo\/\",\"logo\":{\"@type\":\"ImageObject\",\"inLanguage\":\"pt-BR\",\"@id\":\"https:\/\/grupobraco.com.br\/conteudo\/#\/schema\/logo\/image\/\",\"url\":\"https:\/\/grupobraco.com.br\/conteudo\/wp-content\/uploads\/2025\/04\/Z340-Logotipia-Reestruturacao-do-Branding.png\",\"contentUrl\":\"https:\/\/grupobraco.com.br\/conteudo\/wp-content\/uploads\/2025\/04\/Z340-Logotipia-Reestruturacao-do-Branding.png\",\"width\":1530,\"height\":1080,\"caption\":\"Br A\u00e7o\"},\"image\":{\"@id\":\"https:\/\/grupobraco.com.br\/conteudo\/#\/schema\/logo\/image\/\"}}]}<\/script>\n<!-- \/ Yoast SEO plugin. -->","yoast_head_json":{"title":"Vergalh\u00e3o Direto da F\u00e1brica em Senador Canedo: Qualidade e Agilidade na Constru\u00e7\u00e3o","description":"Descubra a qualidade do vergalh\u00e3o direto da f\u00e1brica em Senador Canedo na BR A\u00e7o e potencialize seus projetos de constru\u00e7\u00e3o civil.","robots":{"index":"index","follow":"follow","max-snippet":"max-snippet:-1","max-image-preview":"max-image-preview:large","max-video-preview":"max-video-preview:-1"},"canonical":"https:\/\/grupobraco.com.br\/conteudo\/vergalhao-direto-da-fabrica-em-senador-canedo-a-revolucao-da-construcao-civil\/","og_locale":"pt_BR","og_type":"article","og_title":"Vergalh\u00e3o Direto da F\u00e1brica em Senador Canedo: Qualidade e Agilidade na Constru\u00e7\u00e3o","og_description":"Descubra a qualidade do vergalh\u00e3o direto da f\u00e1brica em Senador Canedo na BR A\u00e7o e potencialize seus projetos de constru\u00e7\u00e3o civil.","og_url":"https:\/\/grupobraco.com.br\/conteudo\/vergalhao-direto-da-fabrica-em-senador-canedo-a-revolucao-da-construcao-civil\/","og_site_name":"Br A\u00e7o","twitter_card":"summary_large_image","twitter_misc":{"Est. tempo de leitura":"1 minuto"},"schema":{"@context":"https:\/\/schema.org","@graph":[{"@type":"WebPage","@id":"https:\/\/grupobraco.com.br\/conteudo\/vergalhao-direto-da-fabrica-em-senador-canedo-a-revolucao-da-construcao-civil\/","url":"https:\/\/grupobraco.com.br\/conteudo\/vergalhao-direto-da-fabrica-em-senador-canedo-a-revolucao-da-construcao-civil\/","name":"Vergalh\u00e3o Direto da F\u00e1brica em Senador Canedo: Qualidade e Agilidade na Constru\u00e7\u00e3o","isPartOf":{"@id":"https:\/\/grupobraco.com.br\/conteudo\/#website"},"datePublished":"2025-04-16T18:45:54+00:00","dateModified":"2025-04-16T18:45:54+00:00","description":"Descubra a qualidade do vergalh\u00e3o direto da f\u00e1brica em Senador Canedo na BR A\u00e7o e potencialize seus projetos de constru\u00e7\u00e3o civil.","breadcrumb":{"@id":"https:\/\/grupobraco.com.br\/conteudo\/vergalhao-direto-da-fabrica-em-senador-canedo-a-revolucao-da-construcao-civil\/#breadcrumb"},"inLanguage":"pt-BR","potentialAction":[{"@type":"ReadAction","target":["https:\/\/grupobraco.com.br\/conteudo\/vergalhao-direto-da-fabrica-em-senador-canedo-a-revolucao-da-construcao-civil\/"]}]},{"@type":"BreadcrumbList","@id":"https:\/\/grupobraco.com.br\/conteudo\/vergalhao-direto-da-fabrica-em-senador-canedo-a-revolucao-da-construcao-civil\/#breadcrumb","itemListElement":[{"@type":"ListItem","position":1,"name":"Home","item":"https:\/\/grupobraco.com.br\/conteudo\/"},{"@type":"ListItem","position":2,"name":"Vergalh\u00e3o Direto da F\u00e1brica em Senador Canedo: A Revolu\u00e7\u00e3o da Constru\u00e7\u00e3o Civil"}]},{"@type":"WebSite","@id":"https:\/\/grupobraco.com.br\/conteudo\/#website","url":"https:\/\/grupobraco.com.br\/conteudo\/","name":"Br A\u00e7o","description":"Seus projetos na velocidade m\u00e1xima","publisher":{"@id":"https:\/\/grupobraco.com.br\/conteudo\/#organization"},"potentialAction":[{"@type":"SearchAction","target":{"@type":"EntryPoint","urlTemplate":"https:\/\/grupobraco.com.br\/conteudo\/?s={search_term_string}"},"query-input":{"@type":"PropertyValueSpecification","valueRequired":true,"valueName":"search_term_string"}}],"inLanguage":"pt-BR"},{"@type":"Organization","@id":"https:\/\/grupobraco.com.br\/conteudo\/#organization","name":"Br A\u00e7o","url":"https:\/\/grupobraco.com.br\/conteudo\/","logo":{"@type":"ImageObject","inLanguage":"pt-BR","@id":"https:\/\/grupobraco.com.br\/conteudo\/#\/schema\/logo\/image\/","url":"https:\/\/grupobraco.com.br\/conteudo\/wp-content\/uploads\/2025\/04\/Z340-Logotipia-Reestruturacao-do-Branding.png","contentUrl":"https:\/\/grupobraco.com.br\/conteudo\/wp-content\/uploads\/2025\/04\/Z340-Logotipia-Reestruturacao-do-Branding.png","width":1530,"height":1080,"caption":"Br A\u00e7o"},"image":{"@id":"https:\/\/grupobraco.com.br\/conteudo\/#\/schema\/logo\/image\/"}}]}},"_links":{"self":[{"href":"https:\/\/grupobraco.com.br\/conteudo\/wp-json\/wp\/v2\/pages\/4968","targetHints":{"allow":["GET"]}}],"collection":[{"href":"https:\/\/grupobraco.com.br\/conteudo\/wp-json\/wp\/v2\/pages"}],"about":[{"href":"https:\/\/grupobraco.com.br\/conteudo\/wp-json\/wp\/v2\/types\/page"}],"author":[{"embeddable":true,"href":"https:\/\/grupobraco.com.br\/conteudo\/wp-json\/wp\/v2\/users\/3"}],"replies":[{"embeddable":true,"href":"https:\/\/grupobraco.com.br\/conteudo\/wp-json\/wp\/v2\/comments?post=4968"}],"version-history":[{"count":0,"href":"https:\/\/grupobraco.com.br\/conteudo\/wp-json\/wp\/v2\/pages\/4968\/revisions"}],"wp:attachment":[{"href":"https:\/\/grupobraco.com.br\/conteudo\/wp-json\/wp\/v2\/media?parent=4968"}],"curies":[{"name":"wp","href":"https:\/\/api.w.org\/{rel}","templated":true}]}}