{"id":4771,"date":"2025-04-15T18:00:55","date_gmt":"2025-04-15T18:00:55","guid":{"rendered":"https:\/\/grupobraco.com.br\/conteudo\/vergalhao-direto-da-fabrica-em-rio-verde-a-solucao-ideal-para-sua-construcao\/"},"modified":"2025-04-15T18:00:55","modified_gmt":"2025-04-15T18:00:55","slug":"vergalhao-direto-da-fabrica-em-rio-verde-a-solucao-ideal-para-sua-construcao","status":"publish","type":"page","link":"https:\/\/grupobraco.com.br\/conteudo\/vergalhao-direto-da-fabrica-em-rio-verde-a-solucao-ideal-para-sua-construcao\/","title":{"rendered":"Vergalh\u00e3o Direto da F\u00e1brica em Rio Verde: A Solu\u00e7\u00e3o Ideal para sua Constru\u00e7\u00e3o"},"content":{"rendered":"<p>Se voc\u00ea est\u00e1 \u00e0 procura de vergalh\u00e3o direto da f\u00e1brica em Rio Verde, a BR A\u00e7o \u00e9 a escolha que se destaca em qualidade, agilidade e confiabilidade. Com a nossa experi\u00eancia acumulada, garantimos que cada produto atenda aos mais altos padr\u00f5es de qualidade, oferecendo a voc\u00ea um material de constru\u00e7\u00e3o com caracter\u00edsticas que v\u00e3o al\u00e9m da norma. O vergalh\u00e3o que produzimos \u00e9 ideal para atender a diversas necessidades de constru\u00e7\u00e3o civil, desde pequenas obras at\u00e9 grandes empreendimentos. Al\u00e9m disso, ao adquirir vergalh\u00e3o direto da f\u00e1brica, voc\u00ea obt\u00e9m vantagens como pe\u00e7as com alta resist\u00eancia e durabilidade, fundamentais para a seguran\u00e7a e a estabilidade das estruturas. Nossa localiza\u00e7\u00e3o estrat\u00e9gica em Rio Verde facilita a log\u00edstica de entrega, permitindo que voc\u00ea receba seu pedido de forma r\u00e1pida e eficiente. Escolher o vergalh\u00e3o da BR A\u00e7o significa investir em qualidade e em um produto que acompanhar\u00e1 seu projeto do in\u00edcio ao fim, com toda a confian\u00e7a que a nossa marca representa no mercado.<\/p>\n","protected":false},"excerpt":{"rendered":"<p>Se voc\u00ea est\u00e1 \u00e0 procura de vergalh\u00e3o direto da f\u00e1brica em Rio Verde, a BR A\u00e7o \u00e9 a escolha que se destaca em qualidade, agilidade e confiabilidade. Com a nossa experi\u00eancia acumulada, garantimos que cada produto atenda aos mais altos padr\u00f5es de qualidade, oferecendo a voc\u00ea um material de constru\u00e7\u00e3o com caracter\u00edsticas que v\u00e3o al\u00e9m&hellip;&nbsp;<a href=\"https:\/\/grupobraco.com.br\/conteudo\/vergalhao-direto-da-fabrica-em-rio-verde-a-solucao-ideal-para-sua-construcao\/\" class=\"\" rel=\"bookmark\">Continue a ler &raquo;<span class=\"screen-reader-text\">Vergalh\u00e3o Direto da F\u00e1brica em Rio Verde: A Solu\u00e7\u00e3o Ideal para sua Constru\u00e7\u00e3o<\/span><\/a><\/p>\n","protected":false},"author":3,"featured_media":0,"parent":0,"menu_order":0,"comment_status":"closed","ping_status":"closed","template":"","meta":{"_acf_changed":false,"_yoast_wpseo_focuskw":"vergalh\u00e3o direto da f\u00e1brica em Rio Verde","_yoast_wpseo_title":"Vergalh\u00e3o Direto da F\u00e1brica em Rio Verde - BR A\u00e7o","_yoast_wpseo_metadesc":"Encontre o melhor vergalh\u00e3o direto da f\u00e1brica em Rio Verde com qualidade inigual\u00e1vel e entrega r\u00e1pida. Conhe\u00e7a a BR A\u00e7o!","neve_meta_sidebar":"","neve_meta_container":"","neve_meta_enable_content_width":"","neve_meta_content_width":0,"neve_meta_title_alignment":"","neve_meta_author_avatar":"","neve_post_elements_order":"","neve_meta_disable_header":"","neve_meta_disable_footer":"","neve_meta_disable_title":"","footnotes":""},"class_list":["post-4771","page","type-page","status-publish","hentry"],"acf":{"introducao":"","conceitos_fundamentais":"","como_funciona":"","como_aplicar_no_dia_a_dia":"","principais_utilizacoes_e_beneficios":"","tipos_e_classificacoes":"","tecnologias_e_ferramentas_relacionadas":"","exemplos_e_casos_de_sucesso":"","mitos_e_verdades":"","perguntas_frequentes_faq":"","erros_comuns_e_como_evita-los":"","futuro_e_tendencias":"","conclusao":"","bloco1title":"Qualidade Garantida","bloco1text":"Nossa produ\u00e7\u00e3o de vergalh\u00e3o \u00e9 realizada com insumos de alta qualidade, garantindo resist\u00eancia e durabilidade.","bloco2title":"Entrega R\u00e1pida","bloco2text":"A localiza\u00e7\u00e3o em Rio Verde nos permite oferecer entregas r\u00e1pidas e eficientes para todo o estado de Goi\u00e1s.","bloco3title":"Solu\u00e7\u00e3o Completa","bloco3text":"Al\u00e9m do vergalh\u00e3o, oferecemos solu\u00e7\u00f5es em a\u00e7o, corte e dobra, facilitando a experi\u00eancia do cliente.","insightwidtitle":"Curiosidades sobre Vergalh\u00e3o","insightwidcontent":"Voc\u00ea sabia que o vergalh\u00e3o \u00e9 produzido a partir de a\u00e7o carbono? Esse material \u00e9 tratado em altas temperaturas para obter suas propriedades de resist\u00eancia. Al\u00e9m disso, o uso de vergalh\u00e3o de alta qualidade pode aumentar a vida \u00fatil da constru\u00e7\u00e3o em at\u00e9 50%. Por isso, escolher um fornecedor confi\u00e1vel, como a BR A\u00e7o, \u00e9 crucial!"},"yoast_head":"<!-- This site is optimized with the Yoast SEO plugin v23.4 - https:\/\/yoast.com\/wordpress\/plugins\/seo\/ -->\n<title>Vergalh\u00e3o Direto da F\u00e1brica em Rio Verde - BR A\u00e7o<\/title>\n<meta name=\"description\" content=\"Encontre o melhor vergalh\u00e3o direto da f\u00e1brica em Rio Verde com qualidade inigual\u00e1vel e entrega r\u00e1pida. Conhe\u00e7a a BR A\u00e7o!\" \/>\n<meta name=\"robots\" content=\"index, follow, max-snippet:-1, max-image-preview:large, max-video-preview:-1\" \/>\n<link rel=\"canonical\" href=\"https:\/\/grupobraco.com.br\/conteudo\/vergalhao-direto-da-fabrica-em-rio-verde-a-solucao-ideal-para-sua-construcao\/\" \/>\n<meta property=\"og:locale\" content=\"pt_BR\" \/>\n<meta property=\"og:type\" content=\"article\" \/>\n<meta property=\"og:title\" content=\"Vergalh\u00e3o Direto da F\u00e1brica em Rio Verde - BR A\u00e7o\" \/>\n<meta property=\"og:description\" content=\"Encontre o melhor vergalh\u00e3o direto da f\u00e1brica em Rio Verde com qualidade inigual\u00e1vel e entrega r\u00e1pida. Conhe\u00e7a a BR A\u00e7o!\" \/>\n<meta property=\"og:url\" content=\"https:\/\/grupobraco.com.br\/conteudo\/vergalhao-direto-da-fabrica-em-rio-verde-a-solucao-ideal-para-sua-construcao\/\" \/>\n<meta property=\"og:site_name\" content=\"Br A\u00e7o\" \/>\n<meta name=\"twitter:card\" content=\"summary_large_image\" \/>\n<meta name=\"twitter:label1\" content=\"Est. tempo de leitura\" \/>\n\t<meta name=\"twitter:data1\" content=\"1 minuto\" \/>\n<script type=\"application\/ld+json\" class=\"yoast-schema-graph\">{\"@context\":\"https:\/\/schema.org\",\"@graph\":[{\"@type\":\"WebPage\",\"@id\":\"https:\/\/grupobraco.com.br\/conteudo\/vergalhao-direto-da-fabrica-em-rio-verde-a-solucao-ideal-para-sua-construcao\/\",\"url\":\"https:\/\/grupobraco.com.br\/conteudo\/vergalhao-direto-da-fabrica-em-rio-verde-a-solucao-ideal-para-sua-construcao\/\",\"name\":\"Vergalh\u00e3o Direto da F\u00e1brica em Rio Verde - BR A\u00e7o\",\"isPartOf\":{\"@id\":\"https:\/\/grupobraco.com.br\/conteudo\/#website\"},\"datePublished\":\"2025-04-15T18:00:55+00:00\",\"dateModified\":\"2025-04-15T18:00:55+00:00\",\"description\":\"Encontre o melhor vergalh\u00e3o direto da f\u00e1brica em Rio Verde com qualidade inigual\u00e1vel e entrega r\u00e1pida. Conhe\u00e7a a BR A\u00e7o!\",\"breadcrumb\":{\"@id\":\"https:\/\/grupobraco.com.br\/conteudo\/vergalhao-direto-da-fabrica-em-rio-verde-a-solucao-ideal-para-sua-construcao\/#breadcrumb\"},\"inLanguage\":\"pt-BR\",\"potentialAction\":[{\"@type\":\"ReadAction\",\"target\":[\"https:\/\/grupobraco.com.br\/conteudo\/vergalhao-direto-da-fabrica-em-rio-verde-a-solucao-ideal-para-sua-construcao\/\"]}]},{\"@type\":\"BreadcrumbList\",\"@id\":\"https:\/\/grupobraco.com.br\/conteudo\/vergalhao-direto-da-fabrica-em-rio-verde-a-solucao-ideal-para-sua-construcao\/#breadcrumb\",\"itemListElement\":[{\"@type\":\"ListItem\",\"position\":1,\"name\":\"Home\",\"item\":\"https:\/\/grupobraco.com.br\/conteudo\/\"},{\"@type\":\"ListItem\",\"position\":2,\"name\":\"Vergalh\u00e3o Direto da F\u00e1brica em Rio Verde: A Solu\u00e7\u00e3o Ideal para sua Constru\u00e7\u00e3o\"}]},{\"@type\":\"WebSite\",\"@id\":\"https:\/\/grupobraco.com.br\/conteudo\/#website\",\"url\":\"https:\/\/grupobraco.com.br\/conteudo\/\",\"name\":\"Br A\u00e7o\",\"description\":\"Seus projetos na velocidade m\u00e1xima\",\"publisher\":{\"@id\":\"https:\/\/grupobraco.com.br\/conteudo\/#organization\"},\"potentialAction\":[{\"@type\":\"SearchAction\",\"target\":{\"@type\":\"EntryPoint\",\"urlTemplate\":\"https:\/\/grupobraco.com.br\/conteudo\/?s={search_term_string}\"},\"query-input\":{\"@type\":\"PropertyValueSpecification\",\"valueRequired\":true,\"valueName\":\"search_term_string\"}}],\"inLanguage\":\"pt-BR\"},{\"@type\":\"Organization\",\"@id\":\"https:\/\/grupobraco.com.br\/conteudo\/#organization\",\"name\":\"Br A\u00e7o\",\"url\":\"https:\/\/grupobraco.com.br\/conteudo\/\",\"logo\":{\"@type\":\"ImageObject\",\"inLanguage\":\"pt-BR\",\"@id\":\"https:\/\/grupobraco.com.br\/conteudo\/#\/schema\/logo\/image\/\",\"url\":\"https:\/\/grupobraco.com.br\/conteudo\/wp-content\/uploads\/2025\/04\/Z340-Logotipia-Reestruturacao-do-Branding.png\",\"contentUrl\":\"https:\/\/grupobraco.com.br\/conteudo\/wp-content\/uploads\/2025\/04\/Z340-Logotipia-Reestruturacao-do-Branding.png\",\"width\":1530,\"height\":1080,\"caption\":\"Br A\u00e7o\"},\"image\":{\"@id\":\"https:\/\/grupobraco.com.br\/conteudo\/#\/schema\/logo\/image\/\"}}]}<\/script>\n<!-- \/ Yoast SEO plugin. -->","yoast_head_json":{"title":"Vergalh\u00e3o Direto da F\u00e1brica em Rio Verde - BR A\u00e7o","description":"Encontre o melhor vergalh\u00e3o direto da f\u00e1brica em Rio Verde com qualidade inigual\u00e1vel e entrega r\u00e1pida. Conhe\u00e7a a BR A\u00e7o!","robots":{"index":"index","follow":"follow","max-snippet":"max-snippet:-1","max-image-preview":"max-image-preview:large","max-video-preview":"max-video-preview:-1"},"canonical":"https:\/\/grupobraco.com.br\/conteudo\/vergalhao-direto-da-fabrica-em-rio-verde-a-solucao-ideal-para-sua-construcao\/","og_locale":"pt_BR","og_type":"article","og_title":"Vergalh\u00e3o Direto da F\u00e1brica em Rio Verde - BR A\u00e7o","og_description":"Encontre o melhor vergalh\u00e3o direto da f\u00e1brica em Rio Verde com qualidade inigual\u00e1vel e entrega r\u00e1pida. Conhe\u00e7a a BR A\u00e7o!","og_url":"https:\/\/grupobraco.com.br\/conteudo\/vergalhao-direto-da-fabrica-em-rio-verde-a-solucao-ideal-para-sua-construcao\/","og_site_name":"Br A\u00e7o","twitter_card":"summary_large_image","twitter_misc":{"Est. tempo de leitura":"1 minuto"},"schema":{"@context":"https:\/\/schema.org","@graph":[{"@type":"WebPage","@id":"https:\/\/grupobraco.com.br\/conteudo\/vergalhao-direto-da-fabrica-em-rio-verde-a-solucao-ideal-para-sua-construcao\/","url":"https:\/\/grupobraco.com.br\/conteudo\/vergalhao-direto-da-fabrica-em-rio-verde-a-solucao-ideal-para-sua-construcao\/","name":"Vergalh\u00e3o Direto da F\u00e1brica em Rio Verde - BR A\u00e7o","isPartOf":{"@id":"https:\/\/grupobraco.com.br\/conteudo\/#website"},"datePublished":"2025-04-15T18:00:55+00:00","dateModified":"2025-04-15T18:00:55+00:00","description":"Encontre o melhor vergalh\u00e3o direto da f\u00e1brica em Rio Verde com qualidade inigual\u00e1vel e entrega r\u00e1pida. Conhe\u00e7a a BR A\u00e7o!","breadcrumb":{"@id":"https:\/\/grupobraco.com.br\/conteudo\/vergalhao-direto-da-fabrica-em-rio-verde-a-solucao-ideal-para-sua-construcao\/#breadcrumb"},"inLanguage":"pt-BR","potentialAction":[{"@type":"ReadAction","target":["https:\/\/grupobraco.com.br\/conteudo\/vergalhao-direto-da-fabrica-em-rio-verde-a-solucao-ideal-para-sua-construcao\/"]}]},{"@type":"BreadcrumbList","@id":"https:\/\/grupobraco.com.br\/conteudo\/vergalhao-direto-da-fabrica-em-rio-verde-a-solucao-ideal-para-sua-construcao\/#breadcrumb","itemListElement":[{"@type":"ListItem","position":1,"name":"Home","item":"https:\/\/grupobraco.com.br\/conteudo\/"},{"@type":"ListItem","position":2,"name":"Vergalh\u00e3o Direto da F\u00e1brica em Rio Verde: A Solu\u00e7\u00e3o Ideal para sua Constru\u00e7\u00e3o"}]},{"@type":"WebSite","@id":"https:\/\/grupobraco.com.br\/conteudo\/#website","url":"https:\/\/grupobraco.com.br\/conteudo\/","name":"Br A\u00e7o","description":"Seus projetos na velocidade m\u00e1xima","publisher":{"@id":"https:\/\/grupobraco.com.br\/conteudo\/#organization"},"potentialAction":[{"@type":"SearchAction","target":{"@type":"EntryPoint","urlTemplate":"https:\/\/grupobraco.com.br\/conteudo\/?s={search_term_string}"},"query-input":{"@type":"PropertyValueSpecification","valueRequired":true,"valueName":"search_term_string"}}],"inLanguage":"pt-BR"},{"@type":"Organization","@id":"https:\/\/grupobraco.com.br\/conteudo\/#organization","name":"Br A\u00e7o","url":"https:\/\/grupobraco.com.br\/conteudo\/","logo":{"@type":"ImageObject","inLanguage":"pt-BR","@id":"https:\/\/grupobraco.com.br\/conteudo\/#\/schema\/logo\/image\/","url":"https:\/\/grupobraco.com.br\/conteudo\/wp-content\/uploads\/2025\/04\/Z340-Logotipia-Reestruturacao-do-Branding.png","contentUrl":"https:\/\/grupobraco.com.br\/conteudo\/wp-content\/uploads\/2025\/04\/Z340-Logotipia-Reestruturacao-do-Branding.png","width":1530,"height":1080,"caption":"Br A\u00e7o"},"image":{"@id":"https:\/\/grupobraco.com.br\/conteudo\/#\/schema\/logo\/image\/"}}]}},"_links":{"self":[{"href":"https:\/\/grupobraco.com.br\/conteudo\/wp-json\/wp\/v2\/pages\/4771","targetHints":{"allow":["GET"]}}],"collection":[{"href":"https:\/\/grupobraco.com.br\/conteudo\/wp-json\/wp\/v2\/pages"}],"about":[{"href":"https:\/\/grupobraco.com.br\/conteudo\/wp-json\/wp\/v2\/types\/page"}],"author":[{"embeddable":true,"href":"https:\/\/grupobraco.com.br\/conteudo\/wp-json\/wp\/v2\/users\/3"}],"replies":[{"embeddable":true,"href":"https:\/\/grupobraco.com.br\/conteudo\/wp-json\/wp\/v2\/comments?post=4771"}],"version-history":[{"count":0,"href":"https:\/\/grupobraco.com.br\/conteudo\/wp-json\/wp\/v2\/pages\/4771\/revisions"}],"wp:attachment":[{"href":"https:\/\/grupobraco.com.br\/conteudo\/wp-json\/wp\/v2\/media?parent=4771"}],"curies":[{"name":"wp","href":"https:\/\/api.w.org\/{rel}","templated":true}]}}