{"id":471,"date":"2025-03-24T02:00:47","date_gmt":"2025-03-24T02:00:47","guid":{"rendered":"https:\/\/grupobraco.com.br\/conteudo\/vergalhao-direto-da-fabrica-em-catalao-qualidade-e-agilidade-em-cada-projeto\/"},"modified":"2025-03-24T02:00:47","modified_gmt":"2025-03-24T02:00:47","slug":"vergalhao-direto-da-fabrica-em-catalao-qualidade-e-agilidade-em-cada-projeto","status":"publish","type":"page","link":"https:\/\/grupobraco.com.br\/conteudo\/vergalhao-direto-da-fabrica-em-catalao-qualidade-e-agilidade-em-cada-projeto\/","title":{"rendered":"Vergalh\u00e3o Direto da F\u00e1brica em Catal\u00e3o: Qualidade e Agilidade em Cada Projeto"},"content":{"rendered":"<p>Quando o assunto \u00e9 constru\u00e7\u00e3o civil, a escolha dos materiais e a efici\u00eancia na entrega s\u00e3o cruciais para o sucesso de um projeto. A BR A\u00e7o, localizada em Catal\u00e3o, oferece o vergalh\u00e3o direto da f\u00e1brica, uma solu\u00e7\u00e3o que combina qualidade superior e agilidade na entrega. Nossa miss\u00e3o \u00e9 fornecer produtos que atendam \u00e0s necessidades dos nossos clientes, garantindo que cada projeto seja realizado com os melhores materiais. O vergalh\u00e3o \u00e9 essencial na estrutura de obras e, ao optar por compr\u00e1-lo direto da nossa f\u00e1brica, voc\u00ea tem a certeza de receber um produto com caracter\u00edsticas de resist\u00eancia e durabilidade excepcionais, al\u00e9m da certeza de um fornecimento r\u00e1pido e confi\u00e1vel. Aqui na BR A\u00e7o, nossa equipe est\u00e1 dedicada a oferecer o melhor em a\u00e7o para constru\u00e7\u00e3o civil, com a entrega mais r\u00e1pida de Goi\u00e1s e atendimento personalizado. O vergalh\u00e3o direto da f\u00e1brica em Catal\u00e3o \u00e9 a escolha ideal para quem busca n\u00e3o s\u00f3 qualidade, mas tamb\u00e9m efici\u00eancia e suporte para seus projetos.<\/p>\n","protected":false},"excerpt":{"rendered":"<p>Quando o assunto \u00e9 constru\u00e7\u00e3o civil, a escolha dos materiais e a efici\u00eancia na entrega s\u00e3o cruciais para o sucesso de um projeto. A BR A\u00e7o, localizada em Catal\u00e3o, oferece o vergalh\u00e3o direto da f\u00e1brica, uma solu\u00e7\u00e3o que combina qualidade superior e agilidade na entrega. Nossa miss\u00e3o \u00e9 fornecer produtos que atendam \u00e0s necessidades dos&hellip;&nbsp;<a href=\"https:\/\/grupobraco.com.br\/conteudo\/vergalhao-direto-da-fabrica-em-catalao-qualidade-e-agilidade-em-cada-projeto\/\" class=\"\" rel=\"bookmark\">Continue a ler &raquo;<span class=\"screen-reader-text\">Vergalh\u00e3o Direto da F\u00e1brica em Catal\u00e3o: Qualidade e Agilidade em Cada Projeto<\/span><\/a><\/p>\n","protected":false},"author":3,"featured_media":0,"parent":0,"menu_order":0,"comment_status":"closed","ping_status":"closed","template":"","meta":{"_acf_changed":false,"_yoast_wpseo_focuskw":"Vergalh\u00e3o direto da f\u00e1brica em Catal\u00e3o","_yoast_wpseo_title":"Vergalh\u00e3o Direto da F\u00e1brica em Catal\u00e3o - BR A\u00e7o","_yoast_wpseo_metadesc":"Encontre o vergalh\u00e3o direto da f\u00e1brica em Catal\u00e3o com a BR A\u00e7o. Qualidade, agilidade e suporte t\u00e9cnico para seus projetos de constru\u00e7\u00e3o civil.","neve_meta_sidebar":"","neve_meta_container":"","neve_meta_enable_content_width":"","neve_meta_content_width":0,"neve_meta_title_alignment":"","neve_meta_author_avatar":"","neve_post_elements_order":"","neve_meta_disable_header":"","neve_meta_disable_footer":"","neve_meta_disable_title":"","footnotes":""},"class_list":["post-471","page","type-page","status-publish","hentry"],"acf":{"introducao":"","conceitos_fundamentais":"","como_funciona":"","como_aplicar_no_dia_a_dia":"","principais_utilizacoes_e_beneficios":"","tipos_e_classificacoes":"","tecnologias_e_ferramentas_relacionadas":"","exemplos_e_casos_de_sucesso":"","mitos_e_verdades":"","perguntas_frequentes_faq":"","erros_comuns_e_como_evita-los":"","futuro_e_tendencias":"","conclusao":"","bloco1title":"Qualidade Superior","bloco1text":"Nosso vergalh\u00e3o direto da f\u00e1brica garante resist\u00eancia e durabilidade excepcionais para qualquer tipo de obra.","bloco2title":"Agilidade na Entrega","bloco2text":"Na BR A\u00e7o, a entrega do vergalh\u00e3o direto da f\u00e1brica \u00e9 feita de forma r\u00e1pida e pontual, atendendo \u00e0s suas necessidades.","bloco3title":"Solu\u00e7\u00f5es Personalizadas","bloco3text":"Oferecemos corte e dobra de precis\u00e3o, para que o vergalh\u00e3o chegue pronto para ser utilizado em sua obra.","insightwidtitle":"Curiosidades sobre Vergalh\u00e3o","insightwidcontent":"Voc\u00ea sabia que o vergalh\u00e3o \u00e9 produzido em diferentes classes e di\u00e2metros para atender a diversas necessidades de constru\u00e7\u00e3o? O vergalh\u00e3o \u00e9 um dos principais materiais utilizados para garantir a seguran\u00e7a e a durabilidade das edifica\u00e7\u00f5es, especialmente em regi\u00f5es com alta carga de estresse estrutural. Al\u00e9m disso, o a\u00e7o utilizado em sua fabrica\u00e7\u00e3o \u00e9 recicl\u00e1vel, o que contribui para a sustentabilidade na constru\u00e7\u00e3o civil."},"yoast_head":"<!-- This site is optimized with the Yoast SEO plugin v23.4 - https:\/\/yoast.com\/wordpress\/plugins\/seo\/ -->\n<title>Vergalh\u00e3o Direto da F\u00e1brica em Catal\u00e3o - BR A\u00e7o<\/title>\n<meta name=\"description\" content=\"Encontre o vergalh\u00e3o direto da f\u00e1brica em Catal\u00e3o com a BR A\u00e7o. Qualidade, agilidade e suporte t\u00e9cnico para seus projetos de constru\u00e7\u00e3o civil.\" \/>\n<meta name=\"robots\" content=\"index, follow, max-snippet:-1, max-image-preview:large, max-video-preview:-1\" \/>\n<link rel=\"canonical\" href=\"https:\/\/grupobraco.com.br\/conteudo\/vergalhao-direto-da-fabrica-em-catalao-qualidade-e-agilidade-em-cada-projeto\/\" \/>\n<meta property=\"og:locale\" content=\"pt_BR\" \/>\n<meta property=\"og:type\" content=\"article\" \/>\n<meta property=\"og:title\" content=\"Vergalh\u00e3o Direto da F\u00e1brica em Catal\u00e3o - BR A\u00e7o\" \/>\n<meta property=\"og:description\" content=\"Encontre o vergalh\u00e3o direto da f\u00e1brica em Catal\u00e3o com a BR A\u00e7o. Qualidade, agilidade e suporte t\u00e9cnico para seus projetos de constru\u00e7\u00e3o civil.\" \/>\n<meta property=\"og:url\" content=\"https:\/\/grupobraco.com.br\/conteudo\/vergalhao-direto-da-fabrica-em-catalao-qualidade-e-agilidade-em-cada-projeto\/\" \/>\n<meta property=\"og:site_name\" content=\"Br A\u00e7o\" \/>\n<meta name=\"twitter:card\" content=\"summary_large_image\" \/>\n<meta name=\"twitter:label1\" content=\"Est. tempo de leitura\" \/>\n\t<meta name=\"twitter:data1\" content=\"1 minuto\" \/>\n<script type=\"application\/ld+json\" class=\"yoast-schema-graph\">{\"@context\":\"https:\/\/schema.org\",\"@graph\":[{\"@type\":\"WebPage\",\"@id\":\"https:\/\/grupobraco.com.br\/conteudo\/vergalhao-direto-da-fabrica-em-catalao-qualidade-e-agilidade-em-cada-projeto\/\",\"url\":\"https:\/\/grupobraco.com.br\/conteudo\/vergalhao-direto-da-fabrica-em-catalao-qualidade-e-agilidade-em-cada-projeto\/\",\"name\":\"Vergalh\u00e3o Direto da F\u00e1brica em Catal\u00e3o - BR A\u00e7o\",\"isPartOf\":{\"@id\":\"https:\/\/grupobraco.com.br\/conteudo\/#website\"},\"datePublished\":\"2025-03-24T02:00:47+00:00\",\"dateModified\":\"2025-03-24T02:00:47+00:00\",\"description\":\"Encontre o vergalh\u00e3o direto da f\u00e1brica em Catal\u00e3o com a BR A\u00e7o. Qualidade, agilidade e suporte t\u00e9cnico para seus projetos de constru\u00e7\u00e3o civil.\",\"breadcrumb\":{\"@id\":\"https:\/\/grupobraco.com.br\/conteudo\/vergalhao-direto-da-fabrica-em-catalao-qualidade-e-agilidade-em-cada-projeto\/#breadcrumb\"},\"inLanguage\":\"pt-BR\",\"potentialAction\":[{\"@type\":\"ReadAction\",\"target\":[\"https:\/\/grupobraco.com.br\/conteudo\/vergalhao-direto-da-fabrica-em-catalao-qualidade-e-agilidade-em-cada-projeto\/\"]}]},{\"@type\":\"BreadcrumbList\",\"@id\":\"https:\/\/grupobraco.com.br\/conteudo\/vergalhao-direto-da-fabrica-em-catalao-qualidade-e-agilidade-em-cada-projeto\/#breadcrumb\",\"itemListElement\":[{\"@type\":\"ListItem\",\"position\":1,\"name\":\"Home\",\"item\":\"https:\/\/grupobraco.com.br\/conteudo\/\"},{\"@type\":\"ListItem\",\"position\":2,\"name\":\"Vergalh\u00e3o Direto da F\u00e1brica em Catal\u00e3o: Qualidade e Agilidade em Cada Projeto\"}]},{\"@type\":\"WebSite\",\"@id\":\"https:\/\/grupobraco.com.br\/conteudo\/#website\",\"url\":\"https:\/\/grupobraco.com.br\/conteudo\/\",\"name\":\"Br A\u00e7o\",\"description\":\"Seus projetos na velocidade m\u00e1xima\",\"publisher\":{\"@id\":\"https:\/\/grupobraco.com.br\/conteudo\/#organization\"},\"potentialAction\":[{\"@type\":\"SearchAction\",\"target\":{\"@type\":\"EntryPoint\",\"urlTemplate\":\"https:\/\/grupobraco.com.br\/conteudo\/?s={search_term_string}\"},\"query-input\":{\"@type\":\"PropertyValueSpecification\",\"valueRequired\":true,\"valueName\":\"search_term_string\"}}],\"inLanguage\":\"pt-BR\"},{\"@type\":\"Organization\",\"@id\":\"https:\/\/grupobraco.com.br\/conteudo\/#organization\",\"name\":\"Br A\u00e7o\",\"url\":\"https:\/\/grupobraco.com.br\/conteudo\/\",\"logo\":{\"@type\":\"ImageObject\",\"inLanguage\":\"pt-BR\",\"@id\":\"https:\/\/grupobraco.com.br\/conteudo\/#\/schema\/logo\/image\/\",\"url\":\"https:\/\/grupobraco.com.br\/conteudo\/wp-content\/uploads\/2025\/04\/Z340-Logotipia-Reestruturacao-do-Branding.png\",\"contentUrl\":\"https:\/\/grupobraco.com.br\/conteudo\/wp-content\/uploads\/2025\/04\/Z340-Logotipia-Reestruturacao-do-Branding.png\",\"width\":1530,\"height\":1080,\"caption\":\"Br A\u00e7o\"},\"image\":{\"@id\":\"https:\/\/grupobraco.com.br\/conteudo\/#\/schema\/logo\/image\/\"}}]}<\/script>\n<!-- \/ Yoast SEO plugin. -->","yoast_head_json":{"title":"Vergalh\u00e3o Direto da F\u00e1brica em Catal\u00e3o - BR A\u00e7o","description":"Encontre o vergalh\u00e3o direto da f\u00e1brica em Catal\u00e3o com a BR A\u00e7o. Qualidade, agilidade e suporte t\u00e9cnico para seus projetos de constru\u00e7\u00e3o civil.","robots":{"index":"index","follow":"follow","max-snippet":"max-snippet:-1","max-image-preview":"max-image-preview:large","max-video-preview":"max-video-preview:-1"},"canonical":"https:\/\/grupobraco.com.br\/conteudo\/vergalhao-direto-da-fabrica-em-catalao-qualidade-e-agilidade-em-cada-projeto\/","og_locale":"pt_BR","og_type":"article","og_title":"Vergalh\u00e3o Direto da F\u00e1brica em Catal\u00e3o - BR A\u00e7o","og_description":"Encontre o vergalh\u00e3o direto da f\u00e1brica em Catal\u00e3o com a BR A\u00e7o. Qualidade, agilidade e suporte t\u00e9cnico para seus projetos de constru\u00e7\u00e3o civil.","og_url":"https:\/\/grupobraco.com.br\/conteudo\/vergalhao-direto-da-fabrica-em-catalao-qualidade-e-agilidade-em-cada-projeto\/","og_site_name":"Br A\u00e7o","twitter_card":"summary_large_image","twitter_misc":{"Est. tempo de leitura":"1 minuto"},"schema":{"@context":"https:\/\/schema.org","@graph":[{"@type":"WebPage","@id":"https:\/\/grupobraco.com.br\/conteudo\/vergalhao-direto-da-fabrica-em-catalao-qualidade-e-agilidade-em-cada-projeto\/","url":"https:\/\/grupobraco.com.br\/conteudo\/vergalhao-direto-da-fabrica-em-catalao-qualidade-e-agilidade-em-cada-projeto\/","name":"Vergalh\u00e3o Direto da F\u00e1brica em Catal\u00e3o - BR A\u00e7o","isPartOf":{"@id":"https:\/\/grupobraco.com.br\/conteudo\/#website"},"datePublished":"2025-03-24T02:00:47+00:00","dateModified":"2025-03-24T02:00:47+00:00","description":"Encontre o vergalh\u00e3o direto da f\u00e1brica em Catal\u00e3o com a BR A\u00e7o. Qualidade, agilidade e suporte t\u00e9cnico para seus projetos de constru\u00e7\u00e3o civil.","breadcrumb":{"@id":"https:\/\/grupobraco.com.br\/conteudo\/vergalhao-direto-da-fabrica-em-catalao-qualidade-e-agilidade-em-cada-projeto\/#breadcrumb"},"inLanguage":"pt-BR","potentialAction":[{"@type":"ReadAction","target":["https:\/\/grupobraco.com.br\/conteudo\/vergalhao-direto-da-fabrica-em-catalao-qualidade-e-agilidade-em-cada-projeto\/"]}]},{"@type":"BreadcrumbList","@id":"https:\/\/grupobraco.com.br\/conteudo\/vergalhao-direto-da-fabrica-em-catalao-qualidade-e-agilidade-em-cada-projeto\/#breadcrumb","itemListElement":[{"@type":"ListItem","position":1,"name":"Home","item":"https:\/\/grupobraco.com.br\/conteudo\/"},{"@type":"ListItem","position":2,"name":"Vergalh\u00e3o Direto da F\u00e1brica em Catal\u00e3o: Qualidade e Agilidade em Cada Projeto"}]},{"@type":"WebSite","@id":"https:\/\/grupobraco.com.br\/conteudo\/#website","url":"https:\/\/grupobraco.com.br\/conteudo\/","name":"Br A\u00e7o","description":"Seus projetos na velocidade m\u00e1xima","publisher":{"@id":"https:\/\/grupobraco.com.br\/conteudo\/#organization"},"potentialAction":[{"@type":"SearchAction","target":{"@type":"EntryPoint","urlTemplate":"https:\/\/grupobraco.com.br\/conteudo\/?s={search_term_string}"},"query-input":{"@type":"PropertyValueSpecification","valueRequired":true,"valueName":"search_term_string"}}],"inLanguage":"pt-BR"},{"@type":"Organization","@id":"https:\/\/grupobraco.com.br\/conteudo\/#organization","name":"Br A\u00e7o","url":"https:\/\/grupobraco.com.br\/conteudo\/","logo":{"@type":"ImageObject","inLanguage":"pt-BR","@id":"https:\/\/grupobraco.com.br\/conteudo\/#\/schema\/logo\/image\/","url":"https:\/\/grupobraco.com.br\/conteudo\/wp-content\/uploads\/2025\/04\/Z340-Logotipia-Reestruturacao-do-Branding.png","contentUrl":"https:\/\/grupobraco.com.br\/conteudo\/wp-content\/uploads\/2025\/04\/Z340-Logotipia-Reestruturacao-do-Branding.png","width":1530,"height":1080,"caption":"Br A\u00e7o"},"image":{"@id":"https:\/\/grupobraco.com.br\/conteudo\/#\/schema\/logo\/image\/"}}]}},"_links":{"self":[{"href":"https:\/\/grupobraco.com.br\/conteudo\/wp-json\/wp\/v2\/pages\/471","targetHints":{"allow":["GET"]}}],"collection":[{"href":"https:\/\/grupobraco.com.br\/conteudo\/wp-json\/wp\/v2\/pages"}],"about":[{"href":"https:\/\/grupobraco.com.br\/conteudo\/wp-json\/wp\/v2\/types\/page"}],"author":[{"embeddable":true,"href":"https:\/\/grupobraco.com.br\/conteudo\/wp-json\/wp\/v2\/users\/3"}],"replies":[{"embeddable":true,"href":"https:\/\/grupobraco.com.br\/conteudo\/wp-json\/wp\/v2\/comments?post=471"}],"version-history":[{"count":0,"href":"https:\/\/grupobraco.com.br\/conteudo\/wp-json\/wp\/v2\/pages\/471\/revisions"}],"wp:attachment":[{"href":"https:\/\/grupobraco.com.br\/conteudo\/wp-json\/wp\/v2\/media?parent=471"}],"curies":[{"name":"wp","href":"https:\/\/api.w.org\/{rel}","templated":true}]}}