{"id":4451,"date":"2025-04-14T02:00:54","date_gmt":"2025-04-14T02:00:54","guid":{"rendered":"https:\/\/grupobraco.com.br\/conteudo\/vergalhao-em-anapolis-a-escolha-certa-para-construcoes-solidas\/"},"modified":"2025-04-14T02:00:54","modified_gmt":"2025-04-14T02:00:54","slug":"vergalhao-em-anapolis-a-escolha-certa-para-construcoes-solidas","status":"publish","type":"page","link":"https:\/\/grupobraco.com.br\/conteudo\/vergalhao-em-anapolis-a-escolha-certa-para-construcoes-solidas\/","title":{"rendered":"Vergalh\u00e3o em An\u00e1polis: A Escolha Certa para Constru\u00e7\u00f5es S\u00f3lidas"},"content":{"rendered":"<p>Ao buscar por vergalh\u00e3o em An\u00e1polis, \u00e9 importante entender a relev\u00e2ncia desses materiais na constru\u00e7\u00e3o civil. Os vergalh\u00f5es s\u00e3o essenciais para garantir a resist\u00eancia e a durabilidade das estruturas, sendo utilizados como refor\u00e7o nas obras, que v\u00e3o desde pequenos projetos residenciais a grandes edifica\u00e7\u00f5es comerciais. A BR A\u00e7o \u00e9 a sua melhor op\u00e7\u00e3o quando o assunto \u00e9 vergalh\u00e3o em An\u00e1polis. Com anos de experi\u00eancia no mercado de a\u00e7o, oferecemos produtos de alta qualidade que atendem \u00e0s normas de seguran\u00e7a e desempenho. Nossos vergalh\u00f5es s\u00e3o fabricados com tecnologia de ponta, garantindo que suas propriedades f\u00edsicas sejam ideais para suportar as tens\u00f5es impostas por cargas permanentes e vari\u00e1veis. Assim, voc\u00ea pode ter a certeza de que suas obras estar\u00e3o seguras e dentro dos padr\u00f5es exigidos pelos \u00f3rg\u00e3os competentes. Al\u00e9m disso, nossa equipe especializada est\u00e1 sempre pronta para oferecer o suporte necess\u00e1rio na escolha do vergalh\u00e3o adequado para cada tipo de obra, levando em considera\u00e7\u00e3o as especificidades e exig\u00eancias de cada projeto, garantindo que sua constru\u00e7\u00e3o seja n\u00e3o apenas robusta, mas tamb\u00e9m eficiente em termos de tempo e custo.<\/p>\n","protected":false},"excerpt":{"rendered":"<p>Ao buscar por vergalh\u00e3o em An\u00e1polis, \u00e9 importante entender a relev\u00e2ncia desses materiais na constru\u00e7\u00e3o civil. Os vergalh\u00f5es s\u00e3o essenciais para garantir a resist\u00eancia e a durabilidade das estruturas, sendo utilizados como refor\u00e7o nas obras, que v\u00e3o desde pequenos projetos residenciais a grandes edifica\u00e7\u00f5es comerciais. A BR A\u00e7o \u00e9 a sua melhor op\u00e7\u00e3o quando o&hellip;&nbsp;<a href=\"https:\/\/grupobraco.com.br\/conteudo\/vergalhao-em-anapolis-a-escolha-certa-para-construcoes-solidas\/\" class=\"\" rel=\"bookmark\">Continue a ler &raquo;<span class=\"screen-reader-text\">Vergalh\u00e3o em An\u00e1polis: A Escolha Certa para Constru\u00e7\u00f5es S\u00f3lidas<\/span><\/a><\/p>\n","protected":false},"author":3,"featured_media":0,"parent":0,"menu_order":0,"comment_status":"closed","ping_status":"closed","template":"","meta":{"_acf_changed":false,"_yoast_wpseo_focuskw":"vergalh\u00e3o em An\u00e1polis","_yoast_wpseo_title":"Vergalh\u00e3o em An\u00e1polis - BR A\u00e7o: A Melhor Qualidade para Sua Obra","_yoast_wpseo_metadesc":"Encontre o melhor vergalh\u00e3o em An\u00e1polis com a BR A\u00e7o: qualidade, agilidade e solu\u00e7\u00f5es sob medida para sua constru\u00e7\u00e3o.","neve_meta_sidebar":"","neve_meta_container":"","neve_meta_enable_content_width":"","neve_meta_content_width":0,"neve_meta_title_alignment":"","neve_meta_author_avatar":"","neve_post_elements_order":"","neve_meta_disable_header":"","neve_meta_disable_footer":"","neve_meta_disable_title":"","footnotes":""},"class_list":["post-4451","page","type-page","status-publish","hentry"],"acf":{"introducao":"","conceitos_fundamentais":"","como_funciona":"","como_aplicar_no_dia_a_dia":"","principais_utilizacoes_e_beneficios":"","tipos_e_classificacoes":"","tecnologias_e_ferramentas_relacionadas":"","exemplos_e_casos_de_sucesso":"","mitos_e_verdades":"","perguntas_frequentes_faq":"","erros_comuns_e_como_evita-los":"","futuro_e_tendencias":"","conclusao":"","bloco1title":"Qualidade Garantida","bloco1text":"Na BR A\u00e7o, todos os vergalh\u00f5es em An\u00e1polis passam por rigorosos testes de qualidade, assegurando resist\u00eancia e durabilidade.","bloco2title":"Entrega R\u00e1pida","bloco2text":"Realizamos entregas pontuais em An\u00e1polis, garantindo que voc\u00ea tenha o material necess\u00e1rio na hora certa.","bloco3title":"Adaptabilidade","bloco3text":"Nossos vergalh\u00f5es em An\u00e1polis s\u00e3o vers\u00e1teis e podem ser utilizados em diversos tipos de obras, de residenciais a comerciais.","insightwidtitle":"Curiosidades sobre Vergalh\u00f5es","insightwidcontent":"Voc\u00ea sabia que o vergalh\u00e3o \u00e9 uma das principais inova\u00e7\u00f5es na constru\u00e7\u00e3o civil moderna? Desenvolvido para maximizar a resist\u00eancia das estruturas, o uso de vergalh\u00f5es data de mais de 150 anos, com v\u00e1rias inova\u00e7\u00f5es ao longo do tempo. Na BR A\u00e7o em An\u00e1polis, fazemos parte dessa hist\u00f3ria de evolu\u00e7\u00e3o, fornecendo produtos que se adaptam \u00e0s novas tecnologias e exig\u00eancias do setor. Nossa miss\u00e3o \u00e9 garantir que voc\u00ea tenha sempre o que h\u00e1 de melhor em vergalh\u00e3o para o seu projeto."},"yoast_head":"<!-- This site is optimized with the Yoast SEO plugin v23.4 - https:\/\/yoast.com\/wordpress\/plugins\/seo\/ -->\n<title>Vergalh\u00e3o em An\u00e1polis - BR A\u00e7o: A Melhor Qualidade para Sua Obra<\/title>\n<meta name=\"description\" content=\"Encontre o melhor vergalh\u00e3o em An\u00e1polis com a BR A\u00e7o: qualidade, agilidade e solu\u00e7\u00f5es sob medida para sua constru\u00e7\u00e3o.\" \/>\n<meta name=\"robots\" content=\"index, follow, max-snippet:-1, max-image-preview:large, max-video-preview:-1\" \/>\n<link rel=\"canonical\" href=\"https:\/\/grupobraco.com.br\/conteudo\/vergalhao-em-anapolis-a-escolha-certa-para-construcoes-solidas\/\" \/>\n<meta property=\"og:locale\" content=\"pt_BR\" \/>\n<meta property=\"og:type\" content=\"article\" \/>\n<meta property=\"og:title\" content=\"Vergalh\u00e3o em An\u00e1polis - BR A\u00e7o: A Melhor Qualidade para Sua Obra\" \/>\n<meta property=\"og:description\" content=\"Encontre o melhor vergalh\u00e3o em An\u00e1polis com a BR A\u00e7o: qualidade, agilidade e solu\u00e7\u00f5es sob medida para sua constru\u00e7\u00e3o.\" \/>\n<meta property=\"og:url\" content=\"https:\/\/grupobraco.com.br\/conteudo\/vergalhao-em-anapolis-a-escolha-certa-para-construcoes-solidas\/\" \/>\n<meta property=\"og:site_name\" content=\"Br A\u00e7o\" \/>\n<meta name=\"twitter:card\" content=\"summary_large_image\" \/>\n<meta name=\"twitter:label1\" content=\"Est. tempo de leitura\" \/>\n\t<meta name=\"twitter:data1\" content=\"1 minuto\" \/>\n<script type=\"application\/ld+json\" class=\"yoast-schema-graph\">{\"@context\":\"https:\/\/schema.org\",\"@graph\":[{\"@type\":\"WebPage\",\"@id\":\"https:\/\/grupobraco.com.br\/conteudo\/vergalhao-em-anapolis-a-escolha-certa-para-construcoes-solidas\/\",\"url\":\"https:\/\/grupobraco.com.br\/conteudo\/vergalhao-em-anapolis-a-escolha-certa-para-construcoes-solidas\/\",\"name\":\"Vergalh\u00e3o em An\u00e1polis - BR A\u00e7o: A Melhor Qualidade para Sua Obra\",\"isPartOf\":{\"@id\":\"https:\/\/grupobraco.com.br\/conteudo\/#website\"},\"datePublished\":\"2025-04-14T02:00:54+00:00\",\"dateModified\":\"2025-04-14T02:00:54+00:00\",\"description\":\"Encontre o melhor vergalh\u00e3o em An\u00e1polis com a BR A\u00e7o: qualidade, agilidade e solu\u00e7\u00f5es sob medida para sua constru\u00e7\u00e3o.\",\"breadcrumb\":{\"@id\":\"https:\/\/grupobraco.com.br\/conteudo\/vergalhao-em-anapolis-a-escolha-certa-para-construcoes-solidas\/#breadcrumb\"},\"inLanguage\":\"pt-BR\",\"potentialAction\":[{\"@type\":\"ReadAction\",\"target\":[\"https:\/\/grupobraco.com.br\/conteudo\/vergalhao-em-anapolis-a-escolha-certa-para-construcoes-solidas\/\"]}]},{\"@type\":\"BreadcrumbList\",\"@id\":\"https:\/\/grupobraco.com.br\/conteudo\/vergalhao-em-anapolis-a-escolha-certa-para-construcoes-solidas\/#breadcrumb\",\"itemListElement\":[{\"@type\":\"ListItem\",\"position\":1,\"name\":\"Home\",\"item\":\"https:\/\/grupobraco.com.br\/conteudo\/\"},{\"@type\":\"ListItem\",\"position\":2,\"name\":\"Vergalh\u00e3o em An\u00e1polis: A Escolha Certa para Constru\u00e7\u00f5es S\u00f3lidas\"}]},{\"@type\":\"WebSite\",\"@id\":\"https:\/\/grupobraco.com.br\/conteudo\/#website\",\"url\":\"https:\/\/grupobraco.com.br\/conteudo\/\",\"name\":\"Br A\u00e7o\",\"description\":\"Seus projetos na velocidade m\u00e1xima\",\"publisher\":{\"@id\":\"https:\/\/grupobraco.com.br\/conteudo\/#organization\"},\"potentialAction\":[{\"@type\":\"SearchAction\",\"target\":{\"@type\":\"EntryPoint\",\"urlTemplate\":\"https:\/\/grupobraco.com.br\/conteudo\/?s={search_term_string}\"},\"query-input\":{\"@type\":\"PropertyValueSpecification\",\"valueRequired\":true,\"valueName\":\"search_term_string\"}}],\"inLanguage\":\"pt-BR\"},{\"@type\":\"Organization\",\"@id\":\"https:\/\/grupobraco.com.br\/conteudo\/#organization\",\"name\":\"Br A\u00e7o\",\"url\":\"https:\/\/grupobraco.com.br\/conteudo\/\",\"logo\":{\"@type\":\"ImageObject\",\"inLanguage\":\"pt-BR\",\"@id\":\"https:\/\/grupobraco.com.br\/conteudo\/#\/schema\/logo\/image\/\",\"url\":\"https:\/\/grupobraco.com.br\/conteudo\/wp-content\/uploads\/2025\/04\/Z340-Logotipia-Reestruturacao-do-Branding.png\",\"contentUrl\":\"https:\/\/grupobraco.com.br\/conteudo\/wp-content\/uploads\/2025\/04\/Z340-Logotipia-Reestruturacao-do-Branding.png\",\"width\":1530,\"height\":1080,\"caption\":\"Br A\u00e7o\"},\"image\":{\"@id\":\"https:\/\/grupobraco.com.br\/conteudo\/#\/schema\/logo\/image\/\"}}]}<\/script>\n<!-- \/ Yoast SEO plugin. -->","yoast_head_json":{"title":"Vergalh\u00e3o em An\u00e1polis - BR A\u00e7o: A Melhor Qualidade para Sua Obra","description":"Encontre o melhor vergalh\u00e3o em An\u00e1polis com a BR A\u00e7o: qualidade, agilidade e solu\u00e7\u00f5es sob medida para sua constru\u00e7\u00e3o.","robots":{"index":"index","follow":"follow","max-snippet":"max-snippet:-1","max-image-preview":"max-image-preview:large","max-video-preview":"max-video-preview:-1"},"canonical":"https:\/\/grupobraco.com.br\/conteudo\/vergalhao-em-anapolis-a-escolha-certa-para-construcoes-solidas\/","og_locale":"pt_BR","og_type":"article","og_title":"Vergalh\u00e3o em An\u00e1polis - BR A\u00e7o: A Melhor Qualidade para Sua Obra","og_description":"Encontre o melhor vergalh\u00e3o em An\u00e1polis com a BR A\u00e7o: qualidade, agilidade e solu\u00e7\u00f5es sob medida para sua constru\u00e7\u00e3o.","og_url":"https:\/\/grupobraco.com.br\/conteudo\/vergalhao-em-anapolis-a-escolha-certa-para-construcoes-solidas\/","og_site_name":"Br A\u00e7o","twitter_card":"summary_large_image","twitter_misc":{"Est. tempo de leitura":"1 minuto"},"schema":{"@context":"https:\/\/schema.org","@graph":[{"@type":"WebPage","@id":"https:\/\/grupobraco.com.br\/conteudo\/vergalhao-em-anapolis-a-escolha-certa-para-construcoes-solidas\/","url":"https:\/\/grupobraco.com.br\/conteudo\/vergalhao-em-anapolis-a-escolha-certa-para-construcoes-solidas\/","name":"Vergalh\u00e3o em An\u00e1polis - BR A\u00e7o: A Melhor Qualidade para Sua Obra","isPartOf":{"@id":"https:\/\/grupobraco.com.br\/conteudo\/#website"},"datePublished":"2025-04-14T02:00:54+00:00","dateModified":"2025-04-14T02:00:54+00:00","description":"Encontre o melhor vergalh\u00e3o em An\u00e1polis com a BR A\u00e7o: qualidade, agilidade e solu\u00e7\u00f5es sob medida para sua constru\u00e7\u00e3o.","breadcrumb":{"@id":"https:\/\/grupobraco.com.br\/conteudo\/vergalhao-em-anapolis-a-escolha-certa-para-construcoes-solidas\/#breadcrumb"},"inLanguage":"pt-BR","potentialAction":[{"@type":"ReadAction","target":["https:\/\/grupobraco.com.br\/conteudo\/vergalhao-em-anapolis-a-escolha-certa-para-construcoes-solidas\/"]}]},{"@type":"BreadcrumbList","@id":"https:\/\/grupobraco.com.br\/conteudo\/vergalhao-em-anapolis-a-escolha-certa-para-construcoes-solidas\/#breadcrumb","itemListElement":[{"@type":"ListItem","position":1,"name":"Home","item":"https:\/\/grupobraco.com.br\/conteudo\/"},{"@type":"ListItem","position":2,"name":"Vergalh\u00e3o em An\u00e1polis: A Escolha Certa para Constru\u00e7\u00f5es S\u00f3lidas"}]},{"@type":"WebSite","@id":"https:\/\/grupobraco.com.br\/conteudo\/#website","url":"https:\/\/grupobraco.com.br\/conteudo\/","name":"Br A\u00e7o","description":"Seus projetos na velocidade m\u00e1xima","publisher":{"@id":"https:\/\/grupobraco.com.br\/conteudo\/#organization"},"potentialAction":[{"@type":"SearchAction","target":{"@type":"EntryPoint","urlTemplate":"https:\/\/grupobraco.com.br\/conteudo\/?s={search_term_string}"},"query-input":{"@type":"PropertyValueSpecification","valueRequired":true,"valueName":"search_term_string"}}],"inLanguage":"pt-BR"},{"@type":"Organization","@id":"https:\/\/grupobraco.com.br\/conteudo\/#organization","name":"Br A\u00e7o","url":"https:\/\/grupobraco.com.br\/conteudo\/","logo":{"@type":"ImageObject","inLanguage":"pt-BR","@id":"https:\/\/grupobraco.com.br\/conteudo\/#\/schema\/logo\/image\/","url":"https:\/\/grupobraco.com.br\/conteudo\/wp-content\/uploads\/2025\/04\/Z340-Logotipia-Reestruturacao-do-Branding.png","contentUrl":"https:\/\/grupobraco.com.br\/conteudo\/wp-content\/uploads\/2025\/04\/Z340-Logotipia-Reestruturacao-do-Branding.png","width":1530,"height":1080,"caption":"Br A\u00e7o"},"image":{"@id":"https:\/\/grupobraco.com.br\/conteudo\/#\/schema\/logo\/image\/"}}]}},"_links":{"self":[{"href":"https:\/\/grupobraco.com.br\/conteudo\/wp-json\/wp\/v2\/pages\/4451","targetHints":{"allow":["GET"]}}],"collection":[{"href":"https:\/\/grupobraco.com.br\/conteudo\/wp-json\/wp\/v2\/pages"}],"about":[{"href":"https:\/\/grupobraco.com.br\/conteudo\/wp-json\/wp\/v2\/types\/page"}],"author":[{"embeddable":true,"href":"https:\/\/grupobraco.com.br\/conteudo\/wp-json\/wp\/v2\/users\/3"}],"replies":[{"embeddable":true,"href":"https:\/\/grupobraco.com.br\/conteudo\/wp-json\/wp\/v2\/comments?post=4451"}],"version-history":[{"count":0,"href":"https:\/\/grupobraco.com.br\/conteudo\/wp-json\/wp\/v2\/pages\/4451\/revisions"}],"wp:attachment":[{"href":"https:\/\/grupobraco.com.br\/conteudo\/wp-json\/wp\/v2\/media?parent=4451"}],"curies":[{"name":"wp","href":"https:\/\/api.w.org\/{rel}","templated":true}]}}