{"id":3920,"date":"2025-04-11T07:46:01","date_gmt":"2025-04-11T07:46:01","guid":{"rendered":"https:\/\/grupobraco.com.br\/conteudo\/vergalhao-direto-da-fabrica-a-solucao-ideal-para-sua-construcao\/"},"modified":"2025-04-11T07:46:01","modified_gmt":"2025-04-11T07:46:01","slug":"vergalhao-direto-da-fabrica-a-solucao-ideal-para-sua-construcao","status":"publish","type":"page","link":"https:\/\/grupobraco.com.br\/conteudo\/vergalhao-direto-da-fabrica-a-solucao-ideal-para-sua-construcao\/","title":{"rendered":"Vergalh\u00e3o Direto da F\u00e1brica: A Solu\u00e7\u00e3o Ideal para Sua Constru\u00e7\u00e3o"},"content":{"rendered":"<p>Se voc\u00ea est\u00e1 buscando qualidade e efici\u00eancia no fornecimento de vergalh\u00e3o, a BR A\u00e7o \u00e9 a escolha certeira. Com sede em Formosa, a nossa empresa tem se destacado na produ\u00e7\u00e3o de vergalh\u00e3o direto da f\u00e1brica, oferecendo um produto que se alinha perfeitamente \u00e0s necessidades do mercado da constru\u00e7\u00e3o civil. Sabemos que o sucesso de um projeto de engenharia depende da qualidade dos materiais utilizados, e \u00e9 por isso que cada vergalh\u00e3o produzido na BR A\u00e7o passa por rigorosos testes de qualidade. Isso garante que voc\u00ea tenha em m\u00e3os um produto resistente, dur\u00e1vel e apto para suportar as exig\u00eancias de uma edifica\u00e7\u00e3o. Ao adquirir vergalh\u00e3o direto da f\u00e1brica, voc\u00ea tamb\u00e9m se beneficia de condi\u00e7\u00f5es comerciais vantajosas, eliminando intermedi\u00e1rios e reduzindo custos, sem abrir m\u00e3o da qualidade. Al\u00e9m disso, nossa equipe de profissionais est\u00e1 sempre pronta para oferecer orienta\u00e7\u00f5es e tirar d\u00favidas sobre o produto, tornando o processo de compra \u00e1gil e eficiente. A nossa preocupa\u00e7\u00e3o n\u00e3o \u00e9 apenas com o produto, mas tamb\u00e9m com o nosso compromisso de entrega pontual e r\u00e1pida, porque sabemos que o seu projeto n\u00e3o pode esperar. Escolher vergalh\u00e3o direto da f\u00e1brica \u00e9 optar por uma solu\u00e7\u00e3o eficiente, que agrega valor \u00e0 sua obra e garante a seguran\u00e7a que voc\u00ea precisa. Quando se fala em vergalh\u00e3o, \u00e9 imprescind\u00edvel contar com uma empresa que compreenda as exig\u00eancias do mercado e que ofere\u00e7a um produto de excel\u00eancia, como a BR A\u00e7o. Aqui, trabalhamos para tornar seus projetos vi\u00e1veis e realizados na velocidade m\u00e1xima que voc\u00ea merece.<\/p>\n","protected":false},"excerpt":{"rendered":"<p>Se voc\u00ea est\u00e1 buscando qualidade e efici\u00eancia no fornecimento de vergalh\u00e3o, a BR A\u00e7o \u00e9 a escolha certeira. Com sede em Formosa, a nossa empresa tem se destacado na produ\u00e7\u00e3o de vergalh\u00e3o direto da f\u00e1brica, oferecendo um produto que se alinha perfeitamente \u00e0s necessidades do mercado da constru\u00e7\u00e3o civil. Sabemos que o sucesso de um&hellip;&nbsp;<a href=\"https:\/\/grupobraco.com.br\/conteudo\/vergalhao-direto-da-fabrica-a-solucao-ideal-para-sua-construcao\/\" class=\"\" rel=\"bookmark\">Continue a ler &raquo;<span class=\"screen-reader-text\">Vergalh\u00e3o Direto da F\u00e1brica: A Solu\u00e7\u00e3o Ideal para Sua Constru\u00e7\u00e3o<\/span><\/a><\/p>\n","protected":false},"author":3,"featured_media":0,"parent":0,"menu_order":0,"comment_status":"closed","ping_status":"closed","template":"","meta":{"_acf_changed":false,"_yoast_wpseo_focuskw":"Vergalh\u00e3o direto da f\u00e1brica em Formosa","_yoast_wpseo_title":"Vergalh\u00e3o Direto da F\u00e1brica em Formosa: BR A\u00e7o \u00e9 a Melhor Escolha","_yoast_wpseo_metadesc":"Descubra as vantagens de adquirir vergalh\u00e3o direto da f\u00e1brica em Formosa com a BR A\u00e7o. Qualidade, agilidade e economia para suas obras!","neve_meta_sidebar":"","neve_meta_container":"","neve_meta_enable_content_width":"","neve_meta_content_width":0,"neve_meta_title_alignment":"","neve_meta_author_avatar":"","neve_post_elements_order":"","neve_meta_disable_header":"","neve_meta_disable_footer":"","neve_meta_disable_title":"","footnotes":""},"class_list":["post-3920","page","type-page","status-publish","hentry"],"acf":{"introducao":"","conceitos_fundamentais":"","como_funciona":"","como_aplicar_no_dia_a_dia":"","principais_utilizacoes_e_beneficios":"","tipos_e_classificacoes":"","tecnologias_e_ferramentas_relacionadas":"","exemplos_e_casos_de_sucesso":"","mitos_e_verdades":"","perguntas_frequentes_faq":"","erros_comuns_e_como_evita-los":"","futuro_e_tendencias":"","conclusao":"","bloco1title":"Qualidade Garantida","bloco1text":"Nossos vergalh\u00f5es passam por rigorosos testes de qualidade, assegurando durabilidade e seguran\u00e7a para suas obras.","bloco2title":"Entrega R\u00e1pida","bloco2text":"Nosso compromisso \u00e9 com prazos de entrega pontuais, garantindo que seu projeto n\u00e3o fique parado.","bloco3title":"Economia Atrav\u00e9s da F\u00e1brica","bloco3text":"Comprar vergalh\u00e3o direto da f\u00e1brica elimina intermedi\u00e1rios, proporcionando economia e maior controle sobre os custos.","insightwidtitle":"Curiosidades sobre Vergalh\u00f5es","insightwidcontent":"Voc\u00ea sabia que o vergalh\u00e3o n\u00e3o \u00e9 apenas resistente, mas tamb\u00e9m possui propriedades que o tornam ideal para absorver tens\u00f5es nas constru\u00e7\u00f5es? Gra\u00e7as ao seu formato e \u00e0 composi\u00e7\u00e3o do material, o vergalh\u00e3o tem uma excelente capacidade de tra\u00e7\u00e3o, sendo um dos principais respons\u00e1veis pela seguran\u00e7a estrutural das edifica\u00e7\u00f5es. Al\u00e9m disso, o vergalh\u00e3o fabricado pela BR A\u00e7o em Formosa \u00e9 produzido com a mais alta tecnologia, garantindo uniformidade e qualidade em cada barra, o que aumenta a vida \u00fatil das constru\u00e7\u00f5es e preserva a integridade das obras ao longo dos anos."},"yoast_head":"<!-- This site is optimized with the Yoast SEO plugin v23.4 - https:\/\/yoast.com\/wordpress\/plugins\/seo\/ -->\n<title>Vergalh\u00e3o Direto da F\u00e1brica em Formosa: BR A\u00e7o \u00e9 a Melhor Escolha<\/title>\n<meta name=\"description\" content=\"Descubra as vantagens de adquirir vergalh\u00e3o direto da f\u00e1brica em Formosa com a BR A\u00e7o. Qualidade, agilidade e economia para suas obras!\" \/>\n<meta name=\"robots\" content=\"index, follow, max-snippet:-1, max-image-preview:large, max-video-preview:-1\" \/>\n<link rel=\"canonical\" href=\"https:\/\/grupobraco.com.br\/conteudo\/vergalhao-direto-da-fabrica-a-solucao-ideal-para-sua-construcao\/\" \/>\n<meta property=\"og:locale\" content=\"pt_BR\" \/>\n<meta property=\"og:type\" content=\"article\" \/>\n<meta property=\"og:title\" content=\"Vergalh\u00e3o Direto da F\u00e1brica em Formosa: BR A\u00e7o \u00e9 a Melhor Escolha\" \/>\n<meta property=\"og:description\" content=\"Descubra as vantagens de adquirir vergalh\u00e3o direto da f\u00e1brica em Formosa com a BR A\u00e7o. Qualidade, agilidade e economia para suas obras!\" \/>\n<meta property=\"og:url\" content=\"https:\/\/grupobraco.com.br\/conteudo\/vergalhao-direto-da-fabrica-a-solucao-ideal-para-sua-construcao\/\" \/>\n<meta property=\"og:site_name\" content=\"Br A\u00e7o\" \/>\n<meta name=\"twitter:card\" content=\"summary_large_image\" \/>\n<meta name=\"twitter:label1\" content=\"Est. tempo de leitura\" \/>\n\t<meta name=\"twitter:data1\" content=\"1 minuto\" \/>\n<script type=\"application\/ld+json\" class=\"yoast-schema-graph\">{\"@context\":\"https:\/\/schema.org\",\"@graph\":[{\"@type\":\"WebPage\",\"@id\":\"https:\/\/grupobraco.com.br\/conteudo\/vergalhao-direto-da-fabrica-a-solucao-ideal-para-sua-construcao\/\",\"url\":\"https:\/\/grupobraco.com.br\/conteudo\/vergalhao-direto-da-fabrica-a-solucao-ideal-para-sua-construcao\/\",\"name\":\"Vergalh\u00e3o Direto da F\u00e1brica em Formosa: BR A\u00e7o \u00e9 a Melhor Escolha\",\"isPartOf\":{\"@id\":\"https:\/\/grupobraco.com.br\/conteudo\/#website\"},\"datePublished\":\"2025-04-11T07:46:01+00:00\",\"dateModified\":\"2025-04-11T07:46:01+00:00\",\"description\":\"Descubra as vantagens de adquirir vergalh\u00e3o direto da f\u00e1brica em Formosa com a BR A\u00e7o. Qualidade, agilidade e economia para suas obras!\",\"breadcrumb\":{\"@id\":\"https:\/\/grupobraco.com.br\/conteudo\/vergalhao-direto-da-fabrica-a-solucao-ideal-para-sua-construcao\/#breadcrumb\"},\"inLanguage\":\"pt-BR\",\"potentialAction\":[{\"@type\":\"ReadAction\",\"target\":[\"https:\/\/grupobraco.com.br\/conteudo\/vergalhao-direto-da-fabrica-a-solucao-ideal-para-sua-construcao\/\"]}]},{\"@type\":\"BreadcrumbList\",\"@id\":\"https:\/\/grupobraco.com.br\/conteudo\/vergalhao-direto-da-fabrica-a-solucao-ideal-para-sua-construcao\/#breadcrumb\",\"itemListElement\":[{\"@type\":\"ListItem\",\"position\":1,\"name\":\"Home\",\"item\":\"https:\/\/grupobraco.com.br\/conteudo\/\"},{\"@type\":\"ListItem\",\"position\":2,\"name\":\"Vergalh\u00e3o Direto da F\u00e1brica: A Solu\u00e7\u00e3o Ideal para Sua Constru\u00e7\u00e3o\"}]},{\"@type\":\"WebSite\",\"@id\":\"https:\/\/grupobraco.com.br\/conteudo\/#website\",\"url\":\"https:\/\/grupobraco.com.br\/conteudo\/\",\"name\":\"Br A\u00e7o\",\"description\":\"Seus projetos na velocidade m\u00e1xima\",\"publisher\":{\"@id\":\"https:\/\/grupobraco.com.br\/conteudo\/#organization\"},\"potentialAction\":[{\"@type\":\"SearchAction\",\"target\":{\"@type\":\"EntryPoint\",\"urlTemplate\":\"https:\/\/grupobraco.com.br\/conteudo\/?s={search_term_string}\"},\"query-input\":{\"@type\":\"PropertyValueSpecification\",\"valueRequired\":true,\"valueName\":\"search_term_string\"}}],\"inLanguage\":\"pt-BR\"},{\"@type\":\"Organization\",\"@id\":\"https:\/\/grupobraco.com.br\/conteudo\/#organization\",\"name\":\"Br A\u00e7o\",\"url\":\"https:\/\/grupobraco.com.br\/conteudo\/\",\"logo\":{\"@type\":\"ImageObject\",\"inLanguage\":\"pt-BR\",\"@id\":\"https:\/\/grupobraco.com.br\/conteudo\/#\/schema\/logo\/image\/\",\"url\":\"https:\/\/grupobraco.com.br\/conteudo\/wp-content\/uploads\/2025\/04\/Z340-Logotipia-Reestruturacao-do-Branding.png\",\"contentUrl\":\"https:\/\/grupobraco.com.br\/conteudo\/wp-content\/uploads\/2025\/04\/Z340-Logotipia-Reestruturacao-do-Branding.png\",\"width\":1530,\"height\":1080,\"caption\":\"Br A\u00e7o\"},\"image\":{\"@id\":\"https:\/\/grupobraco.com.br\/conteudo\/#\/schema\/logo\/image\/\"}}]}<\/script>\n<!-- \/ Yoast SEO plugin. -->","yoast_head_json":{"title":"Vergalh\u00e3o Direto da F\u00e1brica em Formosa: BR A\u00e7o \u00e9 a Melhor Escolha","description":"Descubra as vantagens de adquirir vergalh\u00e3o direto da f\u00e1brica em Formosa com a BR A\u00e7o. Qualidade, agilidade e economia para suas obras!","robots":{"index":"index","follow":"follow","max-snippet":"max-snippet:-1","max-image-preview":"max-image-preview:large","max-video-preview":"max-video-preview:-1"},"canonical":"https:\/\/grupobraco.com.br\/conteudo\/vergalhao-direto-da-fabrica-a-solucao-ideal-para-sua-construcao\/","og_locale":"pt_BR","og_type":"article","og_title":"Vergalh\u00e3o Direto da F\u00e1brica em Formosa: BR A\u00e7o \u00e9 a Melhor Escolha","og_description":"Descubra as vantagens de adquirir vergalh\u00e3o direto da f\u00e1brica em Formosa com a BR A\u00e7o. Qualidade, agilidade e economia para suas obras!","og_url":"https:\/\/grupobraco.com.br\/conteudo\/vergalhao-direto-da-fabrica-a-solucao-ideal-para-sua-construcao\/","og_site_name":"Br A\u00e7o","twitter_card":"summary_large_image","twitter_misc":{"Est. tempo de leitura":"1 minuto"},"schema":{"@context":"https:\/\/schema.org","@graph":[{"@type":"WebPage","@id":"https:\/\/grupobraco.com.br\/conteudo\/vergalhao-direto-da-fabrica-a-solucao-ideal-para-sua-construcao\/","url":"https:\/\/grupobraco.com.br\/conteudo\/vergalhao-direto-da-fabrica-a-solucao-ideal-para-sua-construcao\/","name":"Vergalh\u00e3o Direto da F\u00e1brica em Formosa: BR A\u00e7o \u00e9 a Melhor Escolha","isPartOf":{"@id":"https:\/\/grupobraco.com.br\/conteudo\/#website"},"datePublished":"2025-04-11T07:46:01+00:00","dateModified":"2025-04-11T07:46:01+00:00","description":"Descubra as vantagens de adquirir vergalh\u00e3o direto da f\u00e1brica em Formosa com a BR A\u00e7o. Qualidade, agilidade e economia para suas obras!","breadcrumb":{"@id":"https:\/\/grupobraco.com.br\/conteudo\/vergalhao-direto-da-fabrica-a-solucao-ideal-para-sua-construcao\/#breadcrumb"},"inLanguage":"pt-BR","potentialAction":[{"@type":"ReadAction","target":["https:\/\/grupobraco.com.br\/conteudo\/vergalhao-direto-da-fabrica-a-solucao-ideal-para-sua-construcao\/"]}]},{"@type":"BreadcrumbList","@id":"https:\/\/grupobraco.com.br\/conteudo\/vergalhao-direto-da-fabrica-a-solucao-ideal-para-sua-construcao\/#breadcrumb","itemListElement":[{"@type":"ListItem","position":1,"name":"Home","item":"https:\/\/grupobraco.com.br\/conteudo\/"},{"@type":"ListItem","position":2,"name":"Vergalh\u00e3o Direto da F\u00e1brica: A Solu\u00e7\u00e3o Ideal para Sua Constru\u00e7\u00e3o"}]},{"@type":"WebSite","@id":"https:\/\/grupobraco.com.br\/conteudo\/#website","url":"https:\/\/grupobraco.com.br\/conteudo\/","name":"Br A\u00e7o","description":"Seus projetos na velocidade m\u00e1xima","publisher":{"@id":"https:\/\/grupobraco.com.br\/conteudo\/#organization"},"potentialAction":[{"@type":"SearchAction","target":{"@type":"EntryPoint","urlTemplate":"https:\/\/grupobraco.com.br\/conteudo\/?s={search_term_string}"},"query-input":{"@type":"PropertyValueSpecification","valueRequired":true,"valueName":"search_term_string"}}],"inLanguage":"pt-BR"},{"@type":"Organization","@id":"https:\/\/grupobraco.com.br\/conteudo\/#organization","name":"Br A\u00e7o","url":"https:\/\/grupobraco.com.br\/conteudo\/","logo":{"@type":"ImageObject","inLanguage":"pt-BR","@id":"https:\/\/grupobraco.com.br\/conteudo\/#\/schema\/logo\/image\/","url":"https:\/\/grupobraco.com.br\/conteudo\/wp-content\/uploads\/2025\/04\/Z340-Logotipia-Reestruturacao-do-Branding.png","contentUrl":"https:\/\/grupobraco.com.br\/conteudo\/wp-content\/uploads\/2025\/04\/Z340-Logotipia-Reestruturacao-do-Branding.png","width":1530,"height":1080,"caption":"Br A\u00e7o"},"image":{"@id":"https:\/\/grupobraco.com.br\/conteudo\/#\/schema\/logo\/image\/"}}]}},"_links":{"self":[{"href":"https:\/\/grupobraco.com.br\/conteudo\/wp-json\/wp\/v2\/pages\/3920","targetHints":{"allow":["GET"]}}],"collection":[{"href":"https:\/\/grupobraco.com.br\/conteudo\/wp-json\/wp\/v2\/pages"}],"about":[{"href":"https:\/\/grupobraco.com.br\/conteudo\/wp-json\/wp\/v2\/types\/page"}],"author":[{"embeddable":true,"href":"https:\/\/grupobraco.com.br\/conteudo\/wp-json\/wp\/v2\/users\/3"}],"replies":[{"embeddable":true,"href":"https:\/\/grupobraco.com.br\/conteudo\/wp-json\/wp\/v2\/comments?post=3920"}],"version-history":[{"count":0,"href":"https:\/\/grupobraco.com.br\/conteudo\/wp-json\/wp\/v2\/pages\/3920\/revisions"}],"wp:attachment":[{"href":"https:\/\/grupobraco.com.br\/conteudo\/wp-json\/wp\/v2\/media?parent=3920"}],"curies":[{"name":"wp","href":"https:\/\/api.w.org\/{rel}","templated":true}]}}