{"id":364,"date":"2025-03-23T13:45:47","date_gmt":"2025-03-23T13:45:47","guid":{"rendered":"https:\/\/grupobraco.com.br\/conteudo\/br-aco-a-fabrica-de-vergalhao-em-trindade-que-transforma-projetos-em-realidade\/"},"modified":"2025-03-23T13:45:47","modified_gmt":"2025-03-23T13:45:47","slug":"br-aco-a-fabrica-de-vergalhao-em-trindade-que-transforma-projetos-em-realidade","status":"publish","type":"page","link":"https:\/\/grupobraco.com.br\/conteudo\/br-aco-a-fabrica-de-vergalhao-em-trindade-que-transforma-projetos-em-realidade\/","title":{"rendered":"BR A\u00e7o: A F\u00e1brica de Vergalh\u00e3o em Trindade que Transforma Projetos em Realidade"},"content":{"rendered":"<p>Quando se trata de constru\u00e7\u00e3o civil, a qualidade dos materiais pode fazer toda a diferen\u00e7a. A BR A\u00e7o se destaca como uma das principais f\u00e1bricas de vergalh\u00e3o em Trindade, oferecendo n\u00e3o apenas produtos de excel\u00eancia, mas tamb\u00e9m um servi\u00e7o que prioriza a rapidez e a efici\u00eancia. Com uma s\u00f3lida reputa\u00e7\u00e3o constru\u00edda ao longo dos anos, a BR A\u00e7o \u00e9 reconhecida pela alta qualidade do seu a\u00e7o e por assegurar que os projetos de seus clientes sejam entregues na velocidade m\u00e1xima desafiando as dificuldades do setor. A empresa possui uma equipe qualificada e experiente, garantindo que cada vergalh\u00e3o produzido atenda aos rigorosos padr\u00f5es de qualidade exigidos pelo mercado. Ao optar pela nossa f\u00e1brica de vergalh\u00e3o em Trindade, voc\u00ea n\u00e3o apenas recebe produtos prontos para a obra, mas tamb\u00e9m a seguran\u00e7a de que sua constru\u00e7\u00e3o ser\u00e1 durable e confi\u00e1vel. Nossa miss\u00e3o \u00e9 continuar inovando e utilizando as melhores pr\u00e1ticas para oferecer os produtos mais competitivos do mercado. Venha conhecer a BR A\u00e7o e confira como podemos ajudar a transformar o seu projeto.<\/p>\n","protected":false},"excerpt":{"rendered":"<p>Quando se trata de constru\u00e7\u00e3o civil, a qualidade dos materiais pode fazer toda a diferen\u00e7a. A BR A\u00e7o se destaca como uma das principais f\u00e1bricas de vergalh\u00e3o em Trindade, oferecendo n\u00e3o apenas produtos de excel\u00eancia, mas tamb\u00e9m um servi\u00e7o que prioriza a rapidez e a efici\u00eancia. Com uma s\u00f3lida reputa\u00e7\u00e3o constru\u00edda ao longo dos anos,&hellip;&nbsp;<a href=\"https:\/\/grupobraco.com.br\/conteudo\/br-aco-a-fabrica-de-vergalhao-em-trindade-que-transforma-projetos-em-realidade\/\" class=\"\" rel=\"bookmark\">Continue a ler &raquo;<span class=\"screen-reader-text\">BR A\u00e7o: A F\u00e1brica de Vergalh\u00e3o em Trindade que Transforma Projetos em Realidade<\/span><\/a><\/p>\n","protected":false},"author":3,"featured_media":0,"parent":0,"menu_order":0,"comment_status":"closed","ping_status":"closed","template":"","meta":{"_acf_changed":false,"_yoast_wpseo_focuskw":"f\u00e1brica de vergalh\u00e3o em Trindade","_yoast_wpseo_title":"BR A\u00e7o: A Melhor F\u00e1brica de Vergalh\u00e3o em Trindade","_yoast_wpseo_metadesc":"Conhe\u00e7a a BR A\u00e7o, a principal f\u00e1brica de vergalh\u00e3o em Trindade, oferecendo produtos de qualidade para sua obra com entrega r\u00e1pida e eficiente.","neve_meta_sidebar":"","neve_meta_container":"","neve_meta_enable_content_width":"","neve_meta_content_width":0,"neve_meta_title_alignment":"","neve_meta_author_avatar":"","neve_post_elements_order":"","neve_meta_disable_header":"","neve_meta_disable_footer":"","neve_meta_disable_title":"","footnotes":""},"class_list":["post-364","page","type-page","status-publish","hentry"],"acf":{"introducao":"","conceitos_fundamentais":"","como_funciona":"","como_aplicar_no_dia_a_dia":"","principais_utilizacoes_e_beneficios":"","tipos_e_classificacoes":"","tecnologias_e_ferramentas_relacionadas":"","exemplos_e_casos_de_sucesso":"","mitos_e_verdades":"","perguntas_frequentes_faq":"","erros_comuns_e_como_evita-los":"","futuro_e_tendencias":"","conclusao":"","bloco1title":"Qualidade Superior","bloco1text":"A BR A\u00e7o se compromete com a fabrica\u00e7\u00e3o de vergalh\u00e3o com qualidade incompar\u00e1vel, garantindo resist\u00eancia e durabilidade para sua obra.","bloco2title":"Atendimento Personalizado","bloco2text":"Na BR A\u00e7o, buscamos entender as necessidades dos clientes para fornecer solu\u00e7\u00f5es eficazes para suas demandas espec\u00edficas.","bloco3title":"Inova\u00e7\u00e3o Constante","bloco3text":"Nossa f\u00e1brica de vergalh\u00e3o em Trindade investe em tecnologia e processos modernos, resultando em produtos que atendem aos padr\u00f5es mais exigentes.","insightwidtitle":"Curiosidades sobre o Vergalh\u00e3o","insightwidcontent":"Voc\u00ea sabia que o vergalh\u00e3o foi introduzido na constru\u00e7\u00e3o civil no in\u00edcio do s\u00e9culo 19? Desde ent\u00e3o, ele se tornou essencial por proporcionar resist\u00eancia \u00e0s estruturas de concreto, com alta capacidade de tra\u00e7\u00e3o. As f\u00e1bricas de vergalh\u00e3o, como a BR A\u00e7o, desempenham um papel vital na produ\u00e7\u00e3o desses itens, garantindo que atendam aos padr\u00f5es internacionais de seguran\u00e7a e durabilidade."},"yoast_head":"<!-- This site is optimized with the Yoast SEO plugin v23.4 - https:\/\/yoast.com\/wordpress\/plugins\/seo\/ -->\n<title>BR A\u00e7o: A Melhor F\u00e1brica de Vergalh\u00e3o em Trindade<\/title>\n<meta name=\"description\" content=\"Conhe\u00e7a a BR A\u00e7o, a principal f\u00e1brica de vergalh\u00e3o em Trindade, oferecendo produtos de qualidade para sua obra com entrega r\u00e1pida e eficiente.\" \/>\n<meta name=\"robots\" content=\"index, follow, max-snippet:-1, max-image-preview:large, max-video-preview:-1\" \/>\n<link rel=\"canonical\" href=\"https:\/\/grupobraco.com.br\/conteudo\/br-aco-a-fabrica-de-vergalhao-em-trindade-que-transforma-projetos-em-realidade\/\" \/>\n<meta property=\"og:locale\" content=\"pt_BR\" \/>\n<meta property=\"og:type\" content=\"article\" \/>\n<meta property=\"og:title\" content=\"BR A\u00e7o: A Melhor F\u00e1brica de Vergalh\u00e3o em Trindade\" \/>\n<meta property=\"og:description\" content=\"Conhe\u00e7a a BR A\u00e7o, a principal f\u00e1brica de vergalh\u00e3o em Trindade, oferecendo produtos de qualidade para sua obra com entrega r\u00e1pida e eficiente.\" \/>\n<meta property=\"og:url\" content=\"https:\/\/grupobraco.com.br\/conteudo\/br-aco-a-fabrica-de-vergalhao-em-trindade-que-transforma-projetos-em-realidade\/\" \/>\n<meta property=\"og:site_name\" content=\"Br A\u00e7o\" \/>\n<meta name=\"twitter:card\" content=\"summary_large_image\" \/>\n<meta name=\"twitter:label1\" content=\"Est. tempo de leitura\" \/>\n\t<meta name=\"twitter:data1\" content=\"1 minuto\" \/>\n<script type=\"application\/ld+json\" class=\"yoast-schema-graph\">{\"@context\":\"https:\/\/schema.org\",\"@graph\":[{\"@type\":\"WebPage\",\"@id\":\"https:\/\/grupobraco.com.br\/conteudo\/br-aco-a-fabrica-de-vergalhao-em-trindade-que-transforma-projetos-em-realidade\/\",\"url\":\"https:\/\/grupobraco.com.br\/conteudo\/br-aco-a-fabrica-de-vergalhao-em-trindade-que-transforma-projetos-em-realidade\/\",\"name\":\"BR A\u00e7o: A Melhor F\u00e1brica de Vergalh\u00e3o em Trindade\",\"isPartOf\":{\"@id\":\"https:\/\/grupobraco.com.br\/conteudo\/#website\"},\"datePublished\":\"2025-03-23T13:45:47+00:00\",\"dateModified\":\"2025-03-23T13:45:47+00:00\",\"description\":\"Conhe\u00e7a a BR A\u00e7o, a principal f\u00e1brica de vergalh\u00e3o em Trindade, oferecendo produtos de qualidade para sua obra com entrega r\u00e1pida e eficiente.\",\"breadcrumb\":{\"@id\":\"https:\/\/grupobraco.com.br\/conteudo\/br-aco-a-fabrica-de-vergalhao-em-trindade-que-transforma-projetos-em-realidade\/#breadcrumb\"},\"inLanguage\":\"pt-BR\",\"potentialAction\":[{\"@type\":\"ReadAction\",\"target\":[\"https:\/\/grupobraco.com.br\/conteudo\/br-aco-a-fabrica-de-vergalhao-em-trindade-que-transforma-projetos-em-realidade\/\"]}]},{\"@type\":\"BreadcrumbList\",\"@id\":\"https:\/\/grupobraco.com.br\/conteudo\/br-aco-a-fabrica-de-vergalhao-em-trindade-que-transforma-projetos-em-realidade\/#breadcrumb\",\"itemListElement\":[{\"@type\":\"ListItem\",\"position\":1,\"name\":\"Home\",\"item\":\"https:\/\/grupobraco.com.br\/conteudo\/\"},{\"@type\":\"ListItem\",\"position\":2,\"name\":\"BR A\u00e7o: A F\u00e1brica de Vergalh\u00e3o em Trindade que Transforma Projetos em Realidade\"}]},{\"@type\":\"WebSite\",\"@id\":\"https:\/\/grupobraco.com.br\/conteudo\/#website\",\"url\":\"https:\/\/grupobraco.com.br\/conteudo\/\",\"name\":\"Br A\u00e7o\",\"description\":\"Seus projetos na velocidade m\u00e1xima\",\"publisher\":{\"@id\":\"https:\/\/grupobraco.com.br\/conteudo\/#organization\"},\"potentialAction\":[{\"@type\":\"SearchAction\",\"target\":{\"@type\":\"EntryPoint\",\"urlTemplate\":\"https:\/\/grupobraco.com.br\/conteudo\/?s={search_term_string}\"},\"query-input\":{\"@type\":\"PropertyValueSpecification\",\"valueRequired\":true,\"valueName\":\"search_term_string\"}}],\"inLanguage\":\"pt-BR\"},{\"@type\":\"Organization\",\"@id\":\"https:\/\/grupobraco.com.br\/conteudo\/#organization\",\"name\":\"Br A\u00e7o\",\"url\":\"https:\/\/grupobraco.com.br\/conteudo\/\",\"logo\":{\"@type\":\"ImageObject\",\"inLanguage\":\"pt-BR\",\"@id\":\"https:\/\/grupobraco.com.br\/conteudo\/#\/schema\/logo\/image\/\",\"url\":\"https:\/\/grupobraco.com.br\/conteudo\/wp-content\/uploads\/2025\/04\/Z340-Logotipia-Reestruturacao-do-Branding.png\",\"contentUrl\":\"https:\/\/grupobraco.com.br\/conteudo\/wp-content\/uploads\/2025\/04\/Z340-Logotipia-Reestruturacao-do-Branding.png\",\"width\":1530,\"height\":1080,\"caption\":\"Br A\u00e7o\"},\"image\":{\"@id\":\"https:\/\/grupobraco.com.br\/conteudo\/#\/schema\/logo\/image\/\"}}]}<\/script>\n<!-- \/ Yoast SEO plugin. -->","yoast_head_json":{"title":"BR A\u00e7o: A Melhor F\u00e1brica de Vergalh\u00e3o em Trindade","description":"Conhe\u00e7a a BR A\u00e7o, a principal f\u00e1brica de vergalh\u00e3o em Trindade, oferecendo produtos de qualidade para sua obra com entrega r\u00e1pida e eficiente.","robots":{"index":"index","follow":"follow","max-snippet":"max-snippet:-1","max-image-preview":"max-image-preview:large","max-video-preview":"max-video-preview:-1"},"canonical":"https:\/\/grupobraco.com.br\/conteudo\/br-aco-a-fabrica-de-vergalhao-em-trindade-que-transforma-projetos-em-realidade\/","og_locale":"pt_BR","og_type":"article","og_title":"BR A\u00e7o: A Melhor F\u00e1brica de Vergalh\u00e3o em Trindade","og_description":"Conhe\u00e7a a BR A\u00e7o, a principal f\u00e1brica de vergalh\u00e3o em Trindade, oferecendo produtos de qualidade para sua obra com entrega r\u00e1pida e eficiente.","og_url":"https:\/\/grupobraco.com.br\/conteudo\/br-aco-a-fabrica-de-vergalhao-em-trindade-que-transforma-projetos-em-realidade\/","og_site_name":"Br A\u00e7o","twitter_card":"summary_large_image","twitter_misc":{"Est. tempo de leitura":"1 minuto"},"schema":{"@context":"https:\/\/schema.org","@graph":[{"@type":"WebPage","@id":"https:\/\/grupobraco.com.br\/conteudo\/br-aco-a-fabrica-de-vergalhao-em-trindade-que-transforma-projetos-em-realidade\/","url":"https:\/\/grupobraco.com.br\/conteudo\/br-aco-a-fabrica-de-vergalhao-em-trindade-que-transforma-projetos-em-realidade\/","name":"BR A\u00e7o: A Melhor F\u00e1brica de Vergalh\u00e3o em Trindade","isPartOf":{"@id":"https:\/\/grupobraco.com.br\/conteudo\/#website"},"datePublished":"2025-03-23T13:45:47+00:00","dateModified":"2025-03-23T13:45:47+00:00","description":"Conhe\u00e7a a BR A\u00e7o, a principal f\u00e1brica de vergalh\u00e3o em Trindade, oferecendo produtos de qualidade para sua obra com entrega r\u00e1pida e eficiente.","breadcrumb":{"@id":"https:\/\/grupobraco.com.br\/conteudo\/br-aco-a-fabrica-de-vergalhao-em-trindade-que-transforma-projetos-em-realidade\/#breadcrumb"},"inLanguage":"pt-BR","potentialAction":[{"@type":"ReadAction","target":["https:\/\/grupobraco.com.br\/conteudo\/br-aco-a-fabrica-de-vergalhao-em-trindade-que-transforma-projetos-em-realidade\/"]}]},{"@type":"BreadcrumbList","@id":"https:\/\/grupobraco.com.br\/conteudo\/br-aco-a-fabrica-de-vergalhao-em-trindade-que-transforma-projetos-em-realidade\/#breadcrumb","itemListElement":[{"@type":"ListItem","position":1,"name":"Home","item":"https:\/\/grupobraco.com.br\/conteudo\/"},{"@type":"ListItem","position":2,"name":"BR A\u00e7o: A F\u00e1brica de Vergalh\u00e3o em Trindade que Transforma Projetos em Realidade"}]},{"@type":"WebSite","@id":"https:\/\/grupobraco.com.br\/conteudo\/#website","url":"https:\/\/grupobraco.com.br\/conteudo\/","name":"Br A\u00e7o","description":"Seus projetos na velocidade m\u00e1xima","publisher":{"@id":"https:\/\/grupobraco.com.br\/conteudo\/#organization"},"potentialAction":[{"@type":"SearchAction","target":{"@type":"EntryPoint","urlTemplate":"https:\/\/grupobraco.com.br\/conteudo\/?s={search_term_string}"},"query-input":{"@type":"PropertyValueSpecification","valueRequired":true,"valueName":"search_term_string"}}],"inLanguage":"pt-BR"},{"@type":"Organization","@id":"https:\/\/grupobraco.com.br\/conteudo\/#organization","name":"Br A\u00e7o","url":"https:\/\/grupobraco.com.br\/conteudo\/","logo":{"@type":"ImageObject","inLanguage":"pt-BR","@id":"https:\/\/grupobraco.com.br\/conteudo\/#\/schema\/logo\/image\/","url":"https:\/\/grupobraco.com.br\/conteudo\/wp-content\/uploads\/2025\/04\/Z340-Logotipia-Reestruturacao-do-Branding.png","contentUrl":"https:\/\/grupobraco.com.br\/conteudo\/wp-content\/uploads\/2025\/04\/Z340-Logotipia-Reestruturacao-do-Branding.png","width":1530,"height":1080,"caption":"Br A\u00e7o"},"image":{"@id":"https:\/\/grupobraco.com.br\/conteudo\/#\/schema\/logo\/image\/"}}]}},"_links":{"self":[{"href":"https:\/\/grupobraco.com.br\/conteudo\/wp-json\/wp\/v2\/pages\/364","targetHints":{"allow":["GET"]}}],"collection":[{"href":"https:\/\/grupobraco.com.br\/conteudo\/wp-json\/wp\/v2\/pages"}],"about":[{"href":"https:\/\/grupobraco.com.br\/conteudo\/wp-json\/wp\/v2\/types\/page"}],"author":[{"embeddable":true,"href":"https:\/\/grupobraco.com.br\/conteudo\/wp-json\/wp\/v2\/users\/3"}],"replies":[{"embeddable":true,"href":"https:\/\/grupobraco.com.br\/conteudo\/wp-json\/wp\/v2\/comments?post=364"}],"version-history":[{"count":0,"href":"https:\/\/grupobraco.com.br\/conteudo\/wp-json\/wp\/v2\/pages\/364\/revisions"}],"wp:attachment":[{"href":"https:\/\/grupobraco.com.br\/conteudo\/wp-json\/wp\/v2\/media?parent=364"}],"curies":[{"name":"wp","href":"https:\/\/api.w.org\/{rel}","templated":true}]}}