{"id":2453,"date":"2025-04-04T03:00:52","date_gmt":"2025-04-04T03:00:52","guid":{"rendered":"https:\/\/grupobraco.com.br\/conteudo\/vergalhao-direto-da-fabrica-em-anapolis-qualidade-e-agilidade-para-seus-projetos\/"},"modified":"2025-04-04T03:00:52","modified_gmt":"2025-04-04T03:00:52","slug":"vergalhao-direto-da-fabrica-em-anapolis-qualidade-e-agilidade-para-seus-projetos","status":"publish","type":"page","link":"https:\/\/grupobraco.com.br\/conteudo\/vergalhao-direto-da-fabrica-em-anapolis-qualidade-e-agilidade-para-seus-projetos\/","title":{"rendered":"Vergalh\u00e3o Direto da F\u00e1brica em An\u00e1polis: Qualidade e Agilidade para Seus Projetos"},"content":{"rendered":"<p>No mundo da constru\u00e7\u00e3o civil, a escolha dos materiais \u00e9 essencial. Optar pelo vergalh\u00e3o direto da f\u00e1brica em An\u00e1polis \u00e9 uma decis\u00e3o que pode impactar positivamente a qualidade e a efici\u00eancia de qualquer projeto. A BR A\u00e7o, l\u00edder no fornecimento de a\u00e7o em Goi\u00e1s, oferece uma linha completa de produtos que atende desde pequenas reformas at\u00e9 grandes obras. Com a garantia de qualidade superior e entregas r\u00e1pidas, a BR A\u00e7o se destaca como a melhor op\u00e7\u00e3o para quem busca vergalh\u00e3o direto da f\u00e1brica em An\u00e1polis. Investir em vergalh\u00f5es produzidos de forma controlada e rigorosa significa garantir a durabilidade e seguran\u00e7a das constru\u00e7\u00f5es. A BR A\u00e7o entrega mais do que apenas produtos; n\u00f3s entregamos confian\u00e7a. Ao adquirir vergalh\u00f5es diretamente da f\u00e1brica, nossos clientes usufruem de pre\u00e7os justos, qualidade inigual\u00e1vel e, principalmente, a certeza de que est\u00e3o investindo em um material que suporta a carga e o estresse das estruturas modernas. A gest\u00e3o de estoques e a efici\u00eancia na produ\u00e7\u00e3o fazem da nossa f\u00e1brica uma refer\u00eancia, garantindo que o vergalh\u00e3o direto da f\u00e1brica em An\u00e1polis chegue at\u00e9 voc\u00ea no momento que precisa. Al\u00e9m disso, nossos processos de controle de qualidade s\u00e3o criteriosamente monitorados, o que nos permite oferecer um produto confi\u00e1vel e seguro, aumentando ainda mais a credibilidade da marca BR A\u00e7o no mercado.<\/p>\n","protected":false},"excerpt":{"rendered":"<p>No mundo da constru\u00e7\u00e3o civil, a escolha dos materiais \u00e9 essencial. Optar pelo vergalh\u00e3o direto da f\u00e1brica em An\u00e1polis \u00e9 uma decis\u00e3o que pode impactar positivamente a qualidade e a efici\u00eancia de qualquer projeto. A BR A\u00e7o, l\u00edder no fornecimento de a\u00e7o em Goi\u00e1s, oferece uma linha completa de produtos que atende desde pequenas reformas&hellip;&nbsp;<a href=\"https:\/\/grupobraco.com.br\/conteudo\/vergalhao-direto-da-fabrica-em-anapolis-qualidade-e-agilidade-para-seus-projetos\/\" class=\"\" rel=\"bookmark\">Continue a ler &raquo;<span class=\"screen-reader-text\">Vergalh\u00e3o Direto da F\u00e1brica em An\u00e1polis: Qualidade e Agilidade para Seus Projetos<\/span><\/a><\/p>\n","protected":false},"author":3,"featured_media":0,"parent":0,"menu_order":0,"comment_status":"closed","ping_status":"closed","template":"","meta":{"_acf_changed":false,"_yoast_wpseo_focuskw":"Vergalh\u00e3o direto da f\u00e1brica em An\u00e1polis","_yoast_wpseo_title":"Vergalh\u00e3o Direto da F\u00e1brica em An\u00e1polis: Qualidade e Efici\u00eancia nas Suas Obras","_yoast_wpseo_metadesc":"Descubra as vantagens de adquirir vergalh\u00e3o direto da f\u00e1brica em An\u00e1polis com a BR A\u00e7o, refer\u00eancia em qualidade e agilidade na constru\u00e7\u00e3o civil.","neve_meta_sidebar":"","neve_meta_container":"","neve_meta_enable_content_width":"","neve_meta_content_width":0,"neve_meta_title_alignment":"","neve_meta_author_avatar":"","neve_post_elements_order":"","neve_meta_disable_header":"","neve_meta_disable_footer":"","neve_meta_disable_title":"","footnotes":""},"class_list":["post-2453","page","type-page","status-publish","hentry"],"acf":{"introducao":"","conceitos_fundamentais":"","como_funciona":"","como_aplicar_no_dia_a_dia":"","principais_utilizacoes_e_beneficios":"","tipos_e_classificacoes":"","tecnologias_e_ferramentas_relacionadas":"","exemplos_e_casos_de_sucesso":"","mitos_e_verdades":"","perguntas_frequentes_faq":"","erros_comuns_e_como_evita-los":"","futuro_e_tendencias":"","conclusao":"","bloco1title":"Qualidade Garantida","bloco1text":"O vergalh\u00e3o direto da f\u00e1brica em An\u00e1polis \u00e9 produzido sob rigorosos padr\u00f5es de qualidade, assegurando durabilidade e seguran\u00e7a para suas obras.","bloco2title":"Entrega \u00c1gil","bloco2text":"Com prazos de entrega r\u00e1pidos, a BR A\u00e7o assegura que seu projeto n\u00e3o enfrente atrasos, utilizando log\u00edstica eficiente para atender voc\u00ea.","bloco3title":"Foco no Cliente","bloco3text":"Na BR A\u00e7o, o cliente \u00e9 a prioridade. Nossa equipe especializada est\u00e1 sempre pronta para entender suas necessidades e oferecer as melhores solu\u00e7\u00f5es.","insightwidtitle":"Curiosidades sobre Vergalh\u00e3o","insightwidcontent":"Voc\u00ea sabia que o vergalh\u00e3o foi desenvolvido no s\u00e9culo XIX e revolucionou a constru\u00e7\u00e3o civil? Inicialmente o a\u00e7o era utilizado em constru\u00e7\u00f5es de estruturas met\u00e1licas, mas com o tempo se descobriu que a uni\u00e3o do vergalh\u00e3o com o concreto traria uma resist\u00eancia muito maior. Isso mostrou que a utiliza\u00e7\u00e3o do vergalh\u00e3o direto da f\u00e1brica em An\u00e1polis pode melhorar significativamente a durabilidade das edifica\u00e7\u00f5es."},"yoast_head":"<!-- This site is optimized with the Yoast SEO plugin v23.4 - https:\/\/yoast.com\/wordpress\/plugins\/seo\/ -->\n<title>Vergalh\u00e3o Direto da F\u00e1brica em An\u00e1polis: Qualidade e Efici\u00eancia nas Suas Obras<\/title>\n<meta name=\"description\" content=\"Descubra as vantagens de adquirir vergalh\u00e3o direto da f\u00e1brica em An\u00e1polis com a BR A\u00e7o, refer\u00eancia em qualidade e agilidade na constru\u00e7\u00e3o civil.\" \/>\n<meta name=\"robots\" content=\"index, follow, max-snippet:-1, max-image-preview:large, max-video-preview:-1\" \/>\n<link rel=\"canonical\" href=\"https:\/\/grupobraco.com.br\/conteudo\/vergalhao-direto-da-fabrica-em-anapolis-qualidade-e-agilidade-para-seus-projetos\/\" \/>\n<meta property=\"og:locale\" content=\"pt_BR\" \/>\n<meta property=\"og:type\" content=\"article\" \/>\n<meta property=\"og:title\" content=\"Vergalh\u00e3o Direto da F\u00e1brica em An\u00e1polis: Qualidade e Efici\u00eancia nas Suas Obras\" \/>\n<meta property=\"og:description\" content=\"Descubra as vantagens de adquirir vergalh\u00e3o direto da f\u00e1brica em An\u00e1polis com a BR A\u00e7o, refer\u00eancia em qualidade e agilidade na constru\u00e7\u00e3o civil.\" \/>\n<meta property=\"og:url\" content=\"https:\/\/grupobraco.com.br\/conteudo\/vergalhao-direto-da-fabrica-em-anapolis-qualidade-e-agilidade-para-seus-projetos\/\" \/>\n<meta property=\"og:site_name\" content=\"Br A\u00e7o\" \/>\n<meta name=\"twitter:card\" content=\"summary_large_image\" \/>\n<meta name=\"twitter:label1\" content=\"Est. tempo de leitura\" \/>\n\t<meta name=\"twitter:data1\" content=\"1 minuto\" \/>\n<script type=\"application\/ld+json\" class=\"yoast-schema-graph\">{\"@context\":\"https:\/\/schema.org\",\"@graph\":[{\"@type\":\"WebPage\",\"@id\":\"https:\/\/grupobraco.com.br\/conteudo\/vergalhao-direto-da-fabrica-em-anapolis-qualidade-e-agilidade-para-seus-projetos\/\",\"url\":\"https:\/\/grupobraco.com.br\/conteudo\/vergalhao-direto-da-fabrica-em-anapolis-qualidade-e-agilidade-para-seus-projetos\/\",\"name\":\"Vergalh\u00e3o Direto da F\u00e1brica em An\u00e1polis: Qualidade e Efici\u00eancia nas Suas Obras\",\"isPartOf\":{\"@id\":\"https:\/\/grupobraco.com.br\/conteudo\/#website\"},\"datePublished\":\"2025-04-04T03:00:52+00:00\",\"dateModified\":\"2025-04-04T03:00:52+00:00\",\"description\":\"Descubra as vantagens de adquirir vergalh\u00e3o direto da f\u00e1brica em An\u00e1polis com a BR A\u00e7o, refer\u00eancia em qualidade e agilidade na constru\u00e7\u00e3o civil.\",\"breadcrumb\":{\"@id\":\"https:\/\/grupobraco.com.br\/conteudo\/vergalhao-direto-da-fabrica-em-anapolis-qualidade-e-agilidade-para-seus-projetos\/#breadcrumb\"},\"inLanguage\":\"pt-BR\",\"potentialAction\":[{\"@type\":\"ReadAction\",\"target\":[\"https:\/\/grupobraco.com.br\/conteudo\/vergalhao-direto-da-fabrica-em-anapolis-qualidade-e-agilidade-para-seus-projetos\/\"]}]},{\"@type\":\"BreadcrumbList\",\"@id\":\"https:\/\/grupobraco.com.br\/conteudo\/vergalhao-direto-da-fabrica-em-anapolis-qualidade-e-agilidade-para-seus-projetos\/#breadcrumb\",\"itemListElement\":[{\"@type\":\"ListItem\",\"position\":1,\"name\":\"Home\",\"item\":\"https:\/\/grupobraco.com.br\/conteudo\/\"},{\"@type\":\"ListItem\",\"position\":2,\"name\":\"Vergalh\u00e3o Direto da F\u00e1brica em An\u00e1polis: Qualidade e Agilidade para Seus Projetos\"}]},{\"@type\":\"WebSite\",\"@id\":\"https:\/\/grupobraco.com.br\/conteudo\/#website\",\"url\":\"https:\/\/grupobraco.com.br\/conteudo\/\",\"name\":\"Br A\u00e7o\",\"description\":\"Seus projetos na velocidade m\u00e1xima\",\"publisher\":{\"@id\":\"https:\/\/grupobraco.com.br\/conteudo\/#organization\"},\"potentialAction\":[{\"@type\":\"SearchAction\",\"target\":{\"@type\":\"EntryPoint\",\"urlTemplate\":\"https:\/\/grupobraco.com.br\/conteudo\/?s={search_term_string}\"},\"query-input\":{\"@type\":\"PropertyValueSpecification\",\"valueRequired\":true,\"valueName\":\"search_term_string\"}}],\"inLanguage\":\"pt-BR\"},{\"@type\":\"Organization\",\"@id\":\"https:\/\/grupobraco.com.br\/conteudo\/#organization\",\"name\":\"Br A\u00e7o\",\"url\":\"https:\/\/grupobraco.com.br\/conteudo\/\",\"logo\":{\"@type\":\"ImageObject\",\"inLanguage\":\"pt-BR\",\"@id\":\"https:\/\/grupobraco.com.br\/conteudo\/#\/schema\/logo\/image\/\",\"url\":\"https:\/\/grupobraco.com.br\/conteudo\/wp-content\/uploads\/2025\/04\/Z340-Logotipia-Reestruturacao-do-Branding.png\",\"contentUrl\":\"https:\/\/grupobraco.com.br\/conteudo\/wp-content\/uploads\/2025\/04\/Z340-Logotipia-Reestruturacao-do-Branding.png\",\"width\":1530,\"height\":1080,\"caption\":\"Br A\u00e7o\"},\"image\":{\"@id\":\"https:\/\/grupobraco.com.br\/conteudo\/#\/schema\/logo\/image\/\"}}]}<\/script>\n<!-- \/ Yoast SEO plugin. -->","yoast_head_json":{"title":"Vergalh\u00e3o Direto da F\u00e1brica em An\u00e1polis: Qualidade e Efici\u00eancia nas Suas Obras","description":"Descubra as vantagens de adquirir vergalh\u00e3o direto da f\u00e1brica em An\u00e1polis com a BR A\u00e7o, refer\u00eancia em qualidade e agilidade na constru\u00e7\u00e3o civil.","robots":{"index":"index","follow":"follow","max-snippet":"max-snippet:-1","max-image-preview":"max-image-preview:large","max-video-preview":"max-video-preview:-1"},"canonical":"https:\/\/grupobraco.com.br\/conteudo\/vergalhao-direto-da-fabrica-em-anapolis-qualidade-e-agilidade-para-seus-projetos\/","og_locale":"pt_BR","og_type":"article","og_title":"Vergalh\u00e3o Direto da F\u00e1brica em An\u00e1polis: Qualidade e Efici\u00eancia nas Suas Obras","og_description":"Descubra as vantagens de adquirir vergalh\u00e3o direto da f\u00e1brica em An\u00e1polis com a BR A\u00e7o, refer\u00eancia em qualidade e agilidade na constru\u00e7\u00e3o civil.","og_url":"https:\/\/grupobraco.com.br\/conteudo\/vergalhao-direto-da-fabrica-em-anapolis-qualidade-e-agilidade-para-seus-projetos\/","og_site_name":"Br A\u00e7o","twitter_card":"summary_large_image","twitter_misc":{"Est. tempo de leitura":"1 minuto"},"schema":{"@context":"https:\/\/schema.org","@graph":[{"@type":"WebPage","@id":"https:\/\/grupobraco.com.br\/conteudo\/vergalhao-direto-da-fabrica-em-anapolis-qualidade-e-agilidade-para-seus-projetos\/","url":"https:\/\/grupobraco.com.br\/conteudo\/vergalhao-direto-da-fabrica-em-anapolis-qualidade-e-agilidade-para-seus-projetos\/","name":"Vergalh\u00e3o Direto da F\u00e1brica em An\u00e1polis: Qualidade e Efici\u00eancia nas Suas Obras","isPartOf":{"@id":"https:\/\/grupobraco.com.br\/conteudo\/#website"},"datePublished":"2025-04-04T03:00:52+00:00","dateModified":"2025-04-04T03:00:52+00:00","description":"Descubra as vantagens de adquirir vergalh\u00e3o direto da f\u00e1brica em An\u00e1polis com a BR A\u00e7o, refer\u00eancia em qualidade e agilidade na constru\u00e7\u00e3o civil.","breadcrumb":{"@id":"https:\/\/grupobraco.com.br\/conteudo\/vergalhao-direto-da-fabrica-em-anapolis-qualidade-e-agilidade-para-seus-projetos\/#breadcrumb"},"inLanguage":"pt-BR","potentialAction":[{"@type":"ReadAction","target":["https:\/\/grupobraco.com.br\/conteudo\/vergalhao-direto-da-fabrica-em-anapolis-qualidade-e-agilidade-para-seus-projetos\/"]}]},{"@type":"BreadcrumbList","@id":"https:\/\/grupobraco.com.br\/conteudo\/vergalhao-direto-da-fabrica-em-anapolis-qualidade-e-agilidade-para-seus-projetos\/#breadcrumb","itemListElement":[{"@type":"ListItem","position":1,"name":"Home","item":"https:\/\/grupobraco.com.br\/conteudo\/"},{"@type":"ListItem","position":2,"name":"Vergalh\u00e3o Direto da F\u00e1brica em An\u00e1polis: Qualidade e Agilidade para Seus Projetos"}]},{"@type":"WebSite","@id":"https:\/\/grupobraco.com.br\/conteudo\/#website","url":"https:\/\/grupobraco.com.br\/conteudo\/","name":"Br A\u00e7o","description":"Seus projetos na velocidade m\u00e1xima","publisher":{"@id":"https:\/\/grupobraco.com.br\/conteudo\/#organization"},"potentialAction":[{"@type":"SearchAction","target":{"@type":"EntryPoint","urlTemplate":"https:\/\/grupobraco.com.br\/conteudo\/?s={search_term_string}"},"query-input":{"@type":"PropertyValueSpecification","valueRequired":true,"valueName":"search_term_string"}}],"inLanguage":"pt-BR"},{"@type":"Organization","@id":"https:\/\/grupobraco.com.br\/conteudo\/#organization","name":"Br A\u00e7o","url":"https:\/\/grupobraco.com.br\/conteudo\/","logo":{"@type":"ImageObject","inLanguage":"pt-BR","@id":"https:\/\/grupobraco.com.br\/conteudo\/#\/schema\/logo\/image\/","url":"https:\/\/grupobraco.com.br\/conteudo\/wp-content\/uploads\/2025\/04\/Z340-Logotipia-Reestruturacao-do-Branding.png","contentUrl":"https:\/\/grupobraco.com.br\/conteudo\/wp-content\/uploads\/2025\/04\/Z340-Logotipia-Reestruturacao-do-Branding.png","width":1530,"height":1080,"caption":"Br A\u00e7o"},"image":{"@id":"https:\/\/grupobraco.com.br\/conteudo\/#\/schema\/logo\/image\/"}}]}},"_links":{"self":[{"href":"https:\/\/grupobraco.com.br\/conteudo\/wp-json\/wp\/v2\/pages\/2453","targetHints":{"allow":["GET"]}}],"collection":[{"href":"https:\/\/grupobraco.com.br\/conteudo\/wp-json\/wp\/v2\/pages"}],"about":[{"href":"https:\/\/grupobraco.com.br\/conteudo\/wp-json\/wp\/v2\/types\/page"}],"author":[{"embeddable":true,"href":"https:\/\/grupobraco.com.br\/conteudo\/wp-json\/wp\/v2\/users\/3"}],"replies":[{"embeddable":true,"href":"https:\/\/grupobraco.com.br\/conteudo\/wp-json\/wp\/v2\/comments?post=2453"}],"version-history":[{"count":0,"href":"https:\/\/grupobraco.com.br\/conteudo\/wp-json\/wp\/v2\/pages\/2453\/revisions"}],"wp:attachment":[{"href":"https:\/\/grupobraco.com.br\/conteudo\/wp-json\/wp\/v2\/media?parent=2453"}],"curies":[{"name":"wp","href":"https:\/\/api.w.org\/{rel}","templated":true}]}}