{"id":2317,"date":"2025-04-03T10:01:01","date_gmt":"2025-04-03T10:01:01","guid":{"rendered":"https:\/\/grupobraco.com.br\/conteudo\/vergalhao-direto-da-fabrica-em-senador-canedo-a-escolha-certa-para-sua-obra\/"},"modified":"2025-04-03T10:01:01","modified_gmt":"2025-04-03T10:01:01","slug":"vergalhao-direto-da-fabrica-em-senador-canedo-a-escolha-certa-para-sua-obra","status":"publish","type":"page","link":"https:\/\/grupobraco.com.br\/conteudo\/vergalhao-direto-da-fabrica-em-senador-canedo-a-escolha-certa-para-sua-obra\/","title":{"rendered":"Vergalh\u00e3o Direto da F\u00e1brica em Senador Canedo: A Escolha Certa para Sua Obra"},"content":{"rendered":"<p>Se voc\u00ea est\u00e1 buscando por vergalh\u00e3o direto da f\u00e1brica em Senador Canedo, a BR A\u00e7o \u00e9 a sua melhor op\u00e7\u00e3o. Localizada em um dos centros mais din\u00e2micos de Goi\u00e1s, a BR A\u00e7o se destaca na produ\u00e7\u00e3o e fornecimento de vergalh\u00f5es de alta qualidade. Al\u00e9m de garantir um produto robusto e com alta resist\u00eancia, o vergalh\u00e3o direto da f\u00e1brica \u00e9 sin\u00f4nimo de efici\u00eancia. Isso porque ao adquirir diretamente da fonte produtora, voc\u00ea evita os intermedi\u00e1rios, garantindo n\u00e3o s\u00f3 um pre\u00e7o competitivo, mas tamb\u00e9m uma agilidade no processo de entrega. Isso \u00e9 fundamental para que suas obras avancem segundo o cronograma desejado. Na constru\u00e7\u00e3o civil, cada atraso pode representar um custo adicional, por isso a agilidade e a confiabilidade na entrega de vergalh\u00e3o direto da f\u00e1brica em Senador Canedo s\u00e3o diferenciais que podem fazer toda a diferen\u00e7a. Al\u00e9m do mais, a qualidade do material \u00e9 essencial. O vergalh\u00e3o produzido pela BR A\u00e7o passa por rigorosos processos de controle, assegurando que atende e at\u00e9 supera as normas t\u00e9cnicas previstas para a sua utiliza\u00e7\u00e3o. Para os engenheiros e arquitetos que buscam excel\u00eancia, optar pelo vergalh\u00e3o direto da f\u00e1brica \u00e9 n\u00e3o s\u00f3 uma economia financeira, mas um investimento na qualidade da obra. No dia a dia de um projeto de constru\u00e7\u00e3o, a escolha de bons fornecedores \u00e9 fundamental. Com a BR A\u00e7o, voc\u00ea pode contar n\u00e3o apenas com o vergalh\u00e3o direto da f\u00e1brica, mas tamb\u00e9m com equipe t\u00e9cnica pronta para te auxiliar com consultorias e orienta\u00e7\u00f5es sobre a melhor forma de utiliz\u00e1-lo em suas obras. Na BR A\u00e7o, n\u00e3o estamos apenas fornecendo materiais; estamos entregando solu\u00e7\u00f5es para os desafios da constru\u00e7\u00e3o civil, sempre com foco em viabilizar seus projetos na velocidade m\u00e1xima.<\/p>\n","protected":false},"excerpt":{"rendered":"<p>Se voc\u00ea est\u00e1 buscando por vergalh\u00e3o direto da f\u00e1brica em Senador Canedo, a BR A\u00e7o \u00e9 a sua melhor op\u00e7\u00e3o. Localizada em um dos centros mais din\u00e2micos de Goi\u00e1s, a BR A\u00e7o se destaca na produ\u00e7\u00e3o e fornecimento de vergalh\u00f5es de alta qualidade. Al\u00e9m de garantir um produto robusto e com alta resist\u00eancia, o vergalh\u00e3o&hellip;&nbsp;<a href=\"https:\/\/grupobraco.com.br\/conteudo\/vergalhao-direto-da-fabrica-em-senador-canedo-a-escolha-certa-para-sua-obra\/\" class=\"\" rel=\"bookmark\">Continue a ler &raquo;<span class=\"screen-reader-text\">Vergalh\u00e3o Direto da F\u00e1brica em Senador Canedo: A Escolha Certa para Sua Obra<\/span><\/a><\/p>\n","protected":false},"author":3,"featured_media":0,"parent":0,"menu_order":0,"comment_status":"closed","ping_status":"closed","template":"","meta":{"_acf_changed":false,"_yoast_wpseo_focuskw":"vergalh\u00e3o direto da f\u00e1brica em Senador Canedo","_yoast_wpseo_title":"Vergalh\u00e3o Direto da F\u00e1brica em Senador Canedo - BR A\u00e7o","_yoast_wpseo_metadesc":"Descubra as vantagens de adquirir vergalh\u00e3o direto da f\u00e1brica em Senador Canedo com a BR A\u00e7o e impulsione seu projeto de constru\u00e7\u00e3o civil.","neve_meta_sidebar":"","neve_meta_container":"","neve_meta_enable_content_width":"","neve_meta_content_width":0,"neve_meta_title_alignment":"","neve_meta_author_avatar":"","neve_post_elements_order":"","neve_meta_disable_header":"","neve_meta_disable_footer":"","neve_meta_disable_title":"","footnotes":""},"class_list":["post-2317","page","type-page","status-publish","hentry"],"acf":{"introducao":"","conceitos_fundamentais":"","como_funciona":"","como_aplicar_no_dia_a_dia":"","principais_utilizacoes_e_beneficios":"","tipos_e_classificacoes":"","tecnologias_e_ferramentas_relacionadas":"","exemplos_e_casos_de_sucesso":"","mitos_e_verdades":"","perguntas_frequentes_faq":"","erros_comuns_e_como_evita-los":"","futuro_e_tendencias":"","conclusao":"","bloco1title":"Qualidade Garantida","bloco1text":"Na BR A\u00e7o, o vergalh\u00e3o direto da f\u00e1brica em Senador Canedo \u00e9 produzido com os melhores insumos, garantindo qualidade e seguran\u00e7a para suas obras.","bloco2title":"Entrega \u00c1gil","bloco2text":"Adquirir vergalh\u00e3o direto da f\u00e1brica significa receber o material rapidamente, evitando atrasos em seu projeto.","bloco3title":"Solu\u00e7\u00f5es Inovadoras","bloco3text":"Al\u00e9m de fornecer vergalh\u00e3o, a BR A\u00e7o oferece solu\u00e7\u00f5es inovadoras que ajudam a otimizar a gest\u00e3o do seu projeto, agregando valor ao seu investimento.","insightwidtitle":"Curiosidades sobre Vergalh\u00f5es","insightwidcontent":"Voc\u00ea sabia que o vergalh\u00e3o \u00e9 essencial para garantir a seguran\u00e7a de estruturas? Al\u00e9m de refor\u00e7ar o concreto, ele assegura durabilidade e resist\u00eancia. Comprar vergalh\u00e3o direto da f\u00e1brica em Senador Canedo pode melhorar significativamente a performance da sua obra."},"yoast_head":"<!-- This site is optimized with the Yoast SEO plugin v23.4 - https:\/\/yoast.com\/wordpress\/plugins\/seo\/ -->\n<title>Vergalh\u00e3o Direto da F\u00e1brica em Senador Canedo - BR A\u00e7o<\/title>\n<meta name=\"description\" content=\"Descubra as vantagens de adquirir vergalh\u00e3o direto da f\u00e1brica em Senador Canedo com a BR A\u00e7o e impulsione seu projeto de constru\u00e7\u00e3o civil.\" \/>\n<meta name=\"robots\" content=\"index, follow, max-snippet:-1, max-image-preview:large, max-video-preview:-1\" \/>\n<link rel=\"canonical\" href=\"https:\/\/grupobraco.com.br\/conteudo\/vergalhao-direto-da-fabrica-em-senador-canedo-a-escolha-certa-para-sua-obra\/\" \/>\n<meta property=\"og:locale\" content=\"pt_BR\" \/>\n<meta property=\"og:type\" content=\"article\" \/>\n<meta property=\"og:title\" content=\"Vergalh\u00e3o Direto da F\u00e1brica em Senador Canedo - BR A\u00e7o\" \/>\n<meta property=\"og:description\" content=\"Descubra as vantagens de adquirir vergalh\u00e3o direto da f\u00e1brica em Senador Canedo com a BR A\u00e7o e impulsione seu projeto de constru\u00e7\u00e3o civil.\" \/>\n<meta property=\"og:url\" content=\"https:\/\/grupobraco.com.br\/conteudo\/vergalhao-direto-da-fabrica-em-senador-canedo-a-escolha-certa-para-sua-obra\/\" \/>\n<meta property=\"og:site_name\" content=\"Br A\u00e7o\" \/>\n<meta name=\"twitter:card\" content=\"summary_large_image\" \/>\n<meta name=\"twitter:label1\" content=\"Est. tempo de leitura\" \/>\n\t<meta name=\"twitter:data1\" content=\"2 minutos\" \/>\n<script type=\"application\/ld+json\" class=\"yoast-schema-graph\">{\"@context\":\"https:\/\/schema.org\",\"@graph\":[{\"@type\":\"WebPage\",\"@id\":\"https:\/\/grupobraco.com.br\/conteudo\/vergalhao-direto-da-fabrica-em-senador-canedo-a-escolha-certa-para-sua-obra\/\",\"url\":\"https:\/\/grupobraco.com.br\/conteudo\/vergalhao-direto-da-fabrica-em-senador-canedo-a-escolha-certa-para-sua-obra\/\",\"name\":\"Vergalh\u00e3o Direto da F\u00e1brica em Senador Canedo - BR A\u00e7o\",\"isPartOf\":{\"@id\":\"https:\/\/grupobraco.com.br\/conteudo\/#website\"},\"datePublished\":\"2025-04-03T10:01:01+00:00\",\"dateModified\":\"2025-04-03T10:01:01+00:00\",\"description\":\"Descubra as vantagens de adquirir vergalh\u00e3o direto da f\u00e1brica em Senador Canedo com a BR A\u00e7o e impulsione seu projeto de constru\u00e7\u00e3o civil.\",\"breadcrumb\":{\"@id\":\"https:\/\/grupobraco.com.br\/conteudo\/vergalhao-direto-da-fabrica-em-senador-canedo-a-escolha-certa-para-sua-obra\/#breadcrumb\"},\"inLanguage\":\"pt-BR\",\"potentialAction\":[{\"@type\":\"ReadAction\",\"target\":[\"https:\/\/grupobraco.com.br\/conteudo\/vergalhao-direto-da-fabrica-em-senador-canedo-a-escolha-certa-para-sua-obra\/\"]}]},{\"@type\":\"BreadcrumbList\",\"@id\":\"https:\/\/grupobraco.com.br\/conteudo\/vergalhao-direto-da-fabrica-em-senador-canedo-a-escolha-certa-para-sua-obra\/#breadcrumb\",\"itemListElement\":[{\"@type\":\"ListItem\",\"position\":1,\"name\":\"Home\",\"item\":\"https:\/\/grupobraco.com.br\/conteudo\/\"},{\"@type\":\"ListItem\",\"position\":2,\"name\":\"Vergalh\u00e3o Direto da F\u00e1brica em Senador Canedo: A Escolha Certa para Sua Obra\"}]},{\"@type\":\"WebSite\",\"@id\":\"https:\/\/grupobraco.com.br\/conteudo\/#website\",\"url\":\"https:\/\/grupobraco.com.br\/conteudo\/\",\"name\":\"Br A\u00e7o\",\"description\":\"Seus projetos na velocidade m\u00e1xima\",\"publisher\":{\"@id\":\"https:\/\/grupobraco.com.br\/conteudo\/#organization\"},\"potentialAction\":[{\"@type\":\"SearchAction\",\"target\":{\"@type\":\"EntryPoint\",\"urlTemplate\":\"https:\/\/grupobraco.com.br\/conteudo\/?s={search_term_string}\"},\"query-input\":{\"@type\":\"PropertyValueSpecification\",\"valueRequired\":true,\"valueName\":\"search_term_string\"}}],\"inLanguage\":\"pt-BR\"},{\"@type\":\"Organization\",\"@id\":\"https:\/\/grupobraco.com.br\/conteudo\/#organization\",\"name\":\"Br A\u00e7o\",\"url\":\"https:\/\/grupobraco.com.br\/conteudo\/\",\"logo\":{\"@type\":\"ImageObject\",\"inLanguage\":\"pt-BR\",\"@id\":\"https:\/\/grupobraco.com.br\/conteudo\/#\/schema\/logo\/image\/\",\"url\":\"https:\/\/grupobraco.com.br\/conteudo\/wp-content\/uploads\/2025\/04\/Z340-Logotipia-Reestruturacao-do-Branding.png\",\"contentUrl\":\"https:\/\/grupobraco.com.br\/conteudo\/wp-content\/uploads\/2025\/04\/Z340-Logotipia-Reestruturacao-do-Branding.png\",\"width\":1530,\"height\":1080,\"caption\":\"Br A\u00e7o\"},\"image\":{\"@id\":\"https:\/\/grupobraco.com.br\/conteudo\/#\/schema\/logo\/image\/\"}}]}<\/script>\n<!-- \/ Yoast SEO plugin. -->","yoast_head_json":{"title":"Vergalh\u00e3o Direto da F\u00e1brica em Senador Canedo - BR A\u00e7o","description":"Descubra as vantagens de adquirir vergalh\u00e3o direto da f\u00e1brica em Senador Canedo com a BR A\u00e7o e impulsione seu projeto de constru\u00e7\u00e3o civil.","robots":{"index":"index","follow":"follow","max-snippet":"max-snippet:-1","max-image-preview":"max-image-preview:large","max-video-preview":"max-video-preview:-1"},"canonical":"https:\/\/grupobraco.com.br\/conteudo\/vergalhao-direto-da-fabrica-em-senador-canedo-a-escolha-certa-para-sua-obra\/","og_locale":"pt_BR","og_type":"article","og_title":"Vergalh\u00e3o Direto da F\u00e1brica em Senador Canedo - BR A\u00e7o","og_description":"Descubra as vantagens de adquirir vergalh\u00e3o direto da f\u00e1brica em Senador Canedo com a BR A\u00e7o e impulsione seu projeto de constru\u00e7\u00e3o civil.","og_url":"https:\/\/grupobraco.com.br\/conteudo\/vergalhao-direto-da-fabrica-em-senador-canedo-a-escolha-certa-para-sua-obra\/","og_site_name":"Br A\u00e7o","twitter_card":"summary_large_image","twitter_misc":{"Est. tempo de leitura":"2 minutos"},"schema":{"@context":"https:\/\/schema.org","@graph":[{"@type":"WebPage","@id":"https:\/\/grupobraco.com.br\/conteudo\/vergalhao-direto-da-fabrica-em-senador-canedo-a-escolha-certa-para-sua-obra\/","url":"https:\/\/grupobraco.com.br\/conteudo\/vergalhao-direto-da-fabrica-em-senador-canedo-a-escolha-certa-para-sua-obra\/","name":"Vergalh\u00e3o Direto da F\u00e1brica em Senador Canedo - BR A\u00e7o","isPartOf":{"@id":"https:\/\/grupobraco.com.br\/conteudo\/#website"},"datePublished":"2025-04-03T10:01:01+00:00","dateModified":"2025-04-03T10:01:01+00:00","description":"Descubra as vantagens de adquirir vergalh\u00e3o direto da f\u00e1brica em Senador Canedo com a BR A\u00e7o e impulsione seu projeto de constru\u00e7\u00e3o civil.","breadcrumb":{"@id":"https:\/\/grupobraco.com.br\/conteudo\/vergalhao-direto-da-fabrica-em-senador-canedo-a-escolha-certa-para-sua-obra\/#breadcrumb"},"inLanguage":"pt-BR","potentialAction":[{"@type":"ReadAction","target":["https:\/\/grupobraco.com.br\/conteudo\/vergalhao-direto-da-fabrica-em-senador-canedo-a-escolha-certa-para-sua-obra\/"]}]},{"@type":"BreadcrumbList","@id":"https:\/\/grupobraco.com.br\/conteudo\/vergalhao-direto-da-fabrica-em-senador-canedo-a-escolha-certa-para-sua-obra\/#breadcrumb","itemListElement":[{"@type":"ListItem","position":1,"name":"Home","item":"https:\/\/grupobraco.com.br\/conteudo\/"},{"@type":"ListItem","position":2,"name":"Vergalh\u00e3o Direto da F\u00e1brica em Senador Canedo: A Escolha Certa para Sua Obra"}]},{"@type":"WebSite","@id":"https:\/\/grupobraco.com.br\/conteudo\/#website","url":"https:\/\/grupobraco.com.br\/conteudo\/","name":"Br A\u00e7o","description":"Seus projetos na velocidade m\u00e1xima","publisher":{"@id":"https:\/\/grupobraco.com.br\/conteudo\/#organization"},"potentialAction":[{"@type":"SearchAction","target":{"@type":"EntryPoint","urlTemplate":"https:\/\/grupobraco.com.br\/conteudo\/?s={search_term_string}"},"query-input":{"@type":"PropertyValueSpecification","valueRequired":true,"valueName":"search_term_string"}}],"inLanguage":"pt-BR"},{"@type":"Organization","@id":"https:\/\/grupobraco.com.br\/conteudo\/#organization","name":"Br A\u00e7o","url":"https:\/\/grupobraco.com.br\/conteudo\/","logo":{"@type":"ImageObject","inLanguage":"pt-BR","@id":"https:\/\/grupobraco.com.br\/conteudo\/#\/schema\/logo\/image\/","url":"https:\/\/grupobraco.com.br\/conteudo\/wp-content\/uploads\/2025\/04\/Z340-Logotipia-Reestruturacao-do-Branding.png","contentUrl":"https:\/\/grupobraco.com.br\/conteudo\/wp-content\/uploads\/2025\/04\/Z340-Logotipia-Reestruturacao-do-Branding.png","width":1530,"height":1080,"caption":"Br A\u00e7o"},"image":{"@id":"https:\/\/grupobraco.com.br\/conteudo\/#\/schema\/logo\/image\/"}}]}},"_links":{"self":[{"href":"https:\/\/grupobraco.com.br\/conteudo\/wp-json\/wp\/v2\/pages\/2317","targetHints":{"allow":["GET"]}}],"collection":[{"href":"https:\/\/grupobraco.com.br\/conteudo\/wp-json\/wp\/v2\/pages"}],"about":[{"href":"https:\/\/grupobraco.com.br\/conteudo\/wp-json\/wp\/v2\/types\/page"}],"author":[{"embeddable":true,"href":"https:\/\/grupobraco.com.br\/conteudo\/wp-json\/wp\/v2\/users\/3"}],"replies":[{"embeddable":true,"href":"https:\/\/grupobraco.com.br\/conteudo\/wp-json\/wp\/v2\/comments?post=2317"}],"version-history":[{"count":0,"href":"https:\/\/grupobraco.com.br\/conteudo\/wp-json\/wp\/v2\/pages\/2317\/revisions"}],"wp:attachment":[{"href":"https:\/\/grupobraco.com.br\/conteudo\/wp-json\/wp\/v2\/media?parent=2317"}],"curies":[{"name":"wp","href":"https:\/\/api.w.org\/{rel}","templated":true}]}}