{"id":1800,"date":"2025-03-31T17:01:00","date_gmt":"2025-03-31T17:01:00","guid":{"rendered":"https:\/\/grupobraco.com.br\/conteudo\/vergalhao-direto-da-fabrica-qualidade-e-agilidade-em-senador-canedo\/"},"modified":"2025-03-31T17:01:00","modified_gmt":"2025-03-31T17:01:00","slug":"vergalhao-direto-da-fabrica-qualidade-e-agilidade-em-senador-canedo","status":"publish","type":"page","link":"https:\/\/grupobraco.com.br\/conteudo\/vergalhao-direto-da-fabrica-qualidade-e-agilidade-em-senador-canedo\/","title":{"rendered":"Vergalh\u00e3o Direto da F\u00e1brica: Qualidade e Agilidade em Senador Canedo"},"content":{"rendered":"<p>Ao procurar por vergalh\u00e3o direto da f\u00e1brica em Senador Canedo, \u00e9 essencial considerar a qualidade e a rapidez na entrega dos produtos. A BR A\u00e7o se destaca neste cen\u00e1rio, trazendo solu\u00e7\u00f5es que atendem \u00e0s necessidades de projetos de constru\u00e7\u00e3o civis de todos os tamanhos. Cada metro de vergalh\u00e3o \u00e9 produzido com rigorosos padr\u00f5es de qualidade, garantindo resist\u00eancia e durabilidade, fatores fundamentais para a seguran\u00e7a das estruturas. Quando opta por comprar vergalh\u00e3o diretamente da f\u00e1brica, voc\u00ea elimina intermedi\u00e1rios e ganha em economia e agilidade. \u00c9 com essa proposta que a BR A\u00e7o se consagra como refer\u00eancia na ind\u00fastria de a\u00e7o em Goi\u00e1s, sendo uma escolha inteligente para engenheiros, arquitetos e construtores em busca de excel\u00eancia na mat\u00e9ria-prima. Conhe\u00e7a nossos produtos e descubra como podemos acelerar o seu projeto &#8211; afinal, seu projeto n\u00e3o pode esperar e na BR A\u00e7o oferecemos a velocidade necess\u00e1ria para sua realiza\u00e7\u00e3o.<\/p>\n","protected":false},"excerpt":{"rendered":"<p>Ao procurar por vergalh\u00e3o direto da f\u00e1brica em Senador Canedo, \u00e9 essencial considerar a qualidade e a rapidez na entrega dos produtos. A BR A\u00e7o se destaca neste cen\u00e1rio, trazendo solu\u00e7\u00f5es que atendem \u00e0s necessidades de projetos de constru\u00e7\u00e3o civis de todos os tamanhos. Cada metro de vergalh\u00e3o \u00e9 produzido com rigorosos padr\u00f5es de qualidade,&hellip;&nbsp;<a href=\"https:\/\/grupobraco.com.br\/conteudo\/vergalhao-direto-da-fabrica-qualidade-e-agilidade-em-senador-canedo\/\" class=\"\" rel=\"bookmark\">Continue a ler &raquo;<span class=\"screen-reader-text\">Vergalh\u00e3o Direto da F\u00e1brica: Qualidade e Agilidade em Senador Canedo<\/span><\/a><\/p>\n","protected":false},"author":3,"featured_media":0,"parent":0,"menu_order":0,"comment_status":"closed","ping_status":"closed","template":"","meta":{"_acf_changed":false,"_yoast_wpseo_focuskw":"Vergalh\u00e3o direto da f\u00e1brica em Senador Canedo","_yoast_wpseo_title":"Vergalh\u00e3o Direto da F\u00e1brica em Senador Canedo - BR A\u00e7o","_yoast_wpseo_metadesc":"Adquira vergalh\u00e3o direto da f\u00e1brica em Senador Canedo com a BR A\u00e7o. Qualidade superior, entrega r\u00e1pida e pre\u00e7o justo. Ideal para suas obras.","neve_meta_sidebar":"","neve_meta_container":"","neve_meta_enable_content_width":"","neve_meta_content_width":0,"neve_meta_title_alignment":"","neve_meta_author_avatar":"","neve_post_elements_order":"","neve_meta_disable_header":"","neve_meta_disable_footer":"","neve_meta_disable_title":"","footnotes":""},"class_list":["post-1800","page","type-page","status-publish","hentry"],"acf":{"introducao":"","conceitos_fundamentais":"","como_funciona":"","como_aplicar_no_dia_a_dia":"","principais_utilizacoes_e_beneficios":"","tipos_e_classificacoes":"","tecnologias_e_ferramentas_relacionadas":"","exemplos_e_casos_de_sucesso":"","mitos_e_verdades":"","perguntas_frequentes_faq":"","erros_comuns_e_como_evita-los":"","futuro_e_tendencias":"","conclusao":"","bloco1title":"Qualidade Garantida","bloco1text":"Na BR A\u00e7o, a produ\u00e7\u00e3o do vergalh\u00e3o direto da f\u00e1brica em Senador Canedo \u00e9 realizada com materiais de alta qualidade e tecnologia avan\u00e7ada, assegurando resist\u00eancia e durabilidade inigual\u00e1veis.","bloco2title":"Agilidade na Entrega","bloco2text":"Comprando vergalh\u00e3o direto da f\u00e1brica, voc\u00ea experimenta uma log\u00edstica \u00e1gil, proporcionando entregas r\u00e1pidas que atendem aos prazos de seu projeto.","bloco3title":"Economia Eficiente","bloco3text":"Adquirir vergalh\u00e3o diretamente da f\u00e1brica n\u00e3o s\u00f3 traz economia significativa, eliminando intermedi\u00e1rios, mas tamb\u00e9m assegura sua qualidade sem compromissos.","insightwidtitle":"Fatos Curiosos sobre o A\u00e7o","insightwidcontent":"Voc\u00ea sabia que o a\u00e7o, o material do qual o vergalh\u00e3o \u00e9 feito, \u00e9 um dos materiais mais recicl\u00e1veis do mundo? A reciclagem do a\u00e7o requer apenas 25% da energia necess\u00e1ria para produzir a\u00e7o novo e, praticamente, todo o a\u00e7o produzido atualmente tem uma parcela de material reciclado, contribuindo para um processo de constru\u00e7\u00e3o civil mais sustent\u00e1vel."},"yoast_head":"<!-- This site is optimized with the Yoast SEO plugin v23.4 - https:\/\/yoast.com\/wordpress\/plugins\/seo\/ -->\n<title>Vergalh\u00e3o Direto da F\u00e1brica em Senador Canedo - BR A\u00e7o<\/title>\n<meta name=\"description\" content=\"Adquira vergalh\u00e3o direto da f\u00e1brica em Senador Canedo com a BR A\u00e7o. Qualidade superior, entrega r\u00e1pida e pre\u00e7o justo. Ideal para suas obras.\" \/>\n<meta name=\"robots\" content=\"index, follow, max-snippet:-1, max-image-preview:large, max-video-preview:-1\" \/>\n<link rel=\"canonical\" href=\"https:\/\/grupobraco.com.br\/conteudo\/vergalhao-direto-da-fabrica-qualidade-e-agilidade-em-senador-canedo\/\" \/>\n<meta property=\"og:locale\" content=\"pt_BR\" \/>\n<meta property=\"og:type\" content=\"article\" \/>\n<meta property=\"og:title\" content=\"Vergalh\u00e3o Direto da F\u00e1brica em Senador Canedo - BR A\u00e7o\" \/>\n<meta property=\"og:description\" content=\"Adquira vergalh\u00e3o direto da f\u00e1brica em Senador Canedo com a BR A\u00e7o. Qualidade superior, entrega r\u00e1pida e pre\u00e7o justo. Ideal para suas obras.\" \/>\n<meta property=\"og:url\" content=\"https:\/\/grupobraco.com.br\/conteudo\/vergalhao-direto-da-fabrica-qualidade-e-agilidade-em-senador-canedo\/\" \/>\n<meta property=\"og:site_name\" content=\"Br A\u00e7o\" \/>\n<meta name=\"twitter:card\" content=\"summary_large_image\" \/>\n<meta name=\"twitter:label1\" content=\"Est. tempo de leitura\" \/>\n\t<meta name=\"twitter:data1\" content=\"1 minuto\" \/>\n<script type=\"application\/ld+json\" class=\"yoast-schema-graph\">{\"@context\":\"https:\/\/schema.org\",\"@graph\":[{\"@type\":\"WebPage\",\"@id\":\"https:\/\/grupobraco.com.br\/conteudo\/vergalhao-direto-da-fabrica-qualidade-e-agilidade-em-senador-canedo\/\",\"url\":\"https:\/\/grupobraco.com.br\/conteudo\/vergalhao-direto-da-fabrica-qualidade-e-agilidade-em-senador-canedo\/\",\"name\":\"Vergalh\u00e3o Direto da F\u00e1brica em Senador Canedo - BR A\u00e7o\",\"isPartOf\":{\"@id\":\"https:\/\/grupobraco.com.br\/conteudo\/#website\"},\"datePublished\":\"2025-03-31T17:01:00+00:00\",\"dateModified\":\"2025-03-31T17:01:00+00:00\",\"description\":\"Adquira vergalh\u00e3o direto da f\u00e1brica em Senador Canedo com a BR A\u00e7o. Qualidade superior, entrega r\u00e1pida e pre\u00e7o justo. Ideal para suas obras.\",\"breadcrumb\":{\"@id\":\"https:\/\/grupobraco.com.br\/conteudo\/vergalhao-direto-da-fabrica-qualidade-e-agilidade-em-senador-canedo\/#breadcrumb\"},\"inLanguage\":\"pt-BR\",\"potentialAction\":[{\"@type\":\"ReadAction\",\"target\":[\"https:\/\/grupobraco.com.br\/conteudo\/vergalhao-direto-da-fabrica-qualidade-e-agilidade-em-senador-canedo\/\"]}]},{\"@type\":\"BreadcrumbList\",\"@id\":\"https:\/\/grupobraco.com.br\/conteudo\/vergalhao-direto-da-fabrica-qualidade-e-agilidade-em-senador-canedo\/#breadcrumb\",\"itemListElement\":[{\"@type\":\"ListItem\",\"position\":1,\"name\":\"Home\",\"item\":\"https:\/\/grupobraco.com.br\/conteudo\/\"},{\"@type\":\"ListItem\",\"position\":2,\"name\":\"Vergalh\u00e3o Direto da F\u00e1brica: Qualidade e Agilidade em Senador Canedo\"}]},{\"@type\":\"WebSite\",\"@id\":\"https:\/\/grupobraco.com.br\/conteudo\/#website\",\"url\":\"https:\/\/grupobraco.com.br\/conteudo\/\",\"name\":\"Br A\u00e7o\",\"description\":\"Seus projetos na velocidade m\u00e1xima\",\"publisher\":{\"@id\":\"https:\/\/grupobraco.com.br\/conteudo\/#organization\"},\"potentialAction\":[{\"@type\":\"SearchAction\",\"target\":{\"@type\":\"EntryPoint\",\"urlTemplate\":\"https:\/\/grupobraco.com.br\/conteudo\/?s={search_term_string}\"},\"query-input\":{\"@type\":\"PropertyValueSpecification\",\"valueRequired\":true,\"valueName\":\"search_term_string\"}}],\"inLanguage\":\"pt-BR\"},{\"@type\":\"Organization\",\"@id\":\"https:\/\/grupobraco.com.br\/conteudo\/#organization\",\"name\":\"Br A\u00e7o\",\"url\":\"https:\/\/grupobraco.com.br\/conteudo\/\",\"logo\":{\"@type\":\"ImageObject\",\"inLanguage\":\"pt-BR\",\"@id\":\"https:\/\/grupobraco.com.br\/conteudo\/#\/schema\/logo\/image\/\",\"url\":\"https:\/\/grupobraco.com.br\/conteudo\/wp-content\/uploads\/2025\/04\/Z340-Logotipia-Reestruturacao-do-Branding.png\",\"contentUrl\":\"https:\/\/grupobraco.com.br\/conteudo\/wp-content\/uploads\/2025\/04\/Z340-Logotipia-Reestruturacao-do-Branding.png\",\"width\":1530,\"height\":1080,\"caption\":\"Br A\u00e7o\"},\"image\":{\"@id\":\"https:\/\/grupobraco.com.br\/conteudo\/#\/schema\/logo\/image\/\"}}]}<\/script>\n<!-- \/ Yoast SEO plugin. -->","yoast_head_json":{"title":"Vergalh\u00e3o Direto da F\u00e1brica em Senador Canedo - BR A\u00e7o","description":"Adquira vergalh\u00e3o direto da f\u00e1brica em Senador Canedo com a BR A\u00e7o. Qualidade superior, entrega r\u00e1pida e pre\u00e7o justo. Ideal para suas obras.","robots":{"index":"index","follow":"follow","max-snippet":"max-snippet:-1","max-image-preview":"max-image-preview:large","max-video-preview":"max-video-preview:-1"},"canonical":"https:\/\/grupobraco.com.br\/conteudo\/vergalhao-direto-da-fabrica-qualidade-e-agilidade-em-senador-canedo\/","og_locale":"pt_BR","og_type":"article","og_title":"Vergalh\u00e3o Direto da F\u00e1brica em Senador Canedo - BR A\u00e7o","og_description":"Adquira vergalh\u00e3o direto da f\u00e1brica em Senador Canedo com a BR A\u00e7o. Qualidade superior, entrega r\u00e1pida e pre\u00e7o justo. Ideal para suas obras.","og_url":"https:\/\/grupobraco.com.br\/conteudo\/vergalhao-direto-da-fabrica-qualidade-e-agilidade-em-senador-canedo\/","og_site_name":"Br A\u00e7o","twitter_card":"summary_large_image","twitter_misc":{"Est. tempo de leitura":"1 minuto"},"schema":{"@context":"https:\/\/schema.org","@graph":[{"@type":"WebPage","@id":"https:\/\/grupobraco.com.br\/conteudo\/vergalhao-direto-da-fabrica-qualidade-e-agilidade-em-senador-canedo\/","url":"https:\/\/grupobraco.com.br\/conteudo\/vergalhao-direto-da-fabrica-qualidade-e-agilidade-em-senador-canedo\/","name":"Vergalh\u00e3o Direto da F\u00e1brica em Senador Canedo - BR A\u00e7o","isPartOf":{"@id":"https:\/\/grupobraco.com.br\/conteudo\/#website"},"datePublished":"2025-03-31T17:01:00+00:00","dateModified":"2025-03-31T17:01:00+00:00","description":"Adquira vergalh\u00e3o direto da f\u00e1brica em Senador Canedo com a BR A\u00e7o. Qualidade superior, entrega r\u00e1pida e pre\u00e7o justo. Ideal para suas obras.","breadcrumb":{"@id":"https:\/\/grupobraco.com.br\/conteudo\/vergalhao-direto-da-fabrica-qualidade-e-agilidade-em-senador-canedo\/#breadcrumb"},"inLanguage":"pt-BR","potentialAction":[{"@type":"ReadAction","target":["https:\/\/grupobraco.com.br\/conteudo\/vergalhao-direto-da-fabrica-qualidade-e-agilidade-em-senador-canedo\/"]}]},{"@type":"BreadcrumbList","@id":"https:\/\/grupobraco.com.br\/conteudo\/vergalhao-direto-da-fabrica-qualidade-e-agilidade-em-senador-canedo\/#breadcrumb","itemListElement":[{"@type":"ListItem","position":1,"name":"Home","item":"https:\/\/grupobraco.com.br\/conteudo\/"},{"@type":"ListItem","position":2,"name":"Vergalh\u00e3o Direto da F\u00e1brica: Qualidade e Agilidade em Senador Canedo"}]},{"@type":"WebSite","@id":"https:\/\/grupobraco.com.br\/conteudo\/#website","url":"https:\/\/grupobraco.com.br\/conteudo\/","name":"Br A\u00e7o","description":"Seus projetos na velocidade m\u00e1xima","publisher":{"@id":"https:\/\/grupobraco.com.br\/conteudo\/#organization"},"potentialAction":[{"@type":"SearchAction","target":{"@type":"EntryPoint","urlTemplate":"https:\/\/grupobraco.com.br\/conteudo\/?s={search_term_string}"},"query-input":{"@type":"PropertyValueSpecification","valueRequired":true,"valueName":"search_term_string"}}],"inLanguage":"pt-BR"},{"@type":"Organization","@id":"https:\/\/grupobraco.com.br\/conteudo\/#organization","name":"Br A\u00e7o","url":"https:\/\/grupobraco.com.br\/conteudo\/","logo":{"@type":"ImageObject","inLanguage":"pt-BR","@id":"https:\/\/grupobraco.com.br\/conteudo\/#\/schema\/logo\/image\/","url":"https:\/\/grupobraco.com.br\/conteudo\/wp-content\/uploads\/2025\/04\/Z340-Logotipia-Reestruturacao-do-Branding.png","contentUrl":"https:\/\/grupobraco.com.br\/conteudo\/wp-content\/uploads\/2025\/04\/Z340-Logotipia-Reestruturacao-do-Branding.png","width":1530,"height":1080,"caption":"Br A\u00e7o"},"image":{"@id":"https:\/\/grupobraco.com.br\/conteudo\/#\/schema\/logo\/image\/"}}]}},"_links":{"self":[{"href":"https:\/\/grupobraco.com.br\/conteudo\/wp-json\/wp\/v2\/pages\/1800","targetHints":{"allow":["GET"]}}],"collection":[{"href":"https:\/\/grupobraco.com.br\/conteudo\/wp-json\/wp\/v2\/pages"}],"about":[{"href":"https:\/\/grupobraco.com.br\/conteudo\/wp-json\/wp\/v2\/types\/page"}],"author":[{"embeddable":true,"href":"https:\/\/grupobraco.com.br\/conteudo\/wp-json\/wp\/v2\/users\/3"}],"replies":[{"embeddable":true,"href":"https:\/\/grupobraco.com.br\/conteudo\/wp-json\/wp\/v2\/comments?post=1800"}],"version-history":[{"count":0,"href":"https:\/\/grupobraco.com.br\/conteudo\/wp-json\/wp\/v2\/pages\/1800\/revisions"}],"wp:attachment":[{"href":"https:\/\/grupobraco.com.br\/conteudo\/wp-json\/wp\/v2\/media?parent=1800"}],"curies":[{"name":"wp","href":"https:\/\/api.w.org\/{rel}","templated":true}]}}