{"id":1738,"date":"2025-03-31T09:00:57","date_gmt":"2025-03-31T09:00:57","guid":{"rendered":"https:\/\/grupobraco.com.br\/conteudo\/br-aco-a-fabrica-de-vergalhao-em-luziania-que-revoluciona-a-construcao-civil-2\/"},"modified":"2025-03-31T09:00:57","modified_gmt":"2025-03-31T09:00:57","slug":"br-aco-a-fabrica-de-vergalhao-em-luziania-que-revoluciona-a-construcao-civil-2","status":"publish","type":"page","link":"https:\/\/grupobraco.com.br\/conteudo\/br-aco-a-fabrica-de-vergalhao-em-luziania-que-revoluciona-a-construcao-civil-2\/","title":{"rendered":"BR A\u00e7o: A F\u00e1brica de Vergalh\u00e3o em Luzi\u00e2nia que Revoluciona a Constru\u00e7\u00e3o Civil"},"content":{"rendered":"<p>Quando se fala em qualidade e efici\u00eancia na ind\u00fastria do a\u00e7o, a BR A\u00e7o se destaca como a principal refer\u00eancia em Luzi\u00e2nia. A f\u00e1brica de vergalh\u00e3o em Luzi\u00e2nia oferece n\u00e3o apenas produtos de alta qualidade, mas tamb\u00e9m um compromisso inabal\u00e1vel com a satisfa\u00e7\u00e3o do cliente. Aqui, voc\u00ea encontrar\u00e1 vergalh\u00f5es que atendem \u00e0s exig\u00eancias do mercado da constru\u00e7\u00e3o civil, sempre com a certeza de que seus projetos estar\u00e3o nas melhores m\u00e3os. A nossa miss\u00e3o vai muito al\u00e9m da simples venda de produtos; buscamos ser parte fundamental do sucesso de cada obra. Para isso, contamos com um time de especialistas que garantem que cada vergalh\u00e3o produzido tenha as especifica\u00e7\u00f5es rigorosas necess\u00e1rias para suportar as estruturas mais exigentes. Nossa tecnologia de ponta e o rigoroso controle de qualidade nos permitem entregar o que h\u00e1 de melhor para os nossos clientes, seja na constru\u00e7\u00e3o de pequenos edif\u00edcios ou grandes obras de infraestrutura. Portanto, ao escolher a BR A\u00e7o, voc\u00ea est\u00e1 escolhendo n\u00e3o apenas uma f\u00e1brica de vergalh\u00e3o em Luzi\u00e2nia, mas uma parceira confi\u00e1vel e comprometida com a entrega pontual e de qualidade. Estamos aqui para garantir que seus projetos saiam do papel e ganhem forma com seguran\u00e7a e efici\u00eancia.<\/p>\n","protected":false},"excerpt":{"rendered":"<p>Quando se fala em qualidade e efici\u00eancia na ind\u00fastria do a\u00e7o, a BR A\u00e7o se destaca como a principal refer\u00eancia em Luzi\u00e2nia. A f\u00e1brica de vergalh\u00e3o em Luzi\u00e2nia oferece n\u00e3o apenas produtos de alta qualidade, mas tamb\u00e9m um compromisso inabal\u00e1vel com a satisfa\u00e7\u00e3o do cliente. Aqui, voc\u00ea encontrar\u00e1 vergalh\u00f5es que atendem \u00e0s exig\u00eancias do mercado&hellip;&nbsp;<a href=\"https:\/\/grupobraco.com.br\/conteudo\/br-aco-a-fabrica-de-vergalhao-em-luziania-que-revoluciona-a-construcao-civil-2\/\" class=\"\" rel=\"bookmark\">Continue a ler &raquo;<span class=\"screen-reader-text\">BR A\u00e7o: A F\u00e1brica de Vergalh\u00e3o em Luzi\u00e2nia que Revoluciona a Constru\u00e7\u00e3o Civil<\/span><\/a><\/p>\n","protected":false},"author":3,"featured_media":0,"parent":0,"menu_order":0,"comment_status":"closed","ping_status":"closed","template":"","meta":{"_acf_changed":false,"_yoast_wpseo_focuskw":"F\u00e1brica de vergalh\u00e3o em Luzi\u00e2nia","_yoast_wpseo_title":"F\u00e1brica de Vergalh\u00e3o em Luzi\u00e2nia - Qualidade e Agilidade da BR A\u00e7o","_yoast_wpseo_metadesc":"Descubra a BR A\u00e7o, a principal f\u00e1brica de vergalh\u00e3o em Luzi\u00e2nia, oferecendo qualidade, velocidade e solu\u00e7\u00f5es para sua obra.","neve_meta_sidebar":"","neve_meta_container":"","neve_meta_enable_content_width":"","neve_meta_content_width":0,"neve_meta_title_alignment":"","neve_meta_author_avatar":"","neve_post_elements_order":"","neve_meta_disable_header":"","neve_meta_disable_footer":"","neve_meta_disable_title":"","footnotes":""},"class_list":["post-1738","page","type-page","status-publish","hentry"],"acf":{"introducao":"","conceitos_fundamentais":"","como_funciona":"","como_aplicar_no_dia_a_dia":"","principais_utilizacoes_e_beneficios":"","tipos_e_classificacoes":"","tecnologias_e_ferramentas_relacionadas":"","exemplos_e_casos_de_sucesso":"","mitos_e_verdades":"","perguntas_frequentes_faq":"","erros_comuns_e_como_evita-los":"","futuro_e_tendencias":"","conclusao":"","bloco1title":"Qualidade Inigual\u00e1vel","bloco1text":"Na BR A\u00e7o, a qualidade dos nossos vergalh\u00f5es \u00e9 garantida por rigorosos padr\u00f5es de controle.","bloco2title":"Atendimento Personalizado","bloco2text":"Nosso time est\u00e1 sempre pronto para oferecer o suporte necess\u00e1rio a cada cliente.","bloco3title":"Tecnologia Avan\u00e7ada","bloco3text":"Utilizamos tecnologia de ponta na fabrica\u00e7\u00e3o de vergalh\u00f5es, garantindo a m\u00e1xima resist\u00eancia e durabilidade.","insightwidtitle":"Curiosidades sobre o Vergalh\u00e3o","insightwidcontent":"Voc\u00ea sabia que o vergalh\u00e3o \u00e9 um elemento crucial para a seguran\u00e7a estrutural de edif\u00edcios? Ele \u00e9 projetado para suportar tens\u00f5es e reduzir o risco de falhas. A BR A\u00e7o utiliza tecnologia avan\u00e7ada na sua fabrica\u00e7\u00e3o, resultando em um a\u00e7o que n\u00e3o apenas atende, mas supera as normas de seguran\u00e7a do setor."},"yoast_head":"<!-- This site is optimized with the Yoast SEO plugin v23.4 - https:\/\/yoast.com\/wordpress\/plugins\/seo\/ -->\n<title>F\u00e1brica de Vergalh\u00e3o em Luzi\u00e2nia - Qualidade e Agilidade da BR A\u00e7o<\/title>\n<meta name=\"description\" content=\"Descubra a BR A\u00e7o, a principal f\u00e1brica de vergalh\u00e3o em Luzi\u00e2nia, oferecendo qualidade, velocidade e solu\u00e7\u00f5es para sua obra.\" \/>\n<meta name=\"robots\" content=\"index, follow, max-snippet:-1, max-image-preview:large, max-video-preview:-1\" \/>\n<link rel=\"canonical\" href=\"https:\/\/grupobraco.com.br\/conteudo\/br-aco-a-fabrica-de-vergalhao-em-luziania-que-revoluciona-a-construcao-civil-2\/\" \/>\n<meta property=\"og:locale\" content=\"pt_BR\" \/>\n<meta property=\"og:type\" content=\"article\" \/>\n<meta property=\"og:title\" content=\"F\u00e1brica de Vergalh\u00e3o em Luzi\u00e2nia - Qualidade e Agilidade da BR A\u00e7o\" \/>\n<meta property=\"og:description\" content=\"Descubra a BR A\u00e7o, a principal f\u00e1brica de vergalh\u00e3o em Luzi\u00e2nia, oferecendo qualidade, velocidade e solu\u00e7\u00f5es para sua obra.\" \/>\n<meta property=\"og:url\" content=\"https:\/\/grupobraco.com.br\/conteudo\/br-aco-a-fabrica-de-vergalhao-em-luziania-que-revoluciona-a-construcao-civil-2\/\" \/>\n<meta property=\"og:site_name\" content=\"Br A\u00e7o\" \/>\n<meta name=\"twitter:card\" content=\"summary_large_image\" \/>\n<meta name=\"twitter:label1\" content=\"Est. tempo de leitura\" \/>\n\t<meta name=\"twitter:data1\" content=\"1 minuto\" \/>\n<script type=\"application\/ld+json\" class=\"yoast-schema-graph\">{\"@context\":\"https:\/\/schema.org\",\"@graph\":[{\"@type\":\"WebPage\",\"@id\":\"https:\/\/grupobraco.com.br\/conteudo\/br-aco-a-fabrica-de-vergalhao-em-luziania-que-revoluciona-a-construcao-civil-2\/\",\"url\":\"https:\/\/grupobraco.com.br\/conteudo\/br-aco-a-fabrica-de-vergalhao-em-luziania-que-revoluciona-a-construcao-civil-2\/\",\"name\":\"F\u00e1brica de Vergalh\u00e3o em Luzi\u00e2nia - Qualidade e Agilidade da BR A\u00e7o\",\"isPartOf\":{\"@id\":\"https:\/\/grupobraco.com.br\/conteudo\/#website\"},\"datePublished\":\"2025-03-31T09:00:57+00:00\",\"dateModified\":\"2025-03-31T09:00:57+00:00\",\"description\":\"Descubra a BR A\u00e7o, a principal f\u00e1brica de vergalh\u00e3o em Luzi\u00e2nia, oferecendo qualidade, velocidade e solu\u00e7\u00f5es para sua obra.\",\"breadcrumb\":{\"@id\":\"https:\/\/grupobraco.com.br\/conteudo\/br-aco-a-fabrica-de-vergalhao-em-luziania-que-revoluciona-a-construcao-civil-2\/#breadcrumb\"},\"inLanguage\":\"pt-BR\",\"potentialAction\":[{\"@type\":\"ReadAction\",\"target\":[\"https:\/\/grupobraco.com.br\/conteudo\/br-aco-a-fabrica-de-vergalhao-em-luziania-que-revoluciona-a-construcao-civil-2\/\"]}]},{\"@type\":\"BreadcrumbList\",\"@id\":\"https:\/\/grupobraco.com.br\/conteudo\/br-aco-a-fabrica-de-vergalhao-em-luziania-que-revoluciona-a-construcao-civil-2\/#breadcrumb\",\"itemListElement\":[{\"@type\":\"ListItem\",\"position\":1,\"name\":\"Home\",\"item\":\"https:\/\/grupobraco.com.br\/conteudo\/\"},{\"@type\":\"ListItem\",\"position\":2,\"name\":\"BR A\u00e7o: A F\u00e1brica de Vergalh\u00e3o em Luzi\u00e2nia que Revoluciona a Constru\u00e7\u00e3o Civil\"}]},{\"@type\":\"WebSite\",\"@id\":\"https:\/\/grupobraco.com.br\/conteudo\/#website\",\"url\":\"https:\/\/grupobraco.com.br\/conteudo\/\",\"name\":\"Br A\u00e7o\",\"description\":\"Seus projetos na velocidade m\u00e1xima\",\"publisher\":{\"@id\":\"https:\/\/grupobraco.com.br\/conteudo\/#organization\"},\"potentialAction\":[{\"@type\":\"SearchAction\",\"target\":{\"@type\":\"EntryPoint\",\"urlTemplate\":\"https:\/\/grupobraco.com.br\/conteudo\/?s={search_term_string}\"},\"query-input\":{\"@type\":\"PropertyValueSpecification\",\"valueRequired\":true,\"valueName\":\"search_term_string\"}}],\"inLanguage\":\"pt-BR\"},{\"@type\":\"Organization\",\"@id\":\"https:\/\/grupobraco.com.br\/conteudo\/#organization\",\"name\":\"Br A\u00e7o\",\"url\":\"https:\/\/grupobraco.com.br\/conteudo\/\",\"logo\":{\"@type\":\"ImageObject\",\"inLanguage\":\"pt-BR\",\"@id\":\"https:\/\/grupobraco.com.br\/conteudo\/#\/schema\/logo\/image\/\",\"url\":\"https:\/\/grupobraco.com.br\/conteudo\/wp-content\/uploads\/2025\/04\/Z340-Logotipia-Reestruturacao-do-Branding.png\",\"contentUrl\":\"https:\/\/grupobraco.com.br\/conteudo\/wp-content\/uploads\/2025\/04\/Z340-Logotipia-Reestruturacao-do-Branding.png\",\"width\":1530,\"height\":1080,\"caption\":\"Br A\u00e7o\"},\"image\":{\"@id\":\"https:\/\/grupobraco.com.br\/conteudo\/#\/schema\/logo\/image\/\"}}]}<\/script>\n<!-- \/ Yoast SEO plugin. -->","yoast_head_json":{"title":"F\u00e1brica de Vergalh\u00e3o em Luzi\u00e2nia - Qualidade e Agilidade da BR A\u00e7o","description":"Descubra a BR A\u00e7o, a principal f\u00e1brica de vergalh\u00e3o em Luzi\u00e2nia, oferecendo qualidade, velocidade e solu\u00e7\u00f5es para sua obra.","robots":{"index":"index","follow":"follow","max-snippet":"max-snippet:-1","max-image-preview":"max-image-preview:large","max-video-preview":"max-video-preview:-1"},"canonical":"https:\/\/grupobraco.com.br\/conteudo\/br-aco-a-fabrica-de-vergalhao-em-luziania-que-revoluciona-a-construcao-civil-2\/","og_locale":"pt_BR","og_type":"article","og_title":"F\u00e1brica de Vergalh\u00e3o em Luzi\u00e2nia - Qualidade e Agilidade da BR A\u00e7o","og_description":"Descubra a BR A\u00e7o, a principal f\u00e1brica de vergalh\u00e3o em Luzi\u00e2nia, oferecendo qualidade, velocidade e solu\u00e7\u00f5es para sua obra.","og_url":"https:\/\/grupobraco.com.br\/conteudo\/br-aco-a-fabrica-de-vergalhao-em-luziania-que-revoluciona-a-construcao-civil-2\/","og_site_name":"Br A\u00e7o","twitter_card":"summary_large_image","twitter_misc":{"Est. tempo de leitura":"1 minuto"},"schema":{"@context":"https:\/\/schema.org","@graph":[{"@type":"WebPage","@id":"https:\/\/grupobraco.com.br\/conteudo\/br-aco-a-fabrica-de-vergalhao-em-luziania-que-revoluciona-a-construcao-civil-2\/","url":"https:\/\/grupobraco.com.br\/conteudo\/br-aco-a-fabrica-de-vergalhao-em-luziania-que-revoluciona-a-construcao-civil-2\/","name":"F\u00e1brica de Vergalh\u00e3o em Luzi\u00e2nia - Qualidade e Agilidade da BR A\u00e7o","isPartOf":{"@id":"https:\/\/grupobraco.com.br\/conteudo\/#website"},"datePublished":"2025-03-31T09:00:57+00:00","dateModified":"2025-03-31T09:00:57+00:00","description":"Descubra a BR A\u00e7o, a principal f\u00e1brica de vergalh\u00e3o em Luzi\u00e2nia, oferecendo qualidade, velocidade e solu\u00e7\u00f5es para sua obra.","breadcrumb":{"@id":"https:\/\/grupobraco.com.br\/conteudo\/br-aco-a-fabrica-de-vergalhao-em-luziania-que-revoluciona-a-construcao-civil-2\/#breadcrumb"},"inLanguage":"pt-BR","potentialAction":[{"@type":"ReadAction","target":["https:\/\/grupobraco.com.br\/conteudo\/br-aco-a-fabrica-de-vergalhao-em-luziania-que-revoluciona-a-construcao-civil-2\/"]}]},{"@type":"BreadcrumbList","@id":"https:\/\/grupobraco.com.br\/conteudo\/br-aco-a-fabrica-de-vergalhao-em-luziania-que-revoluciona-a-construcao-civil-2\/#breadcrumb","itemListElement":[{"@type":"ListItem","position":1,"name":"Home","item":"https:\/\/grupobraco.com.br\/conteudo\/"},{"@type":"ListItem","position":2,"name":"BR A\u00e7o: A F\u00e1brica de Vergalh\u00e3o em Luzi\u00e2nia que Revoluciona a Constru\u00e7\u00e3o Civil"}]},{"@type":"WebSite","@id":"https:\/\/grupobraco.com.br\/conteudo\/#website","url":"https:\/\/grupobraco.com.br\/conteudo\/","name":"Br A\u00e7o","description":"Seus projetos na velocidade m\u00e1xima","publisher":{"@id":"https:\/\/grupobraco.com.br\/conteudo\/#organization"},"potentialAction":[{"@type":"SearchAction","target":{"@type":"EntryPoint","urlTemplate":"https:\/\/grupobraco.com.br\/conteudo\/?s={search_term_string}"},"query-input":{"@type":"PropertyValueSpecification","valueRequired":true,"valueName":"search_term_string"}}],"inLanguage":"pt-BR"},{"@type":"Organization","@id":"https:\/\/grupobraco.com.br\/conteudo\/#organization","name":"Br A\u00e7o","url":"https:\/\/grupobraco.com.br\/conteudo\/","logo":{"@type":"ImageObject","inLanguage":"pt-BR","@id":"https:\/\/grupobraco.com.br\/conteudo\/#\/schema\/logo\/image\/","url":"https:\/\/grupobraco.com.br\/conteudo\/wp-content\/uploads\/2025\/04\/Z340-Logotipia-Reestruturacao-do-Branding.png","contentUrl":"https:\/\/grupobraco.com.br\/conteudo\/wp-content\/uploads\/2025\/04\/Z340-Logotipia-Reestruturacao-do-Branding.png","width":1530,"height":1080,"caption":"Br A\u00e7o"},"image":{"@id":"https:\/\/grupobraco.com.br\/conteudo\/#\/schema\/logo\/image\/"}}]}},"_links":{"self":[{"href":"https:\/\/grupobraco.com.br\/conteudo\/wp-json\/wp\/v2\/pages\/1738","targetHints":{"allow":["GET"]}}],"collection":[{"href":"https:\/\/grupobraco.com.br\/conteudo\/wp-json\/wp\/v2\/pages"}],"about":[{"href":"https:\/\/grupobraco.com.br\/conteudo\/wp-json\/wp\/v2\/types\/page"}],"author":[{"embeddable":true,"href":"https:\/\/grupobraco.com.br\/conteudo\/wp-json\/wp\/v2\/users\/3"}],"replies":[{"embeddable":true,"href":"https:\/\/grupobraco.com.br\/conteudo\/wp-json\/wp\/v2\/comments?post=1738"}],"version-history":[{"count":0,"href":"https:\/\/grupobraco.com.br\/conteudo\/wp-json\/wp\/v2\/pages\/1738\/revisions"}],"wp:attachment":[{"href":"https:\/\/grupobraco.com.br\/conteudo\/wp-json\/wp\/v2\/media?parent=1738"}],"curies":[{"name":"wp","href":"https:\/\/api.w.org\/{rel}","templated":true}]}}